{"id":493,"date":"2019-03-21T09:26:34","date_gmt":"2019-03-21T09:26:34","guid":{"rendered":"https:\/\/blogsaverroes.juntadeandalucia.es\/plancentroelcastillo\/?page_id=493"},"modified":"2021-07-25T18:23:42","modified_gmt":"2021-07-25T18:23:42","slug":"relacion-centro-comunidad-convivencia-derechos-y-deberes","status":"publish","type":"page","link":"https:\/\/blogsaverroes.juntadeandalucia.es\/plancentroelcastillo\/?page_id=493","title":{"rendered":"RELACI\u00d3N CENTRO-COMUNIDAD: CONVIVENCIA, DERECHOS Y DEBERES, &#8230;"},"content":{"rendered":"<h5><span style=\"font-size: 14pt;color: #800000;font-family: verdana, geneva, sans-serif\"><strong>Este <span style=\"text-decoration: underline\">T\u00cdTULO QUINTO<\/span> incluye los siguientes cap\u00edtulos:<\/strong><\/span><\/h5>\n<ul>\n<li><span style=\"font-family: verdana, geneva, sans-serif\">Cap\u00edtulo I:&nbsp; <a href=\"https:\/\/blogsaverroes.juntadeandalucia.es\/plancentroelcastillo\/?page_id=845\">Relaci\u00f3n Centro-Comunidad.<\/a><\/span><\/li>\n<li><span style=\"font-family: verdana, geneva, sans-serif\">Cap\u00edtulo II:&nbsp; <a href=\"https:\/\/blogsaverroes.juntadeandalucia.es\/plancentroelcastillo\/?page_id=427\">La convivencia.<\/a><\/span><\/li>\n<li><span style=\"font-family: verdana, geneva, sans-serif\">Cap\u00edtulo III:&nbsp; <a href=\"https:\/\/blogsaverroes.juntadeandalucia.es\/plancentroelcastillo\/?page_id=429\">Deberes y derechos.<\/a><\/span><\/li>\n<li><span style=\"font-family: verdana, geneva, sans-serif\">Cap\u00edtulo IV:&nbsp; <a href=\"https:\/\/blogsaverroes.juntadeandalucia.es\/plancentroelcastillo\/?page_id=431\">Normativa interna de organizaci\u00f3n y funcionamiento.<\/a><\/span><\/li>\n<li><span style=\"font-family: verdana, geneva, sans-serif\">Cap\u00edtulo V:&nbsp; <a href=\"https:\/\/blogsaverroes.juntadeandalucia.es\/plancentroelcastillo\/?page_id=433\">Actos&nbsp; informativos y acad\u00e9micos organizados por el centro.<\/a><\/span><\/li>\n<\/ul>\n<p>&nbsp;<\/p>\n","protected":false},"excerpt":{"rendered":"<p>Este T\u00cdTULO QUINTO incluye los siguientes cap\u00edtulos: Cap\u00edtulo I:&nbsp; Relaci\u00f3n Centro-Comunidad. Cap\u00edtulo II:&nbsp; La convivencia. Cap\u00edtulo III:&nbsp; Deberes y derechos. Cap\u00edtulo IV:&nbsp; Normativa interna de organizaci\u00f3n y funcionamiento. Cap\u00edtulo V:&nbsp; Actos&nbsp; informativos y acad\u00e9micos&#46;&#46;&#46;<\/p>\n","protected":false},"author":3249,"featured_media":0,"parent":22,"menu_order":6,"comment_status":"closed","ping_status":"closed","template":"","meta":{"ngg_post_thumbnail":0,"footnotes":""},"aioseo_notices":[],"_links":{"self":[{"href":"https:\/\/blogsaverroes.juntadeandalucia.es\/plancentroelcastillo\/index.php?rest_route=\/wp\/v2\/pages\/493"}],"collection":[{"href":"https:\/\/blogsaverroes.juntadeandalucia.es\/plancentroelcastillo\/index.php?rest_route=\/wp\/v2\/pages"}],"about":[{"href":"https:\/\/blogsaverroes.juntadeandalucia.es\/plancentroelcastillo\/index.php?rest_route=\/wp\/v2\/types\/page"}],"author":[{"embeddable":true,"href":"https:\/\/blogsaverroes.juntadeandalucia.es\/plancentroelcastillo\/index.php?rest_route=\/wp\/v2\/users\/3249"}],"replies":[{"embeddable":true,"href":"https:\/\/blogsaverroes.juntadeandalucia.es\/plancentroelcastillo\/index.php?rest_route=%2Fwp%2Fv2%2Fcomments&post=493"}],"version-history":[{"count":8,"href":"https:\/\/blogsaverroes.juntadeandalucia.es\/plancentroelcastillo\/index.php?rest_route=\/wp\/v2\/pages\/493\/revisions"}],"predecessor-version":[{"id":878,"href":"https:\/\/blogsaverroes.juntadeandalucia.es\/plancentroelcastillo\/index.php?rest_route=\/wp\/v2\/pages\/493\/revisions\/878"}],"up":[{"embeddable":true,"href":"https:\/\/blogsaverroes.juntadeandalucia.es\/plancentroelcastillo\/index.php?rest_route=\/wp\/v2\/pages\/22"}],"wp:attachment":[{"href":"https:\/\/blogsaverroes.juntadeandalucia.es\/plancentroelcastillo\/index.php?rest_route=%2Fwp%2Fv2%2Fmedia&parent=493"}],"curies":[{"name":"wp","href":"https:\/\/api.w.org\/{rel}","templated":true}]}}