{"id":514,"date":"2019-03-21T09:55:31","date_gmt":"2019-03-21T09:55:31","guid":{"rendered":"https:\/\/blogsaverroes.juntadeandalucia.es\/plancentroelcastillo\/?page_id=514"},"modified":"2021-07-29T12:15:42","modified_gmt":"2021-07-29T12:15:42","slug":"actuacion-tutorial","status":"publish","type":"page","link":"https:\/\/blogsaverroes.juntadeandalucia.es\/plancentroelcastillo\/?page_id=514","title":{"rendered":"ACTUACI\u00d3N TUTORIAL"},"content":{"rendered":"<p style=\"text-align: justify\"><span style=\"color: #0000ff;font-family: verdana, geneva, sans-serif\"><strong><span style=\"text-decoration: underline\">ART\u00cdCULO 99<\/span>. Funci\u00f3n mediadora<\/strong><\/span><\/p>\n<p style=\"text-align: justify\"><span style=\"font-family: verdana, geneva, sans-serif\"><strong><span style=\"color: #ff0000\">1.-<\/span><\/strong>El tutor\/a llevar\u00e1 a cabo una acci\u00f3n mediadora entre las partes con el \u00e1nimo de que exista el mayor acuerdo posible y que \u00e9ste redunde favorablemente en el menor. Esta acci\u00f3n mediadora se refiere \u00fanicamente a cuestiones educativas que puedan incidir en el aula y otras que sobrevengan o est\u00e9n relacionadas con el desarrollo de determinadas actividades complementarias.<\/span><\/p>\n<p style=\"text-align: justify\"><span style=\"font-family: verdana, geneva, sans-serif\"><strong><span style=\"color: #ff0000\">2.-<\/span><\/strong>En el desarrollo de esa funci\u00f3n mediadora, ser\u00e1 el tutor\/a quien se responsabilice de hablar con las partes y llegar, as\u00ed como firmar, los acuerdos oportunos.<\/span><\/p>\n<p style=\"text-align: justify\"><span style=\"font-family: verdana, geneva, sans-serif\"><span style=\"color: #ff0000\"><strong>3.-<\/strong><\/span>Todo acuerdo entre las partes debe ser ratificado por escrito con la firma de los progenitores, informando a la direcci\u00f3n del centro tanto antes como despu\u00e9s de los acuerdos previstos o ratificados;&nbsp; \u00e9ste podr\u00e1 facilitar los registros oficiales de los que disponga el centro.<\/span><\/p>\n<p style=\"text-align: justify\">&nbsp;<\/p>\n<p style=\"text-align: justify\"><span style=\"font-family: verdana, geneva, sans-serif\"><strong><span style=\"color: #0000ff\"><span style=\"text-decoration: underline\">ART\u00cdCUL 100<\/span>.&nbsp; Seguimiento e informaci\u00f3n al equipo directivo<br \/>\n<\/span><\/strong><\/span><\/p>\n<p style=\"text-align: justify\"><span style=\"font-family: verdana, geneva, sans-serif\"><span style=\"color: #ff0000\"><strong>1.-<\/strong><\/span>Se hace necesario un seguimiento espec\u00edfico por parte del responsable tutorial de estos casos de progenitores separados\/divorciados con el objeto de no inculcar ninguno de los derechos que le puedan&nbsp; corresponder. El seguimiento conlleva intercambio de informaci\u00f3n tutor-direcci\u00f3n.<\/span><\/p>\n<p style=\"text-align: justify\"><span style=\"font-family: verdana, geneva, sans-serif\"><span style=\"color: #ff0000\"><strong>2.-<\/strong><\/span>El equipo directivo y en concreto, la direcci\u00f3n del centro, deben ser conocedores de todas las peticiones de documentaci\u00f3n o informaci\u00f3n realizadas por los tutores legales que no tienen la guarda y custodia a los tutores de cada una de las clases, en esta tarea es imprescindible la colaboraci\u00f3n del responsable del aula.<\/span><\/p>\n<p style=\"text-align: justify\">&nbsp;<\/p>\n<p style=\"text-align: justify\"><span style=\"font-family: verdana, geneva, sans-serif\"><strong><span style=\"color: #0000ff\"><span style=\"text-decoration: underline\">ART\u00cdCULO 101.<\/span>&nbsp; Informaci\u00f3n sobre actividades\/documentaci\u00f3n a aportar a progenitores<\/span><\/strong><\/span><\/p>\n<p style=\"text-align: justify\"><span style=\"font-family: verdana, geneva, sans-serif\"><strong><span style=\"color: #ff0000\"> 1.-<\/span><\/strong>Los tutores legales del alumnado que no tenga la guarda y custodia o que estando separados, la tengan compartida, recibir\u00e1n informaci\u00f3n general sobre el Plan de Centro, propuestas pedag\u00f3gicas, actividades complementarias, \u2026, a trav\u00e9s de la web del centro y de la plataforma Pasen.<\/span><\/p>\n<p style=\"text-align: justify\"><span style=\"font-family: verdana, geneva, sans-serif\"><span style=\"color: #ff0000\"><b> 2.-<\/b><\/span>Todas las informaciones que, estando relacionadas con actividades muy concretas como es el caso de la organizaci\u00f3n de actos de fin de ciclo o curso y salidas escolares fuera de la localidad, conviene trasladarlas desde la tutor\u00eda a trav\u00e9s de la aplicaci\u00f3n Pasen de modo que llegue a todos los tutores legales.<\/span><\/p>\n<p style=\"text-align: justify\"><span style=\"font-family: verdana, geneva, sans-serif\"><span style=\"color: #ff0000\"><b> 3.-<\/b><\/span>Para el caso de informaciones que conlleven autorizaci\u00f3n de salida del centro, \u00e9sta \u00faltima solo debe trasladarse a aquellos tutores legales que tengan la guardia y custodia en el d\u00eda y fecha de realizaci\u00f3n de la actividad.<\/span><\/p>\n<p style=\"text-align: justify\">&nbsp;<\/p>\n<p>&nbsp;<\/p>\n<p>&nbsp;<\/p>\n","protected":false},"excerpt":{"rendered":"<p>ART\u00cdCULO 99. Funci\u00f3n mediadora 1.-El tutor\/a llevar\u00e1 a cabo una acci\u00f3n mediadora entre las partes con el \u00e1nimo de que exista el mayor acuerdo posible y que \u00e9ste redunde favorablemente en el menor. Esta&#46;&#46;&#46;<\/p>\n","protected":false},"author":3249,"featured_media":0,"parent":504,"menu_order":3,"comment_status":"closed","ping_status":"closed","template":"","meta":{"ngg_post_thumbnail":0,"footnotes":""},"aioseo_notices":[],"_links":{"self":[{"href":"https:\/\/blogsaverroes.juntadeandalucia.es\/plancentroelcastillo\/index.php?rest_route=\/wp\/v2\/pages\/514"}],"collection":[{"href":"https:\/\/blogsaverroes.juntadeandalucia.es\/plancentroelcastillo\/index.php?rest_route=\/wp\/v2\/pages"}],"about":[{"href":"https:\/\/blogsaverroes.juntadeandalucia.es\/plancentroelcastillo\/index.php?rest_route=\/wp\/v2\/types\/page"}],"author":[{"embeddable":true,"href":"https:\/\/blogsaverroes.juntadeandalucia.es\/plancentroelcastillo\/index.php?rest_route=\/wp\/v2\/users\/3249"}],"replies":[{"embeddable":true,"href":"https:\/\/blogsaverroes.juntadeandalucia.es\/plancentroelcastillo\/index.php?rest_route=%2Fwp%2Fv2%2Fcomments&post=514"}],"version-history":[{"count":5,"href":"https:\/\/blogsaverroes.juntadeandalucia.es\/plancentroelcastillo\/index.php?rest_route=\/wp\/v2\/pages\/514\/revisions"}],"predecessor-version":[{"id":897,"href":"https:\/\/blogsaverroes.juntadeandalucia.es\/plancentroelcastillo\/index.php?rest_route=\/wp\/v2\/pages\/514\/revisions\/897"}],"up":[{"embeddable":true,"href":"https:\/\/blogsaverroes.juntadeandalucia.es\/plancentroelcastillo\/index.php?rest_route=\/wp\/v2\/pages\/504"}],"wp:attachment":[{"href":"https:\/\/blogsaverroes.juntadeandalucia.es\/plancentroelcastillo\/index.php?rest_route=%2Fwp%2Fv2%2Fmedia&parent=514"}],"curies":[{"name":"wp","href":"https:\/\/api.w.org\/{rel}","templated":true}]}}

ACTUACIÓN TUTORIAL

<p style="text-align: justify"><span style="color: #0000ff;font-family: verdana, geneva, sans-serif"><strong><span style="text-decoration: underline">ARTÍCULO 99</span>. Función mediadora</strong></span></p>
<p style="text-align: justify"><span style="font-family: verdana, geneva, sans-serif"><strong><span style="color: #ff0000">1.-</span></strong>El tutor/a llevará a cabo una acción mediadora entre las partes con el ánimo de que exista el mayor acuerdo posible y que éste redunde favorablemente en el menor. Esta acción mediadora se refiere únicamente a cuestiones educativas que puedan incidir en el aula y otras que sobrevengan o estén relacionadas con el desarrollo de determinadas actividades complementarias.</span></p>
<p style="text-align: justify"><span style="font-family: verdana, geneva, sans-serif"><strong><span style="color: #ff0000">2.-</span></strong>En el desarrollo de esa función mediadora, será el tutor/a quien se responsabilice de hablar con las partes y llegar, así como firmar, los acuerdos oportunos.</span></p>
<p style="text-align: justify"><span style="font-family: verdana, geneva, sans-serif"><span style="color: #ff0000"><strong>3.-</strong></span>Todo acuerdo entre las partes debe ser ratificado por escrito con la firma de los progenitores, informando a la dirección del centro tanto antes como después de los acuerdos previstos o ratificados;&nbsp; éste podrá facilitar los registros oficiales de los que disponga el centro.</span></p>
<p style="text-align: justify">&nbsp;</p>
<p style="text-align: justify"><span style="font-family: verdana, geneva, sans-serif"><strong><span style="color: #0000ff"><span style="text-decoration: underline">ARTÍCUL 100</span>.&nbsp; Seguimiento e información al equipo directivo<br />
</span></strong></span></p>
<p style="text-align: justify"><span style="font-family: verdana, geneva, sans-serif"><span style="color: #ff0000"><strong>1.-</strong></span>Se hace necesario un seguimiento específico por parte del responsable tutorial de estos casos de progenitores separados/divorciados con el objeto de no inculcar ninguno de los derechos que le puedan&nbsp; corresponder. El seguimiento conlleva intercambio de información tutor-dirección.</span></p>
<p style="text-align: justify"><span style="font-family: verdana, geneva, sans-serif"><span style="color: #ff0000"><strong>2.-</strong></span>El equipo directivo y en concreto, la dirección del centro, deben ser conocedores de todas las peticiones de documentación o información realizadas por los tutores legales que no tienen la guarda y custodia a los tutores de cada una de las clases, en esta tarea es imprescindible la colaboración del responsable del aula.</span></p>
<p style="text-align: justify">&nbsp;</p>
<p style="text-align: justify"><span style="font-family: verdana, geneva, sans-serif"><strong><span style="color: #0000ff"><span style="text-decoration: underline">ARTÍCULO 101.</span>&nbsp; Información sobre actividades/documentación a aportar a progenitores</span></strong></span></p>
<p style="text-align: justify"><span style="font-family: verdana, geneva, sans-serif"><strong><span style="color: #ff0000"> 1.-</span></strong>Los tutores legales del alumnado que no tenga la guarda y custodia o que estando separados, la tengan compartida, recibirán información general sobre el Plan de Centro, propuestas pedagógicas, actividades complementarias, …, a través de la web del centro y de la plataforma Pasen.</span></p>
<p style="text-align: justify"><span style="font-family: verdana, geneva, sans-serif"><span style="color: #ff0000"><b> 2.-</b></span>Todas las informaciones que, estando relacionadas con actividades muy concretas como es el caso de la organización de actos de fin de ciclo o curso y salidas escolares fuera de la localidad, conviene trasladarlas desde la tutoría a través de la aplicación Pasen de modo que llegue a todos los tutores legales.</span></p>
<p style="text-align: justify"><span style="font-family: verdana, geneva, sans-serif"><span style="color: #ff0000"><b> 3.-</b></span>Para el caso de informaciones que conlleven autorización de salida del centro, ésta última solo debe trasladarse a aquellos tutores legales que tengan la guardia y custodia en el día y fecha de realización de la actividad.</span></p>
<p style="text-align: justify">&nbsp;</p>
<p>&nbsp;</p>
<p>&nbsp;</p>

<p>ARTÍCULO 99. Función mediadora 1.-El tutor/a llevará a cabo una acción mediadora entre las partes con el ánimo de que exista el mayor acuerdo posible y que éste redunde favorablemente en el menor. Esta&#46;&#46;&#46;</p>
