{"id":516,"date":"2019-03-21T09:56:46","date_gmt":"2019-03-21T09:56:46","guid":{"rendered":"https:\/\/blogsaverroes.juntadeandalucia.es\/plancentroelcastillo\/?page_id=516"},"modified":"2019-03-26T10:21:37","modified_gmt":"2019-03-26T10:21:37","slug":"instalaciones-y-recursos-materiales-del-centro","status":"publish","type":"page","link":"https:\/\/blogsaverroes.juntadeandalucia.es\/plancentroelcastillo\/?page_id=516","title":{"rendered":"INSTALACIONES Y RECURSOS MATERIALES DEL CENTRO"},"content":{"rendered":"<p><strong>Este <span style=\"text-decoration: underline\">T\u00cdTULO S\u00c9PTIMO<\/span> incluye los siguientes cap\u00edtulos:<\/strong><\/p>\n<ul>\n<li>Cap\u00edtulo I:&nbsp; <a href=\"https:\/\/blogsaverroes.juntadeandalucia.es\/plancentroelcastillo\/?page_id=435\">Dependencias.<\/a><\/li>\n<li>Cap\u00edtulo II: <a href=\"https:\/\/blogsaverroes.juntadeandalucia.es\/plancentroelcastillo\/?page_id=437\">Recursos materiales.<\/a><\/li>\n<\/ul>\n","protected":false},"excerpt":{"rendered":"<p>Este T\u00cdTULO S\u00c9PTIMO incluye los siguientes cap\u00edtulos: Cap\u00edtulo I:&nbsp; Dependencias. Cap\u00edtulo II: Recursos materiales.<\/p>\n","protected":false},"author":3249,"featured_media":0,"parent":22,"menu_order":8,"comment_status":"closed","ping_status":"closed","template":"","meta":{"ngg_post_thumbnail":0,"footnotes":""},"aioseo_notices":[],"_links":{"self":[{"href":"https:\/\/blogsaverroes.juntadeandalucia.es\/plancentroelcastillo\/index.php?rest_route=\/wp\/v2\/pages\/516"}],"collection":[{"href":"https:\/\/blogsaverroes.juntadeandalucia.es\/plancentroelcastillo\/index.php?rest_route=\/wp\/v2\/pages"}],"about":[{"href":"https:\/\/blogsaverroes.juntadeandalucia.es\/plancentroelcastillo\/index.php?rest_route=\/wp\/v2\/types\/page"}],"author":[{"embeddable":true,"href":"https:\/\/blogsaverroes.juntadeandalucia.es\/plancentroelcastillo\/index.php?rest_route=\/wp\/v2\/users\/3249"}],"replies":[{"embeddable":true,"href":"https:\/\/blogsaverroes.juntadeandalucia.es\/plancentroelcastillo\/index.php?rest_route=%2Fwp%2Fv2%2Fcomments&post=516"}],"version-history":[{"count":5,"href":"https:\/\/blogsaverroes.juntadeandalucia.es\/plancentroelcastillo\/index.php?rest_route=\/wp\/v2\/pages\/516\/revisions"}],"predecessor-version":[{"id":604,"href":"https:\/\/blogsaverroes.juntadeandalucia.es\/plancentroelcastillo\/index.php?rest_route=\/wp\/v2\/pages\/516\/revisions\/604"}],"up":[{"embeddable":true,"href":"https:\/\/blogsaverroes.juntadeandalucia.es\/plancentroelcastillo\/index.php?rest_route=\/wp\/v2\/pages\/22"}],"wp:attachment":[{"href":"https:\/\/blogsaverroes.juntadeandalucia.es\/plancentroelcastillo\/index.php?rest_route=%2Fwp%2Fv2%2Fmedia&parent=516"}],"curies":[{"name":"wp","href":"https:\/\/api.w.org\/{rel}","templated":true}]}}