{"id":577,"date":"2019-03-25T16:44:22","date_gmt":"2019-03-25T16:44:22","guid":{"rendered":"https:\/\/blogsaverroes.juntadeandalucia.es\/plancentroelcastillo\/?page_id=577"},"modified":"2021-07-29T16:18:33","modified_gmt":"2021-07-29T16:18:33","slug":"actuaciones-relativas-al-plan","status":"publish","type":"page","link":"https:\/\/blogsaverroes.juntadeandalucia.es\/plancentroelcastillo\/?page_id=577","title":{"rendered":"ACTUACIONES RELATIVAS AL PLAN"},"content":{"rendered":"<p style=\"text-align: justify\"><span style=\"color: #0000ff;font-family: verdana, geneva, sans-serif\"><strong><span style=\"text-decoration: underline\">ART\u00cdCULO 120.<\/span> &nbsp;Definici\u00f3n y objetivos.<\/strong><\/span><\/p>\n<p style=\"text-align: justify\"><span style=\"font-family: verdana, geneva, sans-serif\"><span style=\"color: #ff0000\"><strong>1.-<\/strong><\/span>El Plan de Autoprotecci\u00f3n del Centro es el sistema de acciones y medidas encaminadas a prevenir y controlar los riesgos sobre las personas y los bienes, a dar respuestas adecuadas a las posibles situaciones de emergencia y a garantizar la integraci\u00f3n de estas actuaciones en el sistema p\u00fablico de protecci\u00f3n civil. Por tanto, debe ser entendido como el conjunto de actuaciones y medidas organizativas que el centro dise\u00f1a, y pone en pr\u00e1ctica, para planificar las actuaciones de seguridad tendentes a neutralizar o minimizar accidentes y sus posibles consecuencias, hasta la llegada de las ayudas externas. A tales efectos, sirve para prevenir riesgos, organizando las actuaciones m\u00e1s adecuadas con los medios humanos y materiales propios disponibles en el centro, garantizando la intervenci\u00f3n inmediata y la coordinaci\u00f3n de todo el personal: profesorado, alumnado y personal no docente, as\u00ed como la colaboraci\u00f3n con los Servicios Locales de Protecci\u00f3n Civil y otros servicios de emergencia.<\/span><\/p>\n<p style=\"text-align: justify\"><span style=\"font-family: verdana, geneva, sans-serif\"><span style=\"color: #ff0000\"><strong>2.-<\/strong><\/span>Los objetivos que se persiguen con el Plan de Autoprotecci\u00f3n son los siguientes:<\/span><\/p>\n<p style=\"padding-left: 60px;text-align: justify\"><span style=\"font-size: 12pt;font-family: verdana, geneva, sans-serif\">-Proteger a las personas y los usuarios del centro, as\u00ed como los bienes, estableciendo una estructura y unos procedimientos que aseguren las respuestas m\u00e1s adecuadas ante las posibles emergencias.<\/span><\/p>\n<p style=\"padding-left: 60px;text-align: justify\"><span style=\"font-size: 12pt;font-family: verdana, geneva, sans-serif\">-Facilitar, a la estructura organizativa del centro, los instrumentos y recursos en relaci\u00f3n con la seguridad y control de las posibles situaciones de emergencia.<\/span><\/p>\n<p style=\"padding-left: 60px;text-align: justify\"><span style=\"font-size: 12pt;font-family: verdana, geneva, sans-serif\">-Concienciar y sensibilizar a la comunidad educativa sobre la importancia de establecer protocolos de actuaci\u00f3n y h\u00e1bitos de entrenamiento para solventar situaciones de emergencia de diversa \u00edndole.<\/span><\/p>\n<p style=\"padding-left: 60px;text-align: justify\"><span style=\"font-size: 12pt;font-family: verdana, geneva, sans-serif\">-Conocer el centro y su entorno (edificio e instalaciones), los focos de peligro reales, los medios disponibles y las normas de actuaci\u00f3n en el caso de que ocurra un siniestro, estudiar las v\u00edas de evacuaci\u00f3n y las formas de confinamiento, y adoptar las medidas preventivas necesarias.<\/span><\/p>\n<p style=\"padding-left: 60px;text-align: justify\"><span style=\"font-size: 12pt;font-family: verdana, geneva, sans-serif\">-Garantizar la fiabilidad de todos los medios de protecci\u00f3n y disponer de un equipo de personas informadas, organizadas, formadas y adiestradas que garanticen rapidez y eficacia en las acciones a emprender ante las emergencias.<\/span><\/p>\n<p style=\"text-align: justify\">&nbsp;<\/p>\n<p style=\"text-align: justify\"><span style=\"color: #0000ff;font-family: verdana, geneva, sans-serif\"><strong><span style=\"text-decoration: underline\">ART\u00cdCULO 121<\/span>. Contenidos del plan<\/strong><\/span><\/p>\n<p style=\"text-align: justify\"><span style=\"font-family: verdana, geneva, sans-serif\"><strong><span style=\"color: #ff0000\">1.-<\/span><\/strong>El contenido completo del Plan de Autoprotecci\u00f3n de nuestro centro debe ser un anexo a este reglamento.<\/span><\/p>\n<p style=\"text-align: justify\">&nbsp;<\/p>\n<p style=\"text-align: justify\"><span style=\"font-family: verdana, geneva, sans-serif\"><strong><span style=\"color: #0000ff\"><span style=\"text-decoration: underline\">ART\u00cdCULO 122<\/span>. Elaboraci\u00f3n y aprobaci\u00f3n.<\/span><\/strong><\/span><\/p>\n<p style=\"text-align: justify\"><span style=\"font-family: verdana, geneva, sans-serif\"><span style=\"color: #ff0000\"><strong>1.-<\/strong><\/span>Corresponde al director o directora coordinar la elaboraci\u00f3n del Plan de Autoprotecci\u00f3n, con la participaci\u00f3n del coordinador o coordinadora de centro del I Plan Andaluz de Salud Laboral y Prevenci\u00f3n de Riesgos Laborales.<\/span><\/p>\n<p style=\"text-align: justify\"><span style=\"font-family: verdana, geneva, sans-serif\"><span style=\"color: #ff0000\"><strong>2.-<\/strong><\/span>El coordinador o coordinadora de centro del I Plan Andaluz de Salud Laboral y Prevenci\u00f3n de Riesgos Laborales es quien deber\u00e1 cumplimentar, con el visto bueno de la direcci\u00f3n, la documentaci\u00f3n requerida del Plan, as\u00ed como un Informe del mantenimiento preventivo de las instalaciones, donde quede reflejado las medidas de seguridad y las inspecciones realizadas.<\/span><\/p>\n<p style=\"text-align: justify\"><span style=\"font-family: verdana, geneva, sans-serif\"><span style=\"color: #ff0000\"><strong>3.-<\/strong><\/span>El Consejo Escolar es el \u00f3rgano competente para la aprobaci\u00f3n definitiva del Plan de Autoprotecci\u00f3n y deber\u00e1 aprobarlo por mayor\u00eda absoluta.<\/span><\/p>\n<p style=\"text-align: justify\">&nbsp;<\/p>\n<p style=\"text-align: justify\"><span style=\"font-family: verdana, geneva, sans-serif\"><strong><span style=\"color: #0000ff\"><span style=\"text-decoration: underline\">ART\u00cdCULO 123<\/span>. Aplicaci\u00f3n<\/span><\/strong><\/span><\/p>\n<p style=\"text-align: justify\"><span style=\"font-family: verdana, geneva, sans-serif\"><span style=\"color: #ff0000\"><strong>1.-<\/strong><\/span>Corresponde a la direcci\u00f3n del centro la responsabilidad y las obligaciones, en materia de autoprotecci\u00f3n,en coordinaci\u00f3n con la persona responsable del programa en el centro.<\/span><\/p>\n<p style=\"text-align: justify\">&nbsp;<\/p>\n<p style=\"text-align: justify\"><span style=\"font-family: verdana, geneva, sans-serif\"><strong><span style=\"color: #0000ff\"><span style=\"text-decoration: underline\">ART\u00cdCULO 124.<\/span> Registro, notificaci\u00f3n e informaci\u00f3n<i>.<\/i><\/span><\/strong><\/span><\/p>\n<p style=\"text-align: justify\"><span style=\"font-family: verdana, geneva, sans-serif\"><span style=\"color: #ff0000\"><strong>1.-<\/strong><\/span>La persona titular de la direcci\u00f3n del centro ser\u00e1 responsable de la veracidad de los datos grabados del Plan de Autoprotecci\u00f3n, dichos datos deber\u00e1n ser revisados durante el primer trimestre de cada curso escolar, y renovados s\u00f3lo si se hubiese producido alguna modificaci\u00f3n significativa aprobada por el Consejo Escolar.<\/span><\/p>\n<p style=\"text-align: justify\"><span style=\"font-family: verdana, geneva, sans-serif\"><span style=\"color: #ff0000\"><strong>2.-<\/strong><\/span>Se deber\u00e1 depositar una copia del citado Plan de Autoprotecci\u00f3n a la entrada del edificio, en lugar visible y accesible, debidamente protegida, asimismo, deber\u00e1n notificarlo enviando una copia del Plan de Autoprotecci\u00f3n al Servicio competente en materia de Protecci\u00f3n Civil y Emergencias, del Ayuntamiento correspondiente,<\/span><\/p>\n<p style=\"text-align: justify\"><span style=\"font-family: verdana, geneva, sans-serif\"><span style=\"color: #ff0000\"><strong>3.-<\/strong><\/span>La direcci\u00f3n informar\u00e1 convenientemente a la comunidad educativa sobre la existencia y peculiaridades del Plan y a los implicados de manera especial a trav\u00e9s de sesiones informativas y dossier.<\/span><\/p>\n<p style=\"text-align: justify\">&nbsp;<\/p>\n<p style=\"text-align: justify\"><span style=\"font-family: verdana, geneva, sans-serif\"><strong><span style=\"color: #0000ff\"><span style=\"text-decoration: underline\">ART\u00cdCULO 125.<\/span> Simulacros<\/span><\/strong><\/span><\/p>\n<p style=\"text-align: justify\"><span style=\"font-family: verdana, geneva, sans-serif\"><span style=\"color: #ff0000\"><strong>1.-<\/strong><\/span>Al menos una vez, en cada curso escolar, deber\u00e1 realizarse un simulacro de evacuaci\u00f3n, o de confinamiento.<\/span><\/p>\n<p style=\"text-align: justify\"><span style=\"font-family: verdana, geneva, sans-serif\"><span style=\"color: #ff0000\"><strong>2.-<\/strong><\/span>La participaci\u00f3n en los simulacros es obligatoria para todo el personal que est\u00e9 presente en el Centro en el momento de su realizaci\u00f3n.<\/span><\/p>\n<p style=\"text-align: justify\"><span style=\"font-family: verdana, geneva, sans-serif\"><span style=\"color: #ff0000\"><strong>3.-<\/strong><\/span>Los simulacros de evacuaci\u00f3n, o de confinamiento, no deben hacerse simulando situaciones reales de emergencia que impliquen el uso de elementos peligrosos.<\/span><\/p>\n<p style=\"text-align: justify\"><span style=\"font-family: verdana, geneva, sans-serif\"><span style=\"color: #ff0000\"><strong>4.-<\/strong><\/span>A la finalizaci\u00f3n del simulacro se elaborar\u00e1 un informe donde se recojan las incidencias del mismo.<\/span><\/p>\n<p style=\"text-align: justify\"><span style=\"font-family: verdana, geneva, sans-serif\"><span style=\"color: #ff0000\"><strong>5.-<\/strong><\/span>Se revisar\u00e1n peri\u00f3dicamente los medios disponibles para intervenir en caso de emergencia (extintores, alarmas, BIEs, l\u00e1mparas de emergencia, sistemas autom\u00e1ticos de detecci\u00f3n, aviso y extinci\u00f3n de incendios, etc.).<\/span><\/p>\n<p style=\"text-align: justify\"><span style=\"font-family: verdana, geneva, sans-serif\"><strong><span style=\"color: #ff0000\">6.-<\/span><\/strong>Cuando se detecten deficiencias o carencias graves en las infraestructuras, instalaciones o equipamientos escolares que comporten riesgos significativos para la seguridad del centro, o dificulten o impidan la correcta evacuaci\u00f3n del mismo, la direcci\u00f3n del centro lo comunicar\u00e1 a la Delegaci\u00f3n Provincial de la Consejer\u00eda en materia de Educaci\u00f3n.<\/span><\/p>\n<p style=\"text-align: justify\">&nbsp;<\/p>\n<p style=\"text-align: justify\"><span style=\"font-family: verdana, geneva, sans-serif\"><strong><span style=\"color: #0000ff\"><span style=\"text-decoration: underline\">ART\u00cdCULO 126.<\/span> Coordinaci\u00f3n del Plan.<\/span><\/strong><\/span><\/p>\n<p style=\"text-align: justify\"><span style=\"font-family: verdana, geneva, sans-serif\"><span style=\"color: #ff0000\"><strong>1.-<\/strong><\/span>La direcci\u00f3n designar\u00e1 a un profesor o profesora, preferentemente, con destino definitivo, como coordinador o coordinadora de centro del I Plan Andaluz de Salud Laboral y Prevenci\u00f3n de Riesgos Laborales del personal docente.<\/span><\/p>\n<p style=\"text-align: justify\"><span style=\"font-family: verdana, geneva, sans-serif\"><strong><span style=\"color: #ff0000\">2.-<\/span><\/strong>El coordinador o coordinadora de centro designado deber\u00e1 mantener la necesaria colaboraci\u00f3n con los recursos preventivos establecidos por la Consejer\u00eda competente en materia de Educaci\u00f3n y, en este sentido, ser\u00e1n los encargados de las medidas de emergencia y autoprotecci\u00f3n,.<\/span><\/p>\n<p style=\"text-align: justify\">&nbsp;<\/p>\n<p style=\"text-align: justify\"><span style=\"font-family: verdana, geneva, sans-serif\"><strong><span style=\"color: #0000ff\"><span style=\"text-decoration: underline\">ART\u00cdCULO 127.<\/span> Seguimiento y control de accidentes e incidentes.<\/span><\/strong><\/span><\/p>\n<p style=\"text-align: justify\"><span style=\"font-family: verdana, geneva, sans-serif\"><span style=\"color: #ff0000\"><strong>1.-<\/strong><\/span>En el caso de que ocurriese alg\u00fan accidente que afecte al alumnado, o al personal del centro, se proceder\u00e1 a comunicarlo a la Delegaci\u00f3n Provincial con competencias en materia de Educaci\u00f3n, en el plazo de 24 horas, si la valoraci\u00f3n m\u00e9dica realizada por un facultativo es considerada como grave y, en un plazo m\u00e1ximo de cinco d\u00edas, cuando no fuese grave. A tal efecto se cumplimentar\u00e1, por parte de la direcci\u00f3n del centro, los correspondientes modelos que figuran en el Anexo II de la Orden de 16 de abril de 2008. Asimismo, deber\u00e1 incluirlo en la aplicaci\u00f3n inform\u00e1tica S\u00e9neca, y notificarlo a la Autoridad Laboral, a trav\u00e9s del env\u00edo de dicho Anexo a la Delegaci\u00f3n Provincial competente en materia de Empleo, conforme a los modelos que se adjuntan como Anexo II. b, y c, de la citada Orden.<\/span><\/p>\n<p>&nbsp;<\/p>\n<p>&nbsp;<\/p>\n","protected":false},"excerpt":{"rendered":"<p>ART\u00cdCULO 120. &nbsp;Definici\u00f3n y objetivos. 1.-El Plan de Autoprotecci\u00f3n del Centro es el sistema de acciones y medidas encaminadas a prevenir y controlar los riesgos sobre las personas y los bienes, a dar respuestas&#46;&#46;&#46;<\/p>\n","protected":false},"author":3249,"featured_media":0,"parent":445,"menu_order":1,"comment_status":"closed","ping_status":"closed","template":"","meta":{"ngg_post_thumbnail":0,"footnotes":""},"aioseo_notices":[],"_links":{"self":[{"href":"https:\/\/blogsaverroes.juntadeandalucia.es\/plancentroelcastillo\/index.php?rest_route=\/wp\/v2\/pages\/577"}],"collection":[{"href":"https:\/\/blogsaverroes.juntadeandalucia.es\/plancentroelcastillo\/index.php?rest_route=\/wp\/v2\/pages"}],"about":[{"href":"https:\/\/blogsaverroes.juntadeandalucia.es\/plancentroelcastillo\/index.php?rest_route=\/wp\/v2\/types\/page"}],"author":[{"embeddable":true,"href":"https:\/\/blogsaverroes.juntadeandalucia.es\/plancentroelcastillo\/index.php?rest_route=\/wp\/v2\/users\/3249"}],"replies":[{"embeddable":true,"href":"https:\/\/blogsaverroes.juntadeandalucia.es\/plancentroelcastillo\/index.php?rest_route=%2Fwp%2Fv2%2Fcomments&post=577"}],"version-history":[{"count":8,"href":"https:\/\/blogsaverroes.juntadeandalucia.es\/plancentroelcastillo\/index.php?rest_route=\/wp\/v2\/pages\/577\/revisions"}],"predecessor-version":[{"id":905,"href":"https:\/\/blogsaverroes.juntadeandalucia.es\/plancentroelcastillo\/index.php?rest_route=\/wp\/v2\/pages\/577\/revisions\/905"}],"up":[{"embeddable":true,"href":"https:\/\/blogsaverroes.juntadeandalucia.es\/plancentroelcastillo\/index.php?rest_route=\/wp\/v2\/pages\/445"}],"wp:attachment":[{"href":"https:\/\/blogsaverroes.juntadeandalucia.es\/plancentroelcastillo\/index.php?rest_route=%2Fwp%2Fv2%2Fmedia&parent=577"}],"curies":[{"name":"wp","href":"https:\/\/api.w.org\/{rel}","templated":true}]}}

<p style="text-align: justify"><span style="color: #0000ff;font-family: verdana, geneva, sans-serif"><strong><span style="text-decoration: underline">ARTÍCULO 120.</span> &nbsp;Definición y objetivos.</strong></span></p>
<p style="text-align: justify"><span style="font-family: verdana, geneva, sans-serif"><span style="color: #ff0000"><strong>1.-</strong></span>El Plan de Autoprotección del Centro es el sistema de acciones y medidas encaminadas a prevenir y controlar los riesgos sobre las personas y los bienes, a dar respuestas adecuadas a las posibles situaciones de emergencia y a garantizar la integración de estas actuaciones en el sistema público de protección civil. Por tanto, debe ser entendido como el conjunto de actuaciones y medidas organizativas que el centro diseña, y pone en práctica, para planificar las actuaciones de seguridad tendentes a neutralizar o minimizar accidentes y sus posibles consecuencias, hasta la llegada de las ayudas externas. A tales efectos, sirve para prevenir riesgos, organizando las actuaciones más adecuadas con los medios humanos y materiales propios disponibles en el centro, garantizando la intervención inmediata y la coordinación de todo el personal: profesorado, alumnado y personal no docente, así como la colaboración con los Servicios Locales de Protección Civil y otros servicios de emergencia.</span></p>
<p style="text-align: justify"><span style="font-family: verdana, geneva, sans-serif"><span style="color: #ff0000"><strong>2.-</strong></span>Los objetivos que se persiguen con el Plan de Autoprotección son los siguientes:</span></p>
<p style="padding-left: 60px;text-align: justify"><span style="font-size: 12pt;font-family: verdana, geneva, sans-serif">-Proteger a las personas y los usuarios del centro, así como los bienes, estableciendo una estructura y unos procedimientos que aseguren las respuestas más adecuadas ante las posibles emergencias.</span></p>
<p style="padding-left: 60px;text-align: justify"><span style="font-size: 12pt;font-family: verdana, geneva, sans-serif">-Facilitar, a la estructura organizativa del centro, los instrumentos y recursos en relación con la seguridad y control de las posibles situaciones de emergencia.</span></p>
<p style="padding-left: 60px;text-align: justify"><span style="font-size: 12pt;font-family: verdana, geneva, sans-serif">-Concienciar y sensibilizar a la comunidad educativa sobre la importancia de establecer protocolos de actuación y hábitos de entrenamiento para solventar situaciones de emergencia de diversa índole.</span></p>
<p style="padding-left: 60px;text-align: justify"><span style="font-size: 12pt;font-family: verdana, geneva, sans-serif">-Conocer el centro y su entorno (edificio e instalaciones), los focos de peligro reales, los medios disponibles y las normas de actuación en el caso de que ocurra un siniestro, estudiar las vías de evacuación y las formas de confinamiento, y adoptar las medidas preventivas necesarias.</span></p>
<p style="padding-left: 60px;text-align: justify"><span style="font-size: 12pt;font-family: verdana, geneva, sans-serif">-Garantizar la fiabilidad de todos los medios de protección y disponer de un equipo de personas informadas, organizadas, formadas y adiestradas que garanticen rapidez y eficacia en las acciones a emprender ante las emergencias.</span></p>
<p style="text-align: justify">&nbsp;</p>
<p style="text-align: justify"><span style="color: #0000ff;font-family: verdana, geneva, sans-serif"><strong><span style="text-decoration: underline">ARTÍCULO 121</span>. Contenidos del plan</strong></span></p>
<p style="text-align: justify"><span style="font-family: verdana, geneva, sans-serif"><strong><span style="color: #ff0000">1.-</span></strong>El contenido completo del Plan de Autoprotección de nuestro centro debe ser un anexo a este reglamento.</span></p>
<p style="text-align: justify">&nbsp;</p>
<p style="text-align: justify"><span style="font-family: verdana, geneva, sans-serif"><strong><span style="color: #0000ff"><span style="text-decoration: underline">ARTÍCULO 122</span>. Elaboración y aprobación.</span></strong></span></p>
<p style="text-align: justify"><span style="font-family: verdana, geneva, sans-serif"><span style="color: #ff0000"><strong>1.-</strong></span>Corresponde al director o directora coordinar la elaboración del Plan de Autoprotección, con la participación del coordinador o coordinadora de centro del I Plan Andaluz de Salud Laboral y Prevención de Riesgos Laborales.</span></p>
<p style="text-align: justify"><span style="font-family: verdana, geneva, sans-serif"><span style="color: #ff0000"><strong>2.-</strong></span>El coordinador o coordinadora de centro del I Plan Andaluz de Salud Laboral y Prevención de Riesgos Laborales es quien deberá cumplimentar, con el visto bueno de la dirección, la documentación requerida del Plan, así como un Informe del mantenimiento preventivo de las instalaciones, donde quede reflejado las medidas de seguridad y las inspecciones realizadas.</span></p>
<p style="text-align: justify"><span style="font-family: verdana, geneva, sans-serif"><span style="color: #ff0000"><strong>3.-</strong></span>El Consejo Escolar es el órgano competente para la aprobación definitiva del Plan de Autoprotección y deberá aprobarlo por mayoría absoluta.</span></p>
<p style="text-align: justify">&nbsp;</p>
<p style="text-align: justify"><span style="font-family: verdana, geneva, sans-serif"><strong><span style="color: #0000ff"><span style="text-decoration: underline">ARTÍCULO 123</span>. Aplicación</span></strong></span></p>
<p style="text-align: justify"><span style="font-family: verdana, geneva, sans-serif"><span style="color: #ff0000"><strong>1.-</strong></span>Corresponde a la dirección del centro la responsabilidad y las obligaciones, en materia de autoprotección,en coordinación con la persona responsable del programa en el centro.</span></p>
<p style="text-align: justify">&nbsp;</p>
<p style="text-align: justify"><span style="font-family: verdana, geneva, sans-serif"><strong><span style="color: #0000ff"><span style="text-decoration: underline">ARTÍCULO 124.</span> Registro, notificación e información<i>.</i></span></strong></span></p>
<p style="text-align: justify"><span style="font-family: verdana, geneva, sans-serif"><span style="color: #ff0000"><strong>1.-</strong></span>La persona titular de la dirección del centro será responsable de la veracidad de los datos grabados del Plan de Autoprotección, dichos datos deberán ser revisados durante el primer trimestre de cada curso escolar, y renovados sólo si se hubiese producido alguna modificación significativa aprobada por el Consejo Escolar.</span></p>
<p style="text-align: justify"><span style="font-family: verdana, geneva, sans-serif"><span style="color: #ff0000"><strong>2.-</strong></span>Se deberá depositar una copia del citado Plan de Autoprotección a la entrada del edificio, en lugar visible y accesible, debidamente protegida, asimismo, deberán notificarlo enviando una copia del Plan de Autoprotección al Servicio competente en materia de Protección Civil y Emergencias, del Ayuntamiento correspondiente,</span></p>
<p style="text-align: justify"><span style="font-family: verdana, geneva, sans-serif"><span style="color: #ff0000"><strong>3.-</strong></span>La dirección informará convenientemente a la comunidad educativa sobre la existencia y peculiaridades del Plan y a los implicados de manera especial a través de sesiones informativas y dossier.</span></p>
<p style="text-align: justify">&nbsp;</p>
<p style="text-align: justify"><span style="font-family: verdana, geneva, sans-serif"><strong><span style="color: #0000ff"><span style="text-decoration: underline">ARTÍCULO 125.</span> Simulacros</span></strong></span></p>
<p style="text-align: justify"><span style="font-family: verdana, geneva, sans-serif"><span style="color: #ff0000"><strong>1.-</strong></span>Al menos una vez, en cada curso escolar, deberá realizarse un simulacro de evacuación, o de confinamiento.</span></p>
<p style="text-align: justify"><span style="font-family: verdana, geneva, sans-serif"><span style="color: #ff0000"><strong>2.-</strong></span>La participación en los simulacros es obligatoria para todo el personal que esté presente en el Centro en el momento de su realización.</span></p>
<p style="text-align: justify"><span style="font-family: verdana, geneva, sans-serif"><span style="color: #ff0000"><strong>3.-</strong></span>Los simulacros de evacuación, o de confinamiento, no deben hacerse simulando situaciones reales de emergencia que impliquen el uso de elementos peligrosos.</span></p>
<p style="text-align: justify"><span style="font-family: verdana, geneva, sans-serif"><span style="color: #ff0000"><strong>4.-</strong></span>A la finalización del simulacro se elaborará un informe donde se recojan las incidencias del mismo.</span></p>
<p style="text-align: justify"><span style="font-family: verdana, geneva, sans-serif"><span style="color: #ff0000"><strong>5.-</strong></span>Se revisarán periódicamente los medios disponibles para intervenir en caso de emergencia (extintores, alarmas, BIEs, lámparas de emergencia, sistemas automáticos de detección, aviso y extinción de incendios, etc.).</span></p>
<p style="text-align: justify"><span style="font-family: verdana, geneva, sans-serif"><strong><span style="color: #ff0000">6.-</span></strong>Cuando se detecten deficiencias o carencias graves en las infraestructuras, instalaciones o equipamientos escolares que comporten riesgos significativos para la seguridad del centro, o dificulten o impidan la correcta evacuación del mismo, la dirección del centro lo comunicará a la Delegación Provincial de la Consejería en materia de Educación.</span></p>
<p style="text-align: justify">&nbsp;</p>
<p style="text-align: justify"><span style="font-family: verdana, geneva, sans-serif"><strong><span style="color: #0000ff"><span style="text-decoration: underline">ARTÍCULO 126.</span> Coordinación del Plan.</span></strong></span></p>
<p style="text-align: justify"><span style="font-family: verdana, geneva, sans-serif"><span style="color: #ff0000"><strong>1.-</strong></span>La dirección designará a un profesor o profesora, preferentemente, con destino definitivo, como coordinador o coordinadora de centro del I Plan Andaluz de Salud Laboral y Prevención de Riesgos Laborales del personal docente.</span></p>
<p style="text-align: justify"><span style="font-family: verdana, geneva, sans-serif"><strong><span style="color: #ff0000">2.-</span></strong>El coordinador o coordinadora de centro designado deberá mantener la necesaria colaboración con los recursos preventivos establecidos por la Consejería competente en materia de Educación y, en este sentido, serán los encargados de las medidas de emergencia y autoprotección,.</span></p>
<p style="text-align: justify">&nbsp;</p>
<p style="text-align: justify"><span style="font-family: verdana, geneva, sans-serif"><strong><span style="color: #0000ff"><span style="text-decoration: underline">ARTÍCULO 127.</span> Seguimiento y control de accidentes e incidentes.</span></strong></span></p>
<p style="text-align: justify"><span style="font-family: verdana, geneva, sans-serif"><span style="color: #ff0000"><strong>1.-</strong></span>En el caso de que ocurriese algún accidente que afecte al alumnado, o al personal del centro, se procederá a comunicarlo a la Delegación Provincial con competencias en materia de Educación, en el plazo de 24 horas, si la valoración médica realizada por un facultativo es considerada como grave y, en un plazo máximo de cinco días, cuando no fuese grave. A tal efecto se cumplimentará, por parte de la dirección del centro, los correspondientes modelos que figuran en el Anexo II de la Orden de 16 de abril de 2008. Asimismo, deberá incluirlo en la aplicación informática Séneca, y notificarlo a la Autoridad Laboral, a través del envío de dicho Anexo a la Delegación Provincial competente en materia de Empleo, conforme a los modelos que se adjuntan como Anexo II. b, y c, de la citada Orden.</span></p>
<p>&nbsp;</p>
<p>&nbsp;</p>

<p>ARTÍCULO 120. &nbsp;Definición y objetivos. 1.-El Plan de Autoprotección del Centro es el sistema de acciones y medidas encaminadas a prevenir y controlar los riesgos sobre las personas y los bienes, a dar respuestas&#46;&#46;&#46;</p>
