{"id":594,"date":"2019-03-26T09:40:17","date_gmt":"2019-03-26T09:40:17","guid":{"rendered":"https:\/\/blogsaverroes.juntadeandalucia.es\/plancentroelcastillo\/?page_id=594"},"modified":"2019-05-01T19:40:01","modified_gmt":"2019-05-01T19:40:01","slug":"tratamiento-de-la-informacion-y-la-comunicacion","status":"publish","type":"page","link":"https:\/\/blogsaverroes.juntadeandalucia.es\/plancentroelcastillo\/?page_id=594","title":{"rendered":"TRATAMIENTO DE LA INFORMACI\u00d3N Y LA COMUNICACI\u00d3N"},"content":{"rendered":"<p><strong>Este <span style=\"text-decoration: underline\">T\u00cdTULO UND\u00c9CIMO<\/span> incluye los siguientes cap\u00edtulos:<\/strong><\/p>\n<ul>\n<li>Cap\u00edtulo I: <a href=\"https:\/\/blogsaverroes.juntadeandalucia.es\/plancentroelcastillo\/?page_id=449\">La comunicaci\u00f3n entre los diferentes sectores.<\/a><\/li>\n<li>Cap\u00edtulo II: <a href=\"https:\/\/blogsaverroes.juntadeandalucia.es\/plancentroelcastillo\/?page_id=451\">Registros, bases de datos y publicaciones.<\/a><\/li>\n<\/ul>\n","protected":false},"excerpt":{"rendered":"<p>Este T\u00cdTULO UND\u00c9CIMO incluye los siguientes cap\u00edtulos: Cap\u00edtulo I: La comunicaci\u00f3n entre los diferentes sectores. Cap\u00edtulo II: Registros, bases de datos y publicaciones.<\/p>\n","protected":false},"author":3249,"featured_media":0,"parent":22,"menu_order":11,"comment_status":"closed","ping_status":"closed","template":"","meta":{"ngg_post_thumbnail":0,"footnotes":""},"aioseo_notices":[],"_links":{"self":[{"href":"https:\/\/blogsaverroes.juntadeandalucia.es\/plancentroelcastillo\/index.php?rest_route=\/wp\/v2\/pages\/594"}],"collection":[{"href":"https:\/\/blogsaverroes.juntadeandalucia.es\/plancentroelcastillo\/index.php?rest_route=\/wp\/v2\/pages"}],"about":[{"href":"https:\/\/blogsaverroes.juntadeandalucia.es\/plancentroelcastillo\/index.php?rest_route=\/wp\/v2\/types\/page"}],"author":[{"embeddable":true,"href":"https:\/\/blogsaverroes.juntadeandalucia.es\/plancentroelcastillo\/index.php?rest_route=\/wp\/v2\/users\/3249"}],"replies":[{"embeddable":true,"href":"https:\/\/blogsaverroes.juntadeandalucia.es\/plancentroelcastillo\/index.php?rest_route=%2Fwp%2Fv2%2Fcomments&post=594"}],"version-history":[{"count":3,"href":"https:\/\/blogsaverroes.juntadeandalucia.es\/plancentroelcastillo\/index.php?rest_route=\/wp\/v2\/pages\/594\/revisions"}],"predecessor-version":[{"id":597,"href":"https:\/\/blogsaverroes.juntadeandalucia.es\/plancentroelcastillo\/index.php?rest_route=\/wp\/v2\/pages\/594\/revisions\/597"}],"up":[{"embeddable":true,"href":"https:\/\/blogsaverroes.juntadeandalucia.es\/plancentroelcastillo\/index.php?rest_route=\/wp\/v2\/pages\/22"}],"wp:attachment":[{"href":"https:\/\/blogsaverroes.juntadeandalucia.es\/plancentroelcastillo\/index.php?rest_route=%2Fwp%2Fv2%2Fmedia&parent=594"}],"curies":[{"name":"wp","href":"https:\/\/api.w.org\/{rel}","templated":true}]}}