{"id":631,"date":"2019-03-31T12:38:33","date_gmt":"2019-03-31T12:38:33","guid":{"rendered":"https:\/\/blogsaverroes.juntadeandalucia.es\/plancentroelcastillo\/?page_id=631"},"modified":"2021-07-25T18:21:34","modified_gmt":"2021-07-25T18:21:34","slug":"sobre-los-acuerdos-y-decisiones-de-los-organos-de-gobierno","status":"publish","type":"page","link":"https:\/\/blogsaverroes.juntadeandalucia.es\/plancentroelcastillo\/?page_id=631","title":{"rendered":"EN LOS  ACUERDOS Y DECISIONES DE LOS \u00d3RGANOS DE GOBIERNO"},"content":{"rendered":"<p style=\"text-align: justify\"><span style=\"color: #0000ff\"><strong><span style=\"font-family: verdana, geneva, sans-serif\"><span style=\"text-decoration: underline\">ART\u00cdCULO 63.<\/span> Sobre acuerdos y decisiones.<\/span><\/strong><\/span><\/p>\n<p style=\"text-align: justify\"><span style=\"font-family: verdana, geneva, sans-serif\"><b><span style=\"color: #ff0000\"> 1.-<\/span><\/b>Las decisiones y acuerdos que tomen los \u00f3rganos colegiados del centro (claustro y consejo escolar) ser\u00e1n trasladados a la comunidad educativa en los t\u00e9rminos que pueda establecer la normativa; teniendo en cuenta el car\u00e1cter de dichas decisiones y acuerdos, se utilizar\u00e1 fundamentalmente la web del centro aunque en determinados casos pueda utilizarse otros como la aplicaci\u00f3n Pasen.<\/span><\/p>\n<p style=\"text-align: justify\"><span style=\"font-family: verdana, geneva, sans-serif\"><span style=\"color: #ff0000\"><b> 2.-<\/b><\/span>Cada uno de los miembros del&nbsp; equipo directivo, a partir de las competencias que la normativa les adjudica y la concreci\u00f3n que de dichas competencias se refiere en este ROF, deber\u00e1&nbsp; asegurar la transparencia de sus decisiones y dar traslado convenientemente de dichas actuaciones a la comunidad educativa en los t\u00e9rminos que pueda definir el plan de centro o las instrucciones dadas desde la direcci\u00f3n.<\/span><\/p>\n<p style=\"text-align: justify\"><span style=\"font-family: verdana, geneva, sans-serif\"><span style=\"color: #ff0000\"><b> 3.-<\/b><\/span>La direcci\u00f3n del centro asegurar\u00e1 esa transparencia poniendo en marcha los distintos mecanismos y agentes responsables.<\/span><\/p>\n<p style=\"text-align: justify\"><span style=\"font-family: verdana, geneva, sans-serif\"><span style=\"color: #ff0000\"><b> 4.-<\/b><\/span>El centro deber\u00e1 establecer y comunicar a la comunidad educativa, las v\u00edas necesarias para recoger, estudiar y dar respuesta a las distintas solicitudes, propuestas, sugerencias o reclamaciones que se puedan hacer.<\/span><\/p>\n<p>&nbsp;<\/p>\n","protected":false},"excerpt":{"rendered":"<p>ART\u00cdCULO 63. Sobre acuerdos y decisiones. 1.-Las decisiones y acuerdos que tomen los \u00f3rganos colegiados del centro (claustro y consejo escolar) ser\u00e1n trasladados a la comunidad educativa en los t\u00e9rminos que pueda establecer la&#46;&#46;&#46;<\/p>\n","protected":false},"author":3249,"featured_media":0,"parent":488,"menu_order":4,"comment_status":"closed","ping_status":"closed","template":"","meta":{"ngg_post_thumbnail":0,"footnotes":""},"aioseo_notices":[],"_links":{"self":[{"href":"https:\/\/blogsaverroes.juntadeandalucia.es\/plancentroelcastillo\/index.php?rest_route=\/wp\/v2\/pages\/631"}],"collection":[{"href":"https:\/\/blogsaverroes.juntadeandalucia.es\/plancentroelcastillo\/index.php?rest_route=\/wp\/v2\/pages"}],"about":[{"href":"https:\/\/blogsaverroes.juntadeandalucia.es\/plancentroelcastillo\/index.php?rest_route=\/wp\/v2\/types\/page"}],"author":[{"embeddable":true,"href":"https:\/\/blogsaverroes.juntadeandalucia.es\/plancentroelcastillo\/index.php?rest_route=\/wp\/v2\/users\/3249"}],"replies":[{"embeddable":true,"href":"https:\/\/blogsaverroes.juntadeandalucia.es\/plancentroelcastillo\/index.php?rest_route=%2Fwp%2Fv2%2Fcomments&post=631"}],"version-history":[{"count":7,"href":"https:\/\/blogsaverroes.juntadeandalucia.es\/plancentroelcastillo\/index.php?rest_route=\/wp\/v2\/pages\/631\/revisions"}],"predecessor-version":[{"id":877,"href":"https:\/\/blogsaverroes.juntadeandalucia.es\/plancentroelcastillo\/index.php?rest_route=\/wp\/v2\/pages\/631\/revisions\/877"}],"up":[{"embeddable":true,"href":"https:\/\/blogsaverroes.juntadeandalucia.es\/plancentroelcastillo\/index.php?rest_route=\/wp\/v2\/pages\/488"}],"wp:attachment":[{"href":"https:\/\/blogsaverroes.juntadeandalucia.es\/plancentroelcastillo\/index.php?rest_route=%2Fwp%2Fv2%2Fmedia&parent=631"}],"curies":[{"name":"wp","href":"https:\/\/api.w.org\/{rel}","templated":true}]}}