{"id":1049,"date":"2025-12-01T08:50:59","date_gmt":"2025-12-01T07:50:59","guid":{"rendered":"https:\/\/blogsaverroes.juntadeandalucia.es\/planesyprogramasalmeria\/?page_id=1049"},"modified":"2025-12-01T08:50:59","modified_gmt":"2025-12-01T07:50:59","slug":"programas-culturales","status":"publish","type":"page","link":"https:\/\/blogsaverroes.juntadeandalucia.es\/planesyprogramasalmeria\/programas-culturales\/","title":{"rendered":"Programas Culturales"},"content":{"rendered":"<div class=\"pt-cv-wrapper\"><div class=\"pt-cv-view pt-cv-overlaygrid iscvblock iscvhybrid overlay1 layout1\" id=\"pt-cv-view-a6d8e42rtf\"><div data-id=\"pt-cv-page-1\" class=\"pt-cv-page\" data-cvc=\"3\"><div class=\" pt-cv-content-item pt-cv-1-col\" ><div class=\"pt-cv-thumb-wrapper  \"><a href=\"https:\/\/blogsaverroes.juntadeandalucia.es\/planesyprogramasalmeria\/2025\/11\/20\/jornada-terrorifica-en-el-cpifp-almeraya\/\" class=\"_self pt-cv-href-thumbnail pt-cv-thumb-default\" target=\"_self\" ><img fetchpriority=\"high\" decoding=\"async\" width=\"225\" height=\"300\" src=\"https:\/\/blogsaverroes.juntadeandalucia.es\/planesyprogramasalmeria\/files\/2025\/11\/1762255869495-Maria-del-Rosario-Garcia-Gonzalez-225x300.jpg\" class=\"pt-cv-thumbnail\" alt=\"\" srcset=\"https:\/\/blogsaverroes.juntadeandalucia.es\/planesyprogramasalmeria\/files\/2025\/11\/1762255869495-Maria-del-Rosario-Garcia-Gonzalez-225x300.jpg 225w, https:\/\/blogsaverroes.juntadeandalucia.es\/planesyprogramasalmeria\/files\/2025\/11\/1762255869495-Maria-del-Rosario-Garcia-Gonzalez-768x1024.jpg 768w, https:\/\/blogsaverroes.juntadeandalucia.es\/planesyprogramasalmeria\/files\/2025\/11\/1762255869495-Maria-del-Rosario-Garcia-Gonzalez-1152x1536.jpg 1152w, https:\/\/blogsaverroes.juntadeandalucia.es\/planesyprogramasalmeria\/files\/2025\/11\/1762255869495-Maria-del-Rosario-Garcia-Gonzalez-1536x2048.jpg 1536w, https:\/\/blogsaverroes.juntadeandalucia.es\/planesyprogramasalmeria\/files\/2025\/11\/1762255869495-Maria-del-Rosario-Garcia-Gonzalez-scaled.jpg 1920w\" sizes=\"(max-width: 225px) 100vw, 225px\" \/><\/a><\/div>\n<div class=\"pt-cv-overlay-wrapper\"><div class=\"pt-cv-taxoterm above_title\"><a href='https:\/\/blogsaverroes.juntadeandalucia.es\/planesyprogramasalmeria\/category\/programas-culturales\/' title='Programas Culturales' class='pt-cv-tax-programas-culturales'>Programas Culturales<\/a><\/div><h4 class=\"pt-cv-title\"><a href=\"https:\/\/blogsaverroes.juntadeandalucia.es\/planesyprogramasalmeria\/2025\/11\/20\/jornada-terrorifica-en-el-cpifp-almeraya\/\" class=\"_self\" target=\"_self\" >Jornada Terror\u00edfica en el CPIFP Almeraya<\/a><\/h4><div class=\"pt-cv-content\">CPIFP ALMERAYA. Celebraci\u00f3n de Halloween con la organizaci\u00f3n de diferentes actividades y participaci\u00f3n de alumnado de diferentes ciclos formativos. Accede ...<br \/><div class=\"pt-cv-rmwrap\"><a href=\"https:\/\/blogsaverroes.juntadeandalucia.es\/planesyprogramasalmeria\/2025\/11\/20\/jornada-terrorifica-en-el-cpifp-almeraya\/\" class=\"_self pt-cv-readmore btn btn-success\" target=\"_self\">Leer M\u00e1s<\/a><\/div><\/div><\/div><\/div>\n<div class=\" pt-cv-content-item pt-cv-1-col\" ><div class=\"pt-cv-thumb-wrapper  \"><a href=\"https:\/\/blogsaverroes.juntadeandalucia.es\/planesyprogramasalmeria\/2025\/06\/23\/concurso-mi-rincon-favorito-de-los-velez\/\" class=\"_self pt-cv-href-thumbnail pt-cv-thumb-default\" target=\"_self\" ><img decoding=\"async\" width=\"300\" height=\"225\" src=\"https:\/\/blogsaverroes.juntadeandalucia.es\/planesyprogramasalmeria\/files\/2025\/06\/MRFLV4-Ezequiel-Raymond-Maldonado-300x225.jpg\" class=\"pt-cv-thumbnail\" alt=\"\" srcset=\"https:\/\/blogsaverroes.juntadeandalucia.es\/planesyprogramasalmeria\/files\/2025\/06\/MRFLV4-Ezequiel-Raymond-Maldonado-300x225.jpg 300w, https:\/\/blogsaverroes.juntadeandalucia.es\/planesyprogramasalmeria\/files\/2025\/06\/MRFLV4-Ezequiel-Raymond-Maldonado-1024x768.jpg 1024w, https:\/\/blogsaverroes.juntadeandalucia.es\/planesyprogramasalmeria\/files\/2025\/06\/MRFLV4-Ezequiel-Raymond-Maldonado-768x576.jpg 768w, https:\/\/blogsaverroes.juntadeandalucia.es\/planesyprogramasalmeria\/files\/2025\/06\/MRFLV4-Ezequiel-Raymond-Maldonado.jpg 1280w\" sizes=\"(max-width: 300px) 100vw, 300px\" \/><\/a><\/div>\n<div class=\"pt-cv-overlay-wrapper\"><div class=\"pt-cv-taxoterm above_title\"><a href='https:\/\/blogsaverroes.juntadeandalucia.es\/planesyprogramasalmeria\/category\/comunicacion-arte-y-emprendimiento\/patrimonio-andaluz\/' title='Patrimonio andaluz' class='pt-cv-tax-patrimonio-andaluz'>Patrimonio andaluz<\/a><a href='https:\/\/blogsaverroes.juntadeandalucia.es\/planesyprogramasalmeria\/category\/programas-culturales\/' title='Programas Culturales' class='pt-cv-tax-programas-culturales'>Programas Culturales<\/a><\/div><h4 class=\"pt-cv-title\"><a href=\"https:\/\/blogsaverroes.juntadeandalucia.es\/planesyprogramasalmeria\/2025\/06\/23\/concurso-mi-rincon-favorito-de-los-velez\/\" class=\"_self\" target=\"_self\" >Concurso: Mi rinc\u00f3n favorito de los V\u00e9lez<\/a><\/h4><div class=\"pt-cv-content\">IES VELAD-ALHAMAR. Se trata de un concurso fotogr\u00e1fico abierto a todos los miembros de nuestra comunidad educativa que se organiza ...<br \/><div class=\"pt-cv-rmwrap\"><a href=\"https:\/\/blogsaverroes.juntadeandalucia.es\/planesyprogramasalmeria\/2025\/06\/23\/concurso-mi-rincon-favorito-de-los-velez\/\" class=\"_self pt-cv-readmore btn btn-success\" target=\"_self\">Leer M\u00e1s<\/a><\/div><\/div><\/div><\/div>\n<div class=\" pt-cv-content-item pt-cv-1-col\" ><div class=\"pt-cv-thumb-wrapper  \"><a href=\"https:\/\/blogsaverroes.juntadeandalucia.es\/planesyprogramasalmeria\/2025\/06\/23\/arte-cultura-y-creatividad\/\" class=\"_self pt-cv-href-thumbnail pt-cv-thumb-default\" target=\"_self\" ><img decoding=\"async\" width=\"300\" height=\"297\" src=\"https:\/\/blogsaverroes.juntadeandalucia.es\/planesyprogramasalmeria\/files\/2025\/06\/Screenshot-2025-06-23-at-10-08-33-BIBLIOFILIA-Susana-Tellez-Montoro.pdf-Google-Drive-300x297.png\" class=\"pt-cv-thumbnail\" alt=\"\" srcset=\"https:\/\/blogsaverroes.juntadeandalucia.es\/planesyprogramasalmeria\/files\/2025\/06\/Screenshot-2025-06-23-at-10-08-33-BIBLIOFILIA-Susana-Tellez-Montoro.pdf-Google-Drive-300x297.png 300w, https:\/\/blogsaverroes.juntadeandalucia.es\/planesyprogramasalmeria\/files\/2025\/06\/Screenshot-2025-06-23-at-10-08-33-BIBLIOFILIA-Susana-Tellez-Montoro.pdf-Google-Drive-150x150.png 150w, https:\/\/blogsaverroes.juntadeandalucia.es\/planesyprogramasalmeria\/files\/2025\/06\/Screenshot-2025-06-23-at-10-08-33-BIBLIOFILIA-Susana-Tellez-Montoro.pdf-Google-Drive-80x80.png 80w, https:\/\/blogsaverroes.juntadeandalucia.es\/planesyprogramasalmeria\/files\/2025\/06\/Screenshot-2025-06-23-at-10-08-33-BIBLIOFILIA-Susana-Tellez-Montoro.pdf-Google-Drive.png 442w\" sizes=\"(max-width: 300px) 100vw, 300px\" \/><\/a><\/div>\n<div class=\"pt-cv-overlay-wrapper\"><div class=\"pt-cv-taxoterm above_title\"><a href='https:\/\/blogsaverroes.juntadeandalucia.es\/planesyprogramasalmeria\/category\/educomunicacion\/' title='Comunica' class='pt-cv-tax-educomunicacion'>Comunica<\/a><a href='https:\/\/blogsaverroes.juntadeandalucia.es\/planesyprogramasalmeria\/category\/programas-culturales\/' title='Programas Culturales' class='pt-cv-tax-programas-culturales'>Programas Culturales<\/a><\/div><h4 class=\"pt-cv-title\"><a href=\"https:\/\/blogsaverroes.juntadeandalucia.es\/planesyprogramasalmeria\/2025\/06\/23\/arte-cultura-y-creatividad\/\" class=\"_self\" target=\"_self\" >Arte, Cultura y Creatividad<\/a><\/h4><div class=\"pt-cv-content\">IES AZCONA. Dos experiencias relacionadas con el \u00e1mbito de Arte, cultura y creatividad nos trae el IES Azcona. BIBLIOFILIA A ...<br \/><div class=\"pt-cv-rmwrap\"><a href=\"https:\/\/blogsaverroes.juntadeandalucia.es\/planesyprogramasalmeria\/2025\/06\/23\/arte-cultura-y-creatividad\/\" class=\"_self pt-cv-readmore btn btn-success\" target=\"_self\">Leer M\u00e1s<\/a><\/div><\/div><\/div><\/div>\n<div class=\" pt-cv-content-item pt-cv-1-col\" ><div class=\"pt-cv-thumb-wrapper  \"><a href=\"https:\/\/blogsaverroes.juntadeandalucia.es\/planesyprogramasalmeria\/2025\/06\/02\/proyecto-mediadores-culturales\/\" class=\"_self pt-cv-href-thumbnail pt-cv-thumb-default\" target=\"_self\" ><img loading=\"lazy\" decoding=\"async\" width=\"300\" height=\"169\" src=\"https:\/\/blogsaverroes.juntadeandalucia.es\/planesyprogramasalmeria\/files\/2025\/06\/IMG_9113-Cristina-Leon-Gaton-scaled-1-300x169.jpg\" class=\"pt-cv-thumbnail\" alt=\"\" srcset=\"https:\/\/blogsaverroes.juntadeandalucia.es\/planesyprogramasalmeria\/files\/2025\/06\/IMG_9113-Cristina-Leon-Gaton-scaled-1-300x169.jpg 300w, https:\/\/blogsaverroes.juntadeandalucia.es\/planesyprogramasalmeria\/files\/2025\/06\/IMG_9113-Cristina-Leon-Gaton-scaled-1-1024x576.jpg 1024w, https:\/\/blogsaverroes.juntadeandalucia.es\/planesyprogramasalmeria\/files\/2025\/06\/IMG_9113-Cristina-Leon-Gaton-scaled-1-768x432.jpg 768w, https:\/\/blogsaverroes.juntadeandalucia.es\/planesyprogramasalmeria\/files\/2025\/06\/IMG_9113-Cristina-Leon-Gaton-scaled-1-1536x864.jpg 1536w, https:\/\/blogsaverroes.juntadeandalucia.es\/planesyprogramasalmeria\/files\/2025\/06\/IMG_9113-Cristina-Leon-Gaton-scaled-1-2048x1152.jpg 2048w\" sizes=\"(max-width: 300px) 100vw, 300px\" \/><\/a><\/div>\n<div class=\"pt-cv-overlay-wrapper\"><div class=\"pt-cv-taxoterm above_title\"><a href='https:\/\/blogsaverroes.juntadeandalucia.es\/planesyprogramasalmeria\/category\/educomunicacion\/' title='Comunica' class='pt-cv-tax-educomunicacion'>Comunica<\/a><a href='https:\/\/blogsaverroes.juntadeandalucia.es\/planesyprogramasalmeria\/category\/comunicacion-arte-y-emprendimiento\/patrimonio-andaluz\/' title='Patrimonio andaluz' class='pt-cv-tax-patrimonio-andaluz'>Patrimonio andaluz<\/a><a href='https:\/\/blogsaverroes.juntadeandalucia.es\/planesyprogramasalmeria\/category\/programas-culturales\/' title='Programas Culturales' class='pt-cv-tax-programas-culturales'>Programas Culturales<\/a><\/div><h4 class=\"pt-cv-title\"><a href=\"https:\/\/blogsaverroes.juntadeandalucia.es\/planesyprogramasalmeria\/2025\/06\/02\/proyecto-mediadores-culturales\/\" class=\"_self\" target=\"_self\" >Proyecto \u00abMediadores Culturales\u00bb<\/a><\/h4><div class=\"pt-cv-content\">CEIIP MADRE DE LA LUZ El proyecto \u201cMediadores culturales\u201d se desarrolla en el Museo de Almer\u00eda y se enmarca en ...<br \/><div class=\"pt-cv-rmwrap\"><a href=\"https:\/\/blogsaverroes.juntadeandalucia.es\/planesyprogramasalmeria\/2025\/06\/02\/proyecto-mediadores-culturales\/\" class=\"_self pt-cv-readmore btn btn-success\" target=\"_self\">Leer M\u00e1s<\/a><\/div><\/div><\/div><\/div>\n<div class=\" pt-cv-content-item pt-cv-1-col\" ><div class=\"pt-cv-thumb-wrapper  \"><a href=\"https:\/\/blogsaverroes.juntadeandalucia.es\/planesyprogramasalmeria\/2025\/05\/29\/blog-de-experiencias-en-lugares-visitados-por-nuestro-alumnado\/\" class=\"_self pt-cv-href-thumbnail pt-cv-thumb-default\" target=\"_self\" ><img loading=\"lazy\" decoding=\"async\" width=\"300\" height=\"192\" src=\"https:\/\/blogsaverroes.juntadeandalucia.es\/planesyprogramasalmeria\/files\/2025\/05\/Screenshot-2025-05-29-at-10-53-56-PATRIMONIO-Y-VIAJES-300x192.png\" class=\"pt-cv-thumbnail\" alt=\"\" srcset=\"https:\/\/blogsaverroes.juntadeandalucia.es\/planesyprogramasalmeria\/files\/2025\/05\/Screenshot-2025-05-29-at-10-53-56-PATRIMONIO-Y-VIAJES-300x192.png 300w, https:\/\/blogsaverroes.juntadeandalucia.es\/planesyprogramasalmeria\/files\/2025\/05\/Screenshot-2025-05-29-at-10-53-56-PATRIMONIO-Y-VIAJES-768x492.png 768w, https:\/\/blogsaverroes.juntadeandalucia.es\/planesyprogramasalmeria\/files\/2025\/05\/Screenshot-2025-05-29-at-10-53-56-PATRIMONIO-Y-VIAJES.png 935w\" sizes=\"(max-width: 300px) 100vw, 300px\" \/><\/a><\/div>\n<div class=\"pt-cv-overlay-wrapper\"><div class=\"pt-cv-taxoterm above_title\"><a href='https:\/\/blogsaverroes.juntadeandalucia.es\/planesyprogramasalmeria\/category\/educomunicacion\/' title='Comunica' class='pt-cv-tax-educomunicacion'>Comunica<\/a><a href='https:\/\/blogsaverroes.juntadeandalucia.es\/planesyprogramasalmeria\/category\/comunicacion-arte-y-emprendimiento\/patrimonio-andaluz\/' title='Patrimonio andaluz' class='pt-cv-tax-patrimonio-andaluz'>Patrimonio andaluz<\/a><a href='https:\/\/blogsaverroes.juntadeandalucia.es\/planesyprogramasalmeria\/category\/programas-culturales\/' title='Programas Culturales' class='pt-cv-tax-programas-culturales'>Programas Culturales<\/a><\/div><h4 class=\"pt-cv-title\"><a href=\"https:\/\/blogsaverroes.juntadeandalucia.es\/planesyprogramasalmeria\/2025\/05\/29\/blog-de-experiencias-en-lugares-visitados-por-nuestro-alumnado\/\" class=\"_self\" target=\"_self\" >Blog de experiencias en lugares  visitados por nuestro alumnado.<\/a><\/h4><div class=\"pt-cv-content\">CEPER BAREA y Secciones. Proyecto Educativo del CEPER Barea: El Patrimonio Andaluz en el Programa CIMA 1. \u00c1rea(s) del curr\u00edculum ...<br \/><div class=\"pt-cv-rmwrap\"><a href=\"https:\/\/blogsaverroes.juntadeandalucia.es\/planesyprogramasalmeria\/2025\/05\/29\/blog-de-experiencias-en-lugares-visitados-por-nuestro-alumnado\/\" class=\"_self pt-cv-readmore btn btn-success\" target=\"_self\">Leer M\u00e1s<\/a><\/div><\/div><\/div><\/div>\n<div class=\" pt-cv-content-item pt-cv-1-col\" ><div class=\"pt-cv-thumb-wrapper  \"><a href=\"https:\/\/blogsaverroes.juntadeandalucia.es\/planesyprogramasalmeria\/2025\/05\/29\/diseno-y-ejecucion-de-rutas-turisticas-guiadas-por-el-alumnado\/\" class=\"_self pt-cv-href-thumbnail pt-cv-thumb-default\" target=\"_self\" ><img loading=\"lazy\" decoding=\"async\" width=\"300\" height=\"225\" src=\"https:\/\/blogsaverroes.juntadeandalucia.es\/planesyprogramasalmeria\/files\/2025\/05\/Alcazaba-Maria-del-Rosario-Garcia-Gonzalez-300x225.jpg\" class=\"pt-cv-thumbnail\" alt=\"\" srcset=\"https:\/\/blogsaverroes.juntadeandalucia.es\/planesyprogramasalmeria\/files\/2025\/05\/Alcazaba-Maria-del-Rosario-Garcia-Gonzalez-300x225.jpg 300w, https:\/\/blogsaverroes.juntadeandalucia.es\/planesyprogramasalmeria\/files\/2025\/05\/Alcazaba-Maria-del-Rosario-Garcia-Gonzalez-768x576.jpg 768w, https:\/\/blogsaverroes.juntadeandalucia.es\/planesyprogramasalmeria\/files\/2025\/05\/Alcazaba-Maria-del-Rosario-Garcia-Gonzalez.jpg 1024w\" sizes=\"(max-width: 300px) 100vw, 300px\" \/><\/a><\/div>\n<div class=\"pt-cv-overlay-wrapper\"><div class=\"pt-cv-taxoterm above_title\"><a href='https:\/\/blogsaverroes.juntadeandalucia.es\/planesyprogramasalmeria\/category\/comunicacion-arte-y-emprendimiento\/patrimonio-andaluz\/' title='Patrimonio andaluz' class='pt-cv-tax-patrimonio-andaluz'>Patrimonio andaluz<\/a><a href='https:\/\/blogsaverroes.juntadeandalucia.es\/planesyprogramasalmeria\/category\/programas-culturales\/' title='Programas Culturales' class='pt-cv-tax-programas-culturales'>Programas Culturales<\/a><\/div><h4 class=\"pt-cv-title\"><a href=\"https:\/\/blogsaverroes.juntadeandalucia.es\/planesyprogramasalmeria\/2025\/05\/29\/diseno-y-ejecucion-de-rutas-turisticas-guiadas-por-el-alumnado\/\" class=\"_self\" target=\"_self\" >Dise\u00f1o y ejecuci\u00f3n de rutas tur\u00edsticas guiadas por el alumnado.<\/a><\/h4><div class=\"pt-cv-content\">Conociendo Almeria. CPIFP ALMERAYA El alumnado de 2\u00ba del CFGS de Gu\u00eda, Informaci\u00f3n y Asistencias Tur\u00edsticas (en adelante GIAT) del ...<br \/><div class=\"pt-cv-rmwrap\"><a href=\"https:\/\/blogsaverroes.juntadeandalucia.es\/planesyprogramasalmeria\/2025\/05\/29\/diseno-y-ejecucion-de-rutas-turisticas-guiadas-por-el-alumnado\/\" class=\"_self pt-cv-readmore btn btn-success\" target=\"_self\">Leer M\u00e1s<\/a><\/div><\/div><\/div><\/div>\n<div class=\" pt-cv-content-item pt-cv-1-col\" ><div class=\"pt-cv-thumb-wrapper  \"><a href=\"https:\/\/blogsaverroes.juntadeandalucia.es\/planesyprogramasalmeria\/2025\/05\/09\/flamenco-en-el-cpifp-almeraya\/\" class=\"_self pt-cv-href-thumbnail pt-cv-thumb-default\" target=\"_self\" ><img loading=\"lazy\" decoding=\"async\" width=\"251\" height=\"300\" src=\"https:\/\/blogsaverroes.juntadeandalucia.es\/planesyprogramasalmeria\/files\/2025\/05\/FLAMENCO-251x300.png\" class=\"pt-cv-thumbnail\" alt=\"\" srcset=\"https:\/\/blogsaverroes.juntadeandalucia.es\/planesyprogramasalmeria\/files\/2025\/05\/FLAMENCO-251x300.png 251w, https:\/\/blogsaverroes.juntadeandalucia.es\/planesyprogramasalmeria\/files\/2025\/05\/FLAMENCO.png 368w\" sizes=\"(max-width: 251px) 100vw, 251px\" \/><\/a><\/div>\n<div class=\"pt-cv-overlay-wrapper\"><div class=\"pt-cv-taxoterm above_title\"><a href='https:\/\/blogsaverroes.juntadeandalucia.es\/planesyprogramasalmeria\/category\/educomunicacion\/' title='Comunica' class='pt-cv-tax-educomunicacion'>Comunica<\/a><a href='https:\/\/blogsaverroes.juntadeandalucia.es\/planesyprogramasalmeria\/category\/comunicacion-arte-y-emprendimiento\/flamenco-en-el-aula\/' title='Flamenco en el aula' class='pt-cv-tax-flamenco-en-el-aula'>Flamenco en el aula<\/a><a href='https:\/\/blogsaverroes.juntadeandalucia.es\/planesyprogramasalmeria\/category\/programas-culturales\/' title='Programas Culturales' class='pt-cv-tax-programas-culturales'>Programas Culturales<\/a><\/div><h4 class=\"pt-cv-title\"><a href=\"https:\/\/blogsaverroes.juntadeandalucia.es\/planesyprogramasalmeria\/2025\/05\/09\/flamenco-en-el-cpifp-almeraya\/\" class=\"_self\" target=\"_self\" >Flamenco en el CPIFP Almeraya<\/a><\/h4><div class=\"pt-cv-content\">\u00bfSabes de Flamenco? El martes 25 de febrero en horario matinal, ha tenido lugar en el Aula Taller del CFGS ...<br \/><div class=\"pt-cv-rmwrap\"><a href=\"https:\/\/blogsaverroes.juntadeandalucia.es\/planesyprogramasalmeria\/2025\/05\/09\/flamenco-en-el-cpifp-almeraya\/\" class=\"_self pt-cv-readmore btn btn-success\" target=\"_self\">Leer M\u00e1s<\/a><\/div><\/div><\/div><\/div><\/div><\/div><\/div>\t\t\t<style type=\"text\/css\" id=\"pt-cv-inline-style-ff725f620i\">#pt-cv-view-a6d8e42rtf .pt-cv-thumb-wrapper::before {background: rgba(0,0,0,.4); opacity: 0.8;}#pt-cv-view-a6d8e42rtf .pt-cv-overlay-wrapper {justify-content: flex-end;}\n#pt-cv-view-a6d8e42rtf > .pt-cv-page {grid-template-columns: repeat(3, 1fr);grid-auto-rows: 250px;grid-gap: 15px;}\n@media all and (max-width: 1024px) { \n#pt-cv-view-a6d8e42rtf > .pt-cv-page {grid-template-columns: repeat(1, 1fr);}\n} \n@media all and (max-width: 767px) { \n#pt-cv-view-a6d8e42rtf > .pt-cv-page {grid-template-columns: repeat(1, 1fr);}\n} <\/style>\r\n\t\t\t\n","protected":false},"excerpt":{"rendered":"","protected":false},"author":1269,"featured_media":0,"parent":0,"menu_order":0,"comment_status":"closed","ping_status":"closed","template":"","meta":{"footnotes":""},"aioseo_notices":[],"_links":{"self":[{"href":"https:\/\/blogsaverroes.juntadeandalucia.es\/planesyprogramasalmeria\/wp-json\/wp\/v2\/pages\/1049"}],"collection":[{"href":"https:\/\/blogsaverroes.juntadeandalucia.es\/planesyprogramasalmeria\/wp-json\/wp\/v2\/pages"}],"about":[{"href":"https:\/\/blogsaverroes.juntadeandalucia.es\/planesyprogramasalmeria\/wp-json\/wp\/v2\/types\/page"}],"author":[{"embeddable":true,"href":"https:\/\/blogsaverroes.juntadeandalucia.es\/planesyprogramasalmeria\/wp-json\/wp\/v2\/users\/1269"}],"replies":[{"embeddable":true,"href":"https:\/\/blogsaverroes.juntadeandalucia.es\/planesyprogramasalmeria\/wp-json\/wp\/v2\/comments?post=1049"}],"version-history":[{"count":2,"href":"https:\/\/blogsaverroes.juntadeandalucia.es\/planesyprogramasalmeria\/wp-json\/wp\/v2\/pages\/1049\/revisions"}],"predecessor-version":[{"id":1052,"href":"https:\/\/blogsaverroes.juntadeandalucia.es\/planesyprogramasalmeria\/wp-json\/wp\/v2\/pages\/1049\/revisions\/1052"}],"wp:attachment":[{"href":"https:\/\/blogsaverroes.juntadeandalucia.es\/planesyprogramasalmeria\/wp-json\/wp\/v2\/media?parent=1049"}],"curies":[{"name":"wp","href":"https:\/\/api.w.org\/{rel}","templated":true}]}}