{"id":1055,"date":"2025-12-01T08:53:32","date_gmt":"2025-12-01T07:53:32","guid":{"rendered":"https:\/\/blogsaverroes.juntadeandalucia.es\/planesyprogramasalmeria\/?page_id=1055"},"modified":"2025-12-01T08:53:32","modified_gmt":"2025-12-01T07:53:32","slug":"emprendimiento-educativo","status":"publish","type":"page","link":"https:\/\/blogsaverroes.juntadeandalucia.es\/planesyprogramasalmeria\/emprendimiento-educativo\/","title":{"rendered":"Emprendimiento Educativo"},"content":{"rendered":"<div class=\"pt-cv-wrapper\"><div class=\"pt-cv-view pt-cv-overlaygrid iscvblock iscvhybrid overlay1 layout1\" id=\"pt-cv-view-50e40dfbp3\"><div data-id=\"pt-cv-page-1\" class=\"pt-cv-page\" data-cvc=\"3\"><div class=\" pt-cv-content-item pt-cv-1-col\" ><div class=\"pt-cv-thumb-wrapper  \"><a href=\"https:\/\/blogsaverroes.juntadeandalucia.es\/planesyprogramasalmeria\/2025\/06\/30\/escape-room-emprendedor\/\" class=\"_self pt-cv-href-thumbnail pt-cv-thumb-default\" target=\"_self\" ><img fetchpriority=\"high\" decoding=\"async\" width=\"225\" height=\"225\" src=\"https:\/\/blogsaverroes.juntadeandalucia.es\/planesyprogramasalmeria\/files\/2025\/06\/Sin-titulo.jpg\" class=\"pt-cv-thumbnail\" alt=\"\" srcset=\"https:\/\/blogsaverroes.juntadeandalucia.es\/planesyprogramasalmeria\/files\/2025\/06\/Sin-titulo.jpg 225w, https:\/\/blogsaverroes.juntadeandalucia.es\/planesyprogramasalmeria\/files\/2025\/06\/Sin-titulo-150x150.jpg 150w, https:\/\/blogsaverroes.juntadeandalucia.es\/planesyprogramasalmeria\/files\/2025\/06\/Sin-titulo-80x80.jpg 80w\" sizes=\"(max-width: 225px) 100vw, 225px\" \/><\/a><\/div>\n<div class=\"pt-cv-overlay-wrapper\"><div class=\"pt-cv-taxoterm above_title\"><a href='https:\/\/blogsaverroes.juntadeandalucia.es\/planesyprogramasalmeria\/category\/emprendimiento-educativo\/' title='Emprendimiento educativo' class='pt-cv-tax-emprendimiento-educativo'>Emprendimiento educativo<\/a><\/div><h4 class=\"pt-cv-title\"><a href=\"https:\/\/blogsaverroes.juntadeandalucia.es\/planesyprogramasalmeria\/2025\/06\/30\/escape-room-emprendedor\/\" class=\"_self\" target=\"_self\" >Escape room emprendedor<\/a><\/h4><div class=\"pt-cv-content\">IES AGUADULCE. Os dejamos esta experiencia en la que se cre\u00f3 un escape room para trabajar el emprendimiento educativo dentro ...<br \/><div class=\"pt-cv-rmwrap\"><a href=\"https:\/\/blogsaverroes.juntadeandalucia.es\/planesyprogramasalmeria\/2025\/06\/30\/escape-room-emprendedor\/\" class=\"_self pt-cv-readmore btn btn-success\" target=\"_self\">Leer M\u00e1s<\/a><\/div><\/div><\/div><\/div>\n<div class=\" pt-cv-content-item pt-cv-1-col\" ><div class=\"pt-cv-thumb-wrapper  \"><a href=\"https:\/\/blogsaverroes.juntadeandalucia.es\/planesyprogramasalmeria\/2025\/06\/23\/emprendimiento-educativo\/\" class=\"_self pt-cv-href-thumbnail pt-cv-thumb-default\" target=\"_self\" ><img decoding=\"async\" width=\"300\" height=\"189\" src=\"https:\/\/blogsaverroes.juntadeandalucia.es\/planesyprogramasalmeria\/files\/2025\/06\/Screenshot-2025-06-23-at-10-58-53-Instagram-300x189.png\" class=\"pt-cv-thumbnail\" alt=\"\" srcset=\"https:\/\/blogsaverroes.juntadeandalucia.es\/planesyprogramasalmeria\/files\/2025\/06\/Screenshot-2025-06-23-at-10-58-53-Instagram-300x189.png 300w, https:\/\/blogsaverroes.juntadeandalucia.es\/planesyprogramasalmeria\/files\/2025\/06\/Screenshot-2025-06-23-at-10-58-53-Instagram.png 599w\" sizes=\"(max-width: 300px) 100vw, 300px\" \/><\/a><\/div>\n<div class=\"pt-cv-overlay-wrapper\"><div class=\"pt-cv-taxoterm above_title\"><a href='https:\/\/blogsaverroes.juntadeandalucia.es\/planesyprogramasalmeria\/category\/emprendimiento-educativo\/' title='Emprendimiento educativo' class='pt-cv-tax-emprendimiento-educativo'>Emprendimiento educativo<\/a><\/div><h4 class=\"pt-cv-title\"><a href=\"https:\/\/blogsaverroes.juntadeandalucia.es\/planesyprogramasalmeria\/2025\/06\/23\/emprendimiento-educativo\/\" class=\"_self\" target=\"_self\" >Emprendimiento educativo<\/a><\/h4><div class=\"pt-cv-content\">IES ALHADRA. Nos trae dos actividades relacionadas con el emprendimiento educativo: Nuestro Centro, en colaboraci\u00f3n con ASEMPAL y dentro de ...<br \/><div class=\"pt-cv-rmwrap\"><a href=\"https:\/\/blogsaverroes.juntadeandalucia.es\/planesyprogramasalmeria\/2025\/06\/23\/emprendimiento-educativo\/\" class=\"_self pt-cv-readmore btn btn-success\" target=\"_self\">Leer M\u00e1s<\/a><\/div><\/div><\/div><\/div>\n<div class=\" pt-cv-content-item pt-cv-1-col\" ><div class=\"pt-cv-thumb-wrapper  \"><a href=\"https:\/\/blogsaverroes.juntadeandalucia.es\/planesyprogramasalmeria\/2025\/06\/23\/descifrados\/\" class=\"_self pt-cv-href-thumbnail pt-cv-thumb-default\" target=\"_self\" ><img decoding=\"async\" width=\"300\" height=\"218\" src=\"https:\/\/blogsaverroes.juntadeandalucia.es\/planesyprogramasalmeria\/files\/2025\/06\/Screenshot-2025-06-23-at-10-12-39-DESCIFRADOS-Susana-Tellez-Montoro.pdf-Google-Drive-300x218.png\" class=\"pt-cv-thumbnail\" alt=\"\" srcset=\"https:\/\/blogsaverroes.juntadeandalucia.es\/planesyprogramasalmeria\/files\/2025\/06\/Screenshot-2025-06-23-at-10-12-39-DESCIFRADOS-Susana-Tellez-Montoro.pdf-Google-Drive-300x218.png 300w, https:\/\/blogsaverroes.juntadeandalucia.es\/planesyprogramasalmeria\/files\/2025\/06\/Screenshot-2025-06-23-at-10-12-39-DESCIFRADOS-Susana-Tellez-Montoro.pdf-Google-Drive.png 625w\" sizes=\"(max-width: 300px) 100vw, 300px\" \/><\/a><\/div>\n<div class=\"pt-cv-overlay-wrapper\"><div class=\"pt-cv-taxoterm above_title\"><a href='https:\/\/blogsaverroes.juntadeandalucia.es\/planesyprogramasalmeria\/category\/emprendimiento-educativo\/' title='Emprendimiento educativo' class='pt-cv-tax-emprendimiento-educativo'>Emprendimiento educativo<\/a><\/div><h4 class=\"pt-cv-title\"><a href=\"https:\/\/blogsaverroes.juntadeandalucia.es\/planesyprogramasalmeria\/2025\/06\/23\/descifrados\/\" class=\"_self\" target=\"_self\" >Descifrados<\/a><\/h4><div class=\"pt-cv-content\">IES AZCONA. Este programa de mejora del aprendizaje en etapas de educaci\u00f3n secundaria y bachillerato desarrolla una completa y diversa ...<br \/><div class=\"pt-cv-rmwrap\"><a href=\"https:\/\/blogsaverroes.juntadeandalucia.es\/planesyprogramasalmeria\/2025\/06\/23\/descifrados\/\" class=\"_self pt-cv-readmore btn btn-success\" target=\"_self\">Leer M\u00e1s<\/a><\/div><\/div><\/div><\/div>\n<div class=\" pt-cv-content-item pt-cv-1-col\" ><div class=\"pt-cv-thumb-wrapper  \"><a href=\"https:\/\/blogsaverroes.juntadeandalucia.es\/planesyprogramasalmeria\/2025\/06\/02\/reforestapp-simulacion-empresarial\/\" class=\"_self pt-cv-href-thumbnail pt-cv-thumb-default\" target=\"_self\" ><img loading=\"lazy\" decoding=\"async\" width=\"274\" height=\"192\" src=\"https:\/\/blogsaverroes.juntadeandalucia.es\/planesyprogramasalmeria\/files\/2025\/06\/Screenshot-2025-06-02-at-12-02-30-emprendimiento-y-compromiso-medioambiental-Buscar-con-Google1.png\" class=\"pt-cv-thumbnail\" alt=\"\" \/><\/a><\/div>\n<div class=\"pt-cv-overlay-wrapper\"><div class=\"pt-cv-taxoterm above_title\"><a href='https:\/\/blogsaverroes.juntadeandalucia.es\/planesyprogramasalmeria\/category\/emprendimiento-educativo\/' title='Emprendimiento educativo' class='pt-cv-tax-emprendimiento-educativo'>Emprendimiento educativo<\/a><\/div><h4 class=\"pt-cv-title\"><a href=\"https:\/\/blogsaverroes.juntadeandalucia.es\/planesyprogramasalmeria\/2025\/06\/02\/reforestapp-simulacion-empresarial\/\" class=\"_self\" target=\"_self\" >ReforestApp. Simulaci\u00f3n empresarial<\/a><\/h4><div class=\"pt-cv-content\">\ud83c\udf31 \u00bfQu\u00e9 es ReforestApp? ReforestApp es una iniciativa educativa y emprendedora surgida del m\u00f3dulo de Simulaci\u00f3n Empresarial del ciclo de ...<br \/><div class=\"pt-cv-rmwrap\"><a href=\"https:\/\/blogsaverroes.juntadeandalucia.es\/planesyprogramasalmeria\/2025\/06\/02\/reforestapp-simulacion-empresarial\/\" class=\"_self pt-cv-readmore btn btn-success\" target=\"_self\">Leer M\u00e1s<\/a><\/div><\/div><\/div><\/div><\/div><\/div><\/div>\t\t\t<style type=\"text\/css\" id=\"pt-cv-inline-style-9c30d2c6pg\">#pt-cv-view-50e40dfbp3 .pt-cv-thumb-wrapper::before {background: rgba(0,0,0,.4); opacity: 0.8;}#pt-cv-view-50e40dfbp3 .pt-cv-overlay-wrapper {justify-content: flex-end;}\n#pt-cv-view-50e40dfbp3 > .pt-cv-page {grid-template-columns: repeat(3, 1fr);grid-auto-rows: 250px;grid-gap: 15px;}\n@media all and (max-width: 1024px) { \n#pt-cv-view-50e40dfbp3 > .pt-cv-page {grid-template-columns: repeat(1, 1fr);}\n} \n@media all and (max-width: 767px) { \n#pt-cv-view-50e40dfbp3 > .pt-cv-page {grid-template-columns: repeat(1, 1fr);}\n} <\/style>\r\n\t\t\t\n","protected":false},"excerpt":{"rendered":"","protected":false},"author":1269,"featured_media":0,"parent":0,"menu_order":0,"comment_status":"closed","ping_status":"closed","template":"","meta":{"footnotes":""},"aioseo_notices":[],"_links":{"self":[{"href":"https:\/\/blogsaverroes.juntadeandalucia.es\/planesyprogramasalmeria\/wp-json\/wp\/v2\/pages\/1055"}],"collection":[{"href":"https:\/\/blogsaverroes.juntadeandalucia.es\/planesyprogramasalmeria\/wp-json\/wp\/v2\/pages"}],"about":[{"href":"https:\/\/blogsaverroes.juntadeandalucia.es\/planesyprogramasalmeria\/wp-json\/wp\/v2\/types\/page"}],"author":[{"embeddable":true,"href":"https:\/\/blogsaverroes.juntadeandalucia.es\/planesyprogramasalmeria\/wp-json\/wp\/v2\/users\/1269"}],"replies":[{"embeddable":true,"href":"https:\/\/blogsaverroes.juntadeandalucia.es\/planesyprogramasalmeria\/wp-json\/wp\/v2\/comments?post=1055"}],"version-history":[{"count":1,"href":"https:\/\/blogsaverroes.juntadeandalucia.es\/planesyprogramasalmeria\/wp-json\/wp\/v2\/pages\/1055\/revisions"}],"predecessor-version":[{"id":1056,"href":"https:\/\/blogsaverroes.juntadeandalucia.es\/planesyprogramasalmeria\/wp-json\/wp\/v2\/pages\/1055\/revisions\/1056"}],"wp:attachment":[{"href":"https:\/\/blogsaverroes.juntadeandalucia.es\/planesyprogramasalmeria\/wp-json\/wp\/v2\/media?parent=1055"}],"curies":[{"name":"wp","href":"https:\/\/api.w.org\/{rel}","templated":true}]}}