{"id":243,"date":"2020-07-25T13:45:19","date_gmt":"2020-07-25T11:45:19","guid":{"rendered":"https:\/\/blogsaverroes.juntadeandalucia.es\/planesyprogramascordoba\/?page_id=243"},"modified":"2025-05-05T12:31:17","modified_gmt":"2025-05-05T10:31:17","slug":"novedades","status":"publish","type":"page","link":"https:\/\/blogsaverroes.juntadeandalucia.es\/planesyprogramascordoba\/novedades\/","title":{"rendered":"NOVEDADES"},"content":{"rendered":"\t\t<div data-elementor-type=\"wp-page\" data-elementor-id=\"243\" class=\"elementor elementor-243\">\n\t\t\t\t\t\t<section class=\"elementor-section elementor-top-section elementor-element elementor-element-fe4ce15 elementor-section-boxed elementor-section-height-default elementor-section-height-default\" data-id=\"fe4ce15\" data-element_type=\"section\">\n\t\t\t\t\t\t<div class=\"elementor-container elementor-column-gap-default\">\n\t\t\t\t\t<div class=\"elementor-column elementor-col-100 elementor-top-column elementor-element elementor-element-08c8337\" data-id=\"08c8337\" data-element_type=\"column\">\n\t\t\t<div class=\"elementor-widget-wrap elementor-element-populated\">\n\t\t\t\t\t\t<div class=\"elementor-element elementor-element-8ae91e2 elementor-widget elementor-widget-contentviews_widget_scrollable\" data-id=\"8ae91e2\" data-element_type=\"widget\" data-widget_type=\"contentviews_widget_scrollable.default\">\n\t\t\t\t<div class=\"elementor-widget-container\">\n\t\t\t\t\t<div class='pt-cv-wrapper'> <div class=\"pt-cv-view pt-cv-scrollable pt-cv-colsys iscvblock iscvelementor scrollable layout1\" id=\"pt-cv-view-8ae91e2\"><div data-id=\"pt-cv-page-1\" class=\"pt-cv-page\" data-cvc=\"1\"><div id=\"1974423t7r\" class=\"pt-cv-carousel pt-cv-slide\" data-ride=\"cvcarousel\" data-interval=false><ol class=\"pt-cv-carousel-indicators\"><li data-target=\"#1974423t7r\" data-cvslide-to=\"0\" class=\"active\"><\/li>\n<li data-target=\"#1974423t7r\" data-cvslide-to=\"1\" class=\"\"><\/li>\n<li data-target=\"#1974423t7r\" data-cvslide-to=\"2\" class=\"\"><\/li>\n<li data-target=\"#1974423t7r\" data-cvslide-to=\"3\" class=\"\"><\/li>\n<li data-target=\"#1974423t7r\" data-cvslide-to=\"4\" class=\"\"><\/li><\/ol>\n<div class=\"carousel-inner\"><div class=\"item active\"><div class=\"row\"><div class=\"col-md-12 pt-cv-content-item pt-cv-1-col\" ><div class=\"pt-cv-thumb-wrapper  \"><a href=\"https:\/\/blogsaverroes.juntadeandalucia.es\/planesyprogramascordoba\/biblioteca-publica-grupo-cantico-cursos-sobre-tecnologia-para-mayores-de-60-anos\/\" class=\"_self pt-cv-href-thumbnail pt-cv-thumb-default\" target=\"_self\" ><img decoding=\"async\" src=\"https:\/\/blogsaverroes.juntadeandalucia.es\/planesyprogramascordoba\/wp-content\/plugins\/content-views-query-and-display-post-page\/public\/assets\/images\/default_image.png\" class=\"pt-cv-thumbnail cv-default-img\" alt=\"Biblioteca P\u00fablica Grupo C\u00e1ntico.- Cursos sobre tecnolog\u00eda para mayores de 60 a\u00f1os\" title=\"\" \/><\/a><\/div>\n<div class=\"pt-cv-carousel-caption pt-cv-cap-w-img\"><div class=\"pt-cv-taxoterm above_title\"><a href='https:\/\/blogsaverroes.juntadeandalucia.es\/planesyprogramascordoba\/category\/infocultura\/' title='INFOCULTURA' class='pt-cv-tax-infocultura'>INFOCULTURA<\/a><\/div>\n<h4 class=\"pt-cv-title\"><a href=\"https:\/\/blogsaverroes.juntadeandalucia.es\/planesyprogramascordoba\/biblioteca-publica-grupo-cantico-cursos-sobre-tecnologia-para-mayores-de-60-anos\/\" class=\"_self\" target=\"_self\" >Biblioteca P\u00fablica Grupo C\u00e1ntico.- Cursos sobre tecnolog\u00eda para mayores de 60 a\u00f1os<\/a><\/h4>\n<div class=\"pt-cv-content\">La ...<\/div>\n<div class=\"pt-cv-rmwrap\"><a href=\"https:\/\/blogsaverroes.juntadeandalucia.es\/planesyprogramascordoba\/biblioteca-publica-grupo-cantico-cursos-sobre-tecnologia-para-mayores-de-60-anos\/\" class=\"_self pt-cv-readmore btn btn-success\" target=\"_self\" >Leer M\u00e1s<\/a><\/div>\n<div class=\"pt-cv-meta-fields\"><span class=\"entry-date\"> <time datetime=\"2026-04-30T13:07:39+02:00\">30 abril, 2026<\/time><\/span><span> \/ <\/span><span class=\"author\"> <a href=\"https:\/\/blogsaverroes.juntadeandalucia.es\/planesyprogramascordoba\/author\/bartolome-delgado-cerrillo\/\" rel=\"author\">Bartolom\u00e9 Delgado Cerrillo<\/a><\/span><\/div><\/div><\/div><\/div><\/div>\n<div class=\"item\"><div class=\"row\"><div class=\"col-md-12 pt-cv-content-item pt-cv-1-col\" ><div class=\"pt-cv-thumb-wrapper  \"><a href=\"https:\/\/blogsaverroes.juntadeandalucia.es\/planesyprogramascordoba\/ii-torneo-de-debate-del-colegio-trinidad\/\" class=\"_self pt-cv-href-thumbnail pt-cv-thumb-default\" target=\"_self\" ><img decoding=\"async\" src=\"https:\/\/blogsaverroes.juntadeandalucia.es\/planesyprogramascordoba\/wp-content\/plugins\/content-views-query-and-display-post-page\/public\/assets\/images\/default_image.png\" class=\"pt-cv-thumbnail cv-default-img\" alt=\"II Torneo de Debate del Colegio Trinidad\" title=\"\" \/><\/a><\/div>\n<div class=\"pt-cv-carousel-caption pt-cv-cap-w-img\"><div class=\"pt-cv-taxoterm above_title\"><a href='https:\/\/blogsaverroes.juntadeandalucia.es\/planesyprogramascordoba\/category\/buenas-practicas\/' title='PR\u00c1CTICAS INSPIRADORAS' class='pt-cv-tax-buenas-practicas'>PR\u00c1CTICAS INSPIRADORAS<\/a><\/div>\n<h4 class=\"pt-cv-title\"><a href=\"https:\/\/blogsaverroes.juntadeandalucia.es\/planesyprogramascordoba\/ii-torneo-de-debate-del-colegio-trinidad\/\" class=\"_self\" target=\"_self\" >II Torneo de Debate del Colegio Trinidad<\/a><\/h4>\n<div class=\"pt-cv-content\">II ...<\/div>\n<div class=\"pt-cv-rmwrap\"><a href=\"https:\/\/blogsaverroes.juntadeandalucia.es\/planesyprogramascordoba\/ii-torneo-de-debate-del-colegio-trinidad\/\" class=\"_self pt-cv-readmore btn btn-success\" target=\"_self\" >Leer M\u00e1s<\/a><\/div>\n<div class=\"pt-cv-meta-fields\"><span class=\"entry-date\"> <time datetime=\"2026-04-29T19:49:57+02:00\">29 abril, 2026<\/time><\/span><span> \/ <\/span><span class=\"author\"> <a href=\"https:\/\/blogsaverroes.juntadeandalucia.es\/planesyprogramascordoba\/author\/bartolome-delgado-cerrillo\/\" rel=\"author\">Bartolom\u00e9 Delgado Cerrillo<\/a><\/span><\/div><\/div><\/div><\/div><\/div>\n<div class=\"item\"><div class=\"row\"><div class=\"col-md-12 pt-cv-content-item pt-cv-1-col\" ><div class=\"pt-cv-thumb-wrapper  \"><a href=\"https:\/\/blogsaverroes.juntadeandalucia.es\/planesyprogramascordoba\/ceip-colon-actividades-conmemorativas-de-la-semana-del-libro\/\" class=\"_self pt-cv-href-thumbnail pt-cv-thumb-default\" target=\"_self\" ><img decoding=\"async\" src=\"https:\/\/blogsaverroes.juntadeandalucia.es\/planesyprogramascordoba\/wp-content\/plugins\/content-views-query-and-display-post-page\/public\/assets\/images\/default_image.png\" class=\"pt-cv-thumbnail cv-default-img\" alt=\"CEIP Col\u00f3n.- Actividades conmemorativas de la Semana del Libro\" title=\"\" \/><\/a><\/div>\n<div class=\"pt-cv-carousel-caption pt-cv-cap-w-img\"><div class=\"pt-cv-taxoterm above_title\"><a href='https:\/\/blogsaverroes.juntadeandalucia.es\/planesyprogramascordoba\/category\/buenas-practicas\/' title='PR\u00c1CTICAS INSPIRADORAS' class='pt-cv-tax-buenas-practicas'>PR\u00c1CTICAS INSPIRADORAS<\/a><\/div>\n<h4 class=\"pt-cv-title\"><a href=\"https:\/\/blogsaverroes.juntadeandalucia.es\/planesyprogramascordoba\/ceip-colon-actividades-conmemorativas-de-la-semana-del-libro\/\" class=\"_self\" target=\"_self\" >CEIP Col\u00f3n.- Actividades conmemorativas de la Semana del Libro<\/a><\/h4>\n<div class=\"pt-cv-content\">Quiero ...<\/div>\n<div class=\"pt-cv-rmwrap\"><a href=\"https:\/\/blogsaverroes.juntadeandalucia.es\/planesyprogramascordoba\/ceip-colon-actividades-conmemorativas-de-la-semana-del-libro\/\" class=\"_self pt-cv-readmore btn btn-success\" target=\"_self\" >Leer M\u00e1s<\/a><\/div>\n<div class=\"pt-cv-meta-fields\"><span class=\"entry-date\"> <time datetime=\"2026-04-29T13:53:12+02:00\">29 abril, 2026<\/time><\/span><span> \/ <\/span><span class=\"author\"> <a href=\"https:\/\/blogsaverroes.juntadeandalucia.es\/planesyprogramascordoba\/author\/bartolome-delgado-cerrillo\/\" rel=\"author\">Bartolom\u00e9 Delgado Cerrillo<\/a><\/span><\/div><\/div><\/div><\/div><\/div>\n<div class=\"item\"><div class=\"row\"><div class=\"col-md-12 pt-cv-content-item pt-cv-1-col\" ><div class=\"pt-cv-thumb-wrapper  \"><a href=\"https:\/\/blogsaverroes.juntadeandalucia.es\/planesyprogramascordoba\/preestreno-de-la-obra-lorca-y-la-casa-de-bernarda-alba-en-el-ies-luis-de-gongora\/\" class=\"_self pt-cv-href-thumbnail pt-cv-thumb-default\" target=\"_self\" ><img decoding=\"async\" src=\"https:\/\/blogsaverroes.juntadeandalucia.es\/planesyprogramascordoba\/wp-content\/plugins\/content-views-query-and-display-post-page\/public\/assets\/images\/default_image.png\" class=\"pt-cv-thumbnail cv-default-img\" alt=\"Preestreno de la obra \u00abLorca y la casa de Bernarda Alba\u00bb en el IES Luis de G\u00f3ngora\" title=\"\" \/><\/a><\/div>\n<div class=\"pt-cv-carousel-caption pt-cv-cap-w-img\"><div class=\"pt-cv-taxoterm above_title\"><a href='https:\/\/blogsaverroes.juntadeandalucia.es\/planesyprogramascordoba\/category\/buenas-practicas\/' title='PR\u00c1CTICAS INSPIRADORAS' class='pt-cv-tax-buenas-practicas'>PR\u00c1CTICAS INSPIRADORAS<\/a><\/div>\n<h4 class=\"pt-cv-title\"><a href=\"https:\/\/blogsaverroes.juntadeandalucia.es\/planesyprogramascordoba\/preestreno-de-la-obra-lorca-y-la-casa-de-bernarda-alba-en-el-ies-luis-de-gongora\/\" class=\"_self\" target=\"_self\" >Preestreno de la obra \u00abLorca y la casa de Bernarda Alba\u00bb en el IES Luis de G\u00f3ngora<\/a><\/h4>\n<div class=\"pt-cv-content\">Hoy, ...<\/div>\n<div class=\"pt-cv-rmwrap\"><a href=\"https:\/\/blogsaverroes.juntadeandalucia.es\/planesyprogramascordoba\/preestreno-de-la-obra-lorca-y-la-casa-de-bernarda-alba-en-el-ies-luis-de-gongora\/\" class=\"_self pt-cv-readmore btn btn-success\" target=\"_self\" >Leer M\u00e1s<\/a><\/div>\n<div class=\"pt-cv-meta-fields\"><span class=\"entry-date\"> <time datetime=\"2026-04-29T13:12:58+02:00\">29 abril, 2026<\/time><\/span><span> \/ <\/span><span class=\"author\"> <a href=\"https:\/\/blogsaverroes.juntadeandalucia.es\/planesyprogramascordoba\/author\/bartolome-delgado-cerrillo\/\" rel=\"author\">Bartolom\u00e9 Delgado Cerrillo<\/a><\/span><\/div><\/div><\/div><\/div><\/div>\n<div class=\"item\"><div class=\"row\"><div class=\"col-md-12 pt-cv-content-item pt-cv-1-col\" ><div class=\"pt-cv-thumb-wrapper  \"><a href=\"https:\/\/blogsaverroes.juntadeandalucia.es\/planesyprogramascordoba\/biblioteca-grupo-cantico-poesia-en-el-centro-juan-antonio-bernier\/\" class=\"_self pt-cv-href-thumbnail pt-cv-thumb-default\" target=\"_self\" ><img decoding=\"async\" src=\"https:\/\/blogsaverroes.juntadeandalucia.es\/planesyprogramascordoba\/wp-content\/plugins\/content-views-query-and-display-post-page\/public\/assets\/images\/default_image.png\" class=\"pt-cv-thumbnail cv-default-img\" alt=\"Biblioteca Grupo C\u00e1ntico.- Poes\u00eda en el Centro. Juan Antonio Bernier\" title=\"\" \/><\/a><\/div>\n<div class=\"pt-cv-carousel-caption pt-cv-cap-w-img\"><div class=\"pt-cv-taxoterm above_title\"><a href='https:\/\/blogsaverroes.juntadeandalucia.es\/planesyprogramascordoba\/category\/infocultura\/' title='INFOCULTURA' class='pt-cv-tax-infocultura'>INFOCULTURA<\/a><\/div>\n<h4 class=\"pt-cv-title\"><a href=\"https:\/\/blogsaverroes.juntadeandalucia.es\/planesyprogramascordoba\/biblioteca-grupo-cantico-poesia-en-el-centro-juan-antonio-bernier\/\" class=\"_self\" target=\"_self\" >Biblioteca Grupo C\u00e1ntico.- Poes\u00eda en el Centro. Juan Antonio Bernier<\/a><\/h4>\n<div class=\"pt-cv-content\">El\u00a0Centro ...<\/div>\n<div class=\"pt-cv-rmwrap\"><a href=\"https:\/\/blogsaverroes.juntadeandalucia.es\/planesyprogramascordoba\/biblioteca-grupo-cantico-poesia-en-el-centro-juan-antonio-bernier\/\" class=\"_self pt-cv-readmore btn btn-success\" target=\"_self\" >Leer M\u00e1s<\/a><\/div>\n<div class=\"pt-cv-meta-fields\"><span class=\"entry-date\"> <time datetime=\"2026-04-24T13:32:08+02:00\">24 abril, 2026<\/time><\/span><span> \/ <\/span><span class=\"author\"> <a href=\"https:\/\/blogsaverroes.juntadeandalucia.es\/planesyprogramascordoba\/author\/bartolome-delgado-cerrillo\/\" rel=\"author\">Bartolom\u00e9 Delgado Cerrillo<\/a><\/span><\/div><\/div><\/div><\/div><\/div><\/div>\n<a class=\"left carousel-control\" data-target=\"#1974423t7r\" data-cvslide=\"prev\">\r\n\t\t\t\t\t\t<span class=\"glyphicon glyphicon-chevron-left\"><\/span>\r\n\t\t\t\t\t<\/a>\r\n\t\t\t\t\t<a class=\"right carousel-control\" data-target=\"#1974423t7r\" data-cvslide=\"next\">\r\n\t\t\t\t\t\t<span class=\"glyphicon glyphicon-chevron-right\"><\/span>\r\n\t\t\t\t\t<\/a><\/div><\/div><\/div> <\/div> \t\t\t\t<\/div>\n\t\t\t\t<\/div>\n\t\t\t\t\t<\/div>\n\t\t<\/div>\n\t\t\t\t\t<\/div>\n\t\t<\/section>\n\t\t\t\t<section class=\"elementor-section elementor-top-section elementor-element elementor-element-a64add5 elementor-section-boxed elementor-section-height-default elementor-section-height-default\" data-id=\"a64add5\" data-element_type=\"section\">\n\t\t\t\t\t\t<div class=\"elementor-container elementor-column-gap-default\">\n\t\t\t\t\t<div class=\"elementor-column elementor-col-100 elementor-top-column elementor-element elementor-element-af89afe\" data-id=\"af89afe\" data-element_type=\"column\">\n\t\t\t<div class=\"elementor-widget-wrap elementor-element-populated\">\n\t\t\t\t\t\t<div class=\"elementor-element elementor-element-9b2b6a7 elementor-widget elementor-widget-contentviews_widget_list1\" data-id=\"9b2b6a7\" data-element_type=\"widget\" data-widget_type=\"contentviews_widget_list1.default\">\n\t\t\t\t<div class=\"elementor-widget-container\">\n\t\t\t\t\t<div class='pt-cv-wrapper'> <div class=\"pt-cv-view pt-cv-blockgrid iscvblock iscvelementor list1 layout1\" id=\"pt-cv-view-9b2b6a7\"><div data-id=\"pt-cv-page-1\" class=\"pt-cv-page\" data-cvc=\"1\"><div class=\" pt-cv-content-item pt-cv-2-col\" ><div class=\"pt-cv-thumb-wrapper pull-left \"><a href=\"https:\/\/blogsaverroes.juntadeandalucia.es\/planesyprogramascordoba\/biblioteca-publica-grupo-cantico-cursos-sobre-tecnologia-para-mayores-de-60-anos\/\" class=\"_self pt-cv-href-thumbnail pt-cv-thumb-left\" target=\"_self\" ><img decoding=\"async\" src=\"https:\/\/blogsaverroes.juntadeandalucia.es\/planesyprogramascordoba\/wp-content\/plugins\/content-views-query-and-display-post-page\/public\/assets\/images\/default_image.png\" class=\"pt-cv-thumbnail pull-left cv-default-img\" alt=\"Biblioteca P\u00fablica Grupo C\u00e1ntico.- Cursos sobre tecnolog\u00eda para mayores de 60 a\u00f1os\" title=\"\" \/><\/a><\/div>\n<div class=\"pt-cv-colwrap\"><div class=\"pt-cv-taxoterm above_title\"><a href='https:\/\/blogsaverroes.juntadeandalucia.es\/planesyprogramascordoba\/category\/infocultura\/' title='INFOCULTURA' class='pt-cv-tax-infocultura'>INFOCULTURA<\/a><\/div><div class=\"pt-cv-content\">La Biblioteca P\u00fablica Grupo C\u00e1ntico y la Fundaci\u00f3n Cibervoluntarios, a trav\u00e9s del programa Yo Conecto, ofrecen los siguientes cursos gratuitos ...<\/div><div class=\"pt-cv-rmwrap\"><a href=\"https:\/\/blogsaverroes.juntadeandalucia.es\/planesyprogramascordoba\/biblioteca-publica-grupo-cantico-cursos-sobre-tecnologia-para-mayores-de-60-anos\/\" class=\"_self pt-cv-readmore btn btn-success\" target=\"_self\" >Leer M\u00e1s<\/a><\/div><div class=\"pt-cv-meta-fields\"><span class=\"entry-date\"> <time datetime=\"2026-04-30T13:07:39+02:00\">30 abril, 2026<\/time><\/span><span> \/ <\/span><span class=\"author\"> <a href=\"https:\/\/blogsaverroes.juntadeandalucia.es\/planesyprogramascordoba\/author\/bartolome-delgado-cerrillo\/\" rel=\"author\">Bartolom\u00e9 Delgado Cerrillo<\/a><\/span><\/div><\/div><\/div>\n<div class=\" pt-cv-content-item pt-cv-2-col\" ><div class=\"pt-cv-thumb-wrapper pull-left \"><a href=\"https:\/\/blogsaverroes.juntadeandalucia.es\/planesyprogramascordoba\/ii-torneo-de-debate-del-colegio-trinidad\/\" class=\"_self pt-cv-href-thumbnail pt-cv-thumb-left\" target=\"_self\" ><img decoding=\"async\" src=\"https:\/\/blogsaverroes.juntadeandalucia.es\/planesyprogramascordoba\/wp-content\/plugins\/content-views-query-and-display-post-page\/public\/assets\/images\/default_image.png\" class=\"pt-cv-thumbnail pull-left cv-default-img\" alt=\"II Torneo de Debate del Colegio Trinidad\" title=\"\" \/><\/a><\/div>\n<div class=\"pt-cv-colwrap\"><div class=\"pt-cv-taxoterm above_title\"><a href='https:\/\/blogsaverroes.juntadeandalucia.es\/planesyprogramascordoba\/category\/buenas-practicas\/' title='PR\u00c1CTICAS INSPIRADORAS' class='pt-cv-tax-buenas-practicas'>PR\u00c1CTICAS INSPIRADORAS<\/a><\/div><div class=\"pt-cv-content\">II TORNEO DE DEBATE DEL COLEGIO TRINIDAD \u00bfSupone la inteligencia artificial un riesgo para la humanidad? Podr\u00e1n participar todos aquellos ...<\/div><div class=\"pt-cv-rmwrap\"><a href=\"https:\/\/blogsaverroes.juntadeandalucia.es\/planesyprogramascordoba\/ii-torneo-de-debate-del-colegio-trinidad\/\" class=\"_self pt-cv-readmore btn btn-success\" target=\"_self\" >Leer M\u00e1s<\/a><\/div><div class=\"pt-cv-meta-fields\"><span class=\"entry-date\"> <time datetime=\"2026-04-29T19:49:57+02:00\">29 abril, 2026<\/time><\/span><span> \/ <\/span><span class=\"author\"> <a href=\"https:\/\/blogsaverroes.juntadeandalucia.es\/planesyprogramascordoba\/author\/bartolome-delgado-cerrillo\/\" rel=\"author\">Bartolom\u00e9 Delgado Cerrillo<\/a><\/span><\/div><\/div><\/div>\n<div class=\" pt-cv-content-item pt-cv-2-col\" ><div class=\"pt-cv-thumb-wrapper pull-left \"><a href=\"https:\/\/blogsaverroes.juntadeandalucia.es\/planesyprogramascordoba\/ceip-colon-actividades-conmemorativas-de-la-semana-del-libro\/\" class=\"_self pt-cv-href-thumbnail pt-cv-thumb-left\" target=\"_self\" ><img decoding=\"async\" src=\"https:\/\/blogsaverroes.juntadeandalucia.es\/planesyprogramascordoba\/wp-content\/plugins\/content-views-query-and-display-post-page\/public\/assets\/images\/default_image.png\" class=\"pt-cv-thumbnail pull-left cv-default-img\" alt=\"CEIP Col\u00f3n.- Actividades conmemorativas de la Semana del Libro\" title=\"\" \/><\/a><\/div>\n<div class=\"pt-cv-colwrap\"><div class=\"pt-cv-taxoterm above_title\"><a href='https:\/\/blogsaverroes.juntadeandalucia.es\/planesyprogramascordoba\/category\/buenas-practicas\/' title='PR\u00c1CTICAS INSPIRADORAS' class='pt-cv-tax-buenas-practicas'>PR\u00c1CTICAS INSPIRADORAS<\/a><\/div><div class=\"pt-cv-content\">Quiero deciros que he visitado el CEIP Col\u00f3n, a cuya Semana del Libro Beatriz, la directora del centro,\u00a0 y Pedro, ...<\/div><div class=\"pt-cv-rmwrap\"><a href=\"https:\/\/blogsaverroes.juntadeandalucia.es\/planesyprogramascordoba\/ceip-colon-actividades-conmemorativas-de-la-semana-del-libro\/\" class=\"_self pt-cv-readmore btn btn-success\" target=\"_self\" >Leer M\u00e1s<\/a><\/div><div class=\"pt-cv-meta-fields\"><span class=\"entry-date\"> <time datetime=\"2026-04-29T13:53:12+02:00\">29 abril, 2026<\/time><\/span><span> \/ <\/span><span class=\"author\"> <a href=\"https:\/\/blogsaverroes.juntadeandalucia.es\/planesyprogramascordoba\/author\/bartolome-delgado-cerrillo\/\" rel=\"author\">Bartolom\u00e9 Delgado Cerrillo<\/a><\/span><\/div><\/div><\/div>\n<div class=\" pt-cv-content-item pt-cv-2-col\" ><div class=\"pt-cv-thumb-wrapper pull-left \"><a href=\"https:\/\/blogsaverroes.juntadeandalucia.es\/planesyprogramascordoba\/preestreno-de-la-obra-lorca-y-la-casa-de-bernarda-alba-en-el-ies-luis-de-gongora\/\" class=\"_self pt-cv-href-thumbnail pt-cv-thumb-left\" target=\"_self\" ><img decoding=\"async\" src=\"https:\/\/blogsaverroes.juntadeandalucia.es\/planesyprogramascordoba\/wp-content\/plugins\/content-views-query-and-display-post-page\/public\/assets\/images\/default_image.png\" class=\"pt-cv-thumbnail pull-left cv-default-img\" alt=\"Preestreno de la obra \u00abLorca y la casa de Bernarda Alba\u00bb en el IES Luis de G\u00f3ngora\" title=\"\" \/><\/a><\/div>\n<div class=\"pt-cv-colwrap\"><div class=\"pt-cv-taxoterm above_title\"><a href='https:\/\/blogsaverroes.juntadeandalucia.es\/planesyprogramascordoba\/category\/buenas-practicas\/' title='PR\u00c1CTICAS INSPIRADORAS' class='pt-cv-tax-buenas-practicas'>PR\u00c1CTICAS INSPIRADORAS<\/a><\/div><div class=\"pt-cv-content\">Hoy, dentro de las actividades programadas a nivel interno en el IES Luis de G\u00f3ngora con motivo del D\u00eda del ...<\/div><div class=\"pt-cv-rmwrap\"><a href=\"https:\/\/blogsaverroes.juntadeandalucia.es\/planesyprogramascordoba\/preestreno-de-la-obra-lorca-y-la-casa-de-bernarda-alba-en-el-ies-luis-de-gongora\/\" class=\"_self pt-cv-readmore btn btn-success\" target=\"_self\" >Leer M\u00e1s<\/a><\/div><div class=\"pt-cv-meta-fields\"><span class=\"entry-date\"> <time datetime=\"2026-04-29T13:12:58+02:00\">29 abril, 2026<\/time><\/span><span> \/ <\/span><span class=\"author\"> <a href=\"https:\/\/blogsaverroes.juntadeandalucia.es\/planesyprogramascordoba\/author\/bartolome-delgado-cerrillo\/\" rel=\"author\">Bartolom\u00e9 Delgado Cerrillo<\/a><\/span><\/div><\/div><\/div>\n<div class=\" pt-cv-content-item pt-cv-2-col\" ><div class=\"pt-cv-thumb-wrapper pull-left \"><a href=\"https:\/\/blogsaverroes.juntadeandalucia.es\/planesyprogramascordoba\/biblioteca-grupo-cantico-poesia-en-el-centro-juan-antonio-bernier\/\" class=\"_self pt-cv-href-thumbnail pt-cv-thumb-left\" target=\"_self\" ><img decoding=\"async\" src=\"https:\/\/blogsaverroes.juntadeandalucia.es\/planesyprogramascordoba\/wp-content\/plugins\/content-views-query-and-display-post-page\/public\/assets\/images\/default_image.png\" class=\"pt-cv-thumbnail pull-left cv-default-img\" alt=\"Biblioteca Grupo C\u00e1ntico.- Poes\u00eda en el Centro. Juan Antonio Bernier\" title=\"\" \/><\/a><\/div>\n<div class=\"pt-cv-colwrap\"><div class=\"pt-cv-taxoterm above_title\"><a href='https:\/\/blogsaverroes.juntadeandalucia.es\/planesyprogramascordoba\/category\/infocultura\/' title='INFOCULTURA' class='pt-cv-tax-infocultura'>INFOCULTURA<\/a><\/div><div class=\"pt-cv-content\">El\u00a0Centro Andaluz de las Letras\u00a0les invita en\u00a0C\u00f3rdoba\u00a0al ciclo\u00a0Poes\u00eda en el Centro\u00a0con\u00a0Juan Antonio Bernier, con motivo de la publicaci\u00f3n de su\u00a0libro\u00a0As\u00ed ...<\/div><div class=\"pt-cv-rmwrap\"><a href=\"https:\/\/blogsaverroes.juntadeandalucia.es\/planesyprogramascordoba\/biblioteca-grupo-cantico-poesia-en-el-centro-juan-antonio-bernier\/\" class=\"_self pt-cv-readmore btn btn-success\" target=\"_self\" >Leer M\u00e1s<\/a><\/div><div class=\"pt-cv-meta-fields\"><span class=\"entry-date\"> <time datetime=\"2026-04-24T13:32:08+02:00\">24 abril, 2026<\/time><\/span><span> \/ <\/span><span class=\"author\"> <a href=\"https:\/\/blogsaverroes.juntadeandalucia.es\/planesyprogramascordoba\/author\/bartolome-delgado-cerrillo\/\" rel=\"author\">Bartolom\u00e9 Delgado Cerrillo<\/a><\/span><\/div><\/div><\/div>\n<div class=\" pt-cv-content-item pt-cv-2-col\" ><div class=\"pt-cv-thumb-wrapper pull-left \"><a href=\"https:\/\/blogsaverroes.juntadeandalucia.es\/planesyprogramascordoba\/biblioteca-grupo-cantico-agenda-cultural-20-al-25-de-abril-2026\/\" class=\"_self pt-cv-href-thumbnail pt-cv-thumb-left\" target=\"_self\" ><img decoding=\"async\" src=\"https:\/\/blogsaverroes.juntadeandalucia.es\/planesyprogramascordoba\/wp-content\/plugins\/content-views-query-and-display-post-page\/public\/assets\/images\/default_image.png\" class=\"pt-cv-thumbnail pull-left cv-default-img\" alt=\"Biblioteca Grupo c\u00e1ntico.- Agenda Cultural - 20 al 25 de abril - 2026\" title=\"\" \/><\/a><\/div>\n<div class=\"pt-cv-colwrap\"><div class=\"pt-cv-taxoterm above_title\"><a href='https:\/\/blogsaverroes.juntadeandalucia.es\/planesyprogramascordoba\/category\/infocultura\/' title='INFOCULTURA' class='pt-cv-tax-infocultura'>INFOCULTURA<\/a><\/div><div class=\"pt-cv-content\"> ...<\/div><div class=\"pt-cv-rmwrap\"><a href=\"https:\/\/blogsaverroes.juntadeandalucia.es\/planesyprogramascordoba\/biblioteca-grupo-cantico-agenda-cultural-20-al-25-de-abril-2026\/\" class=\"_self pt-cv-readmore btn btn-success\" target=\"_self\" >Leer M\u00e1s<\/a><\/div><div class=\"pt-cv-meta-fields\"><span class=\"entry-date\"> <time datetime=\"2026-04-20T10:40:04+02:00\">20 abril, 2026<\/time><\/span><span> \/ <\/span><span class=\"author\"> <a href=\"https:\/\/blogsaverroes.juntadeandalucia.es\/planesyprogramascordoba\/author\/bartolome-delgado-cerrillo\/\" rel=\"author\">Bartolom\u00e9 Delgado Cerrillo<\/a><\/span><\/div><\/div><\/div><\/div><\/div> <\/div> \t\t\t\t<\/div>\n\t\t\t\t<\/div>\n\t\t\t\t\t<\/div>\n\t\t<\/div>\n\t\t\t\t\t<\/div>\n\t\t<\/section>\n\t\t\t\t<\/div>\n\t\t","protected":false},"excerpt":{"rendered":"<p>INFOCULTURA \u00abLeer para vivir. \u00bfPuede la lectura cambiar vidas\u00bb. Conferencia del profesor Bartolom\u00e9 Delgado Cerrillo El &#8230; Leer M\u00e1s 2 mayo, 2025 \/ Bartolom\u00e9 Delgado Cerrillo INFOCULTURA DETORRES EDITORES presenta los poemarios \u00abLA LUZ SIEMPRE VUELVE\u00bb de ANA CRISTINA TOLEDANO y \u00abTEMPORAL\u00bb de DAVID GONZ\u00c1LEZ LAGO DETORRES &#8230; Leer M\u00e1s 30 abril, 2025 \/ Bartolom\u00e9 &hellip; <\/p>\n<p><a class=\"more-link btn\" href=\"https:\/\/blogsaverroes.juntadeandalucia.es\/planesyprogramascordoba\/biblioteca-grupo-cantico-agenda-cultural-20-al-25-de-abril-2026\/\">Seguir leyendo<\/a><\/p>\n","protected":false},"author":10341,"featured_media":0,"parent":0,"menu_order":0,"comment_status":"closed","ping_status":"closed","template":"","meta":{"ngg_post_thumbnail":0,"footnotes":""},"aioseo_notices":[],"post_mailing_queue_ids":[],"_links":{"self":[{"href":"https:\/\/blogsaverroes.juntadeandalucia.es\/planesyprogramascordoba\/wp-json\/wp\/v2\/pages\/243"}],"collection":[{"href":"https:\/\/blogsaverroes.juntadeandalucia.es\/planesyprogramascordoba\/wp-json\/wp\/v2\/pages"}],"about":[{"href":"https:\/\/blogsaverroes.juntadeandalucia.es\/planesyprogramascordoba\/wp-json\/wp\/v2\/types\/page"}],"author":[{"embeddable":true,"href":"https:\/\/blogsaverroes.juntadeandalucia.es\/planesyprogramascordoba\/wp-json\/wp\/v2\/users\/10341"}],"replies":[{"embeddable":true,"href":"https:\/\/blogsaverroes.juntadeandalucia.es\/planesyprogramascordoba\/wp-json\/wp\/v2\/comments?post=243"}],"version-history":[{"count":10,"href":"https:\/\/blogsaverroes.juntadeandalucia.es\/planesyprogramascordoba\/wp-json\/wp\/v2\/pages\/243\/revisions"}],"predecessor-version":[{"id":5098,"href":"https:\/\/blogsaverroes.juntadeandalucia.es\/planesyprogramascordoba\/wp-json\/wp\/v2\/pages\/243\/revisions\/5098"}],"wp:attachment":[{"href":"https:\/\/blogsaverroes.juntadeandalucia.es\/planesyprogramascordoba\/wp-json\/wp\/v2\/media?parent=243"}],"curies":[{"name":"wp","href":"https:\/\/api.w.org\/{rel}","templated":true}]}}