{"id":2,"date":"2021-11-02T12:44:34","date_gmt":"2021-11-02T12:44:34","guid":{"rendered":"https:\/\/blogsaverroes.juntadeandalucia.es\/plasticrecicla2\/?page_id=2"},"modified":"2021-11-02T13:35:12","modified_gmt":"2021-11-02T13:35:12","slug":"pagina-ejemplo","status":"publish","type":"page","link":"https:\/\/blogsaverroes.juntadeandalucia.es\/plasticrecicla2\/pagina-ejemplo\/","title":{"rendered":"PASO A PASO"},"content":{"rendered":"\r\n<p>Esta es el primer paso de nuestra andadura con este grupo de trabajo. La formaci\u00f3n e innovaci\u00f3n del profesorado es vital para llevar a cabo una buena labor docente en el aula.&nbsp;<\/p>\r\n\r\n\r\n\r\n<blockquote class=\"wp-block-quote\">\r\n<p>\u00a1Bienvenidos!&nbsp; Si os interesa el reciclado de pol\u00edmeros para dise\u00f1o de producto, \u00e9ste es tu sito.&nbsp;<\/p>\r\n<\/blockquote>\r\n\r\n\r\n\r\n<p>&nbsp;<\/p>\r\n","protected":false},"excerpt":{"rendered":"<p>Esta es el primer paso de nuestra andadura con este grupo de trabajo. La formaci\u00f3n e innovaci\u00f3n del profesorado es vital para llevar a cabo una buena labor docente en el aula.&nbsp; \u00a1Bienvenidos!&nbsp; Si os interesa el reciclado de pol\u00edmeros para dise\u00f1o de producto, \u00e9ste es tu sito.&nbsp; &nbsp;<\/p>\n","protected":false},"author":11744,"featured_media":0,"parent":0,"menu_order":0,"comment_status":"closed","ping_status":"open","template":"","meta":{"ngg_post_thumbnail":0,"footnotes":""},"aioseo_notices":[],"_links":{"self":[{"href":"https:\/\/blogsaverroes.juntadeandalucia.es\/plasticrecicla2\/wp-json\/wp\/v2\/pages\/2"}],"collection":[{"href":"https:\/\/blogsaverroes.juntadeandalucia.es\/plasticrecicla2\/wp-json\/wp\/v2\/pages"}],"about":[{"href":"https:\/\/blogsaverroes.juntadeandalucia.es\/plasticrecicla2\/wp-json\/wp\/v2\/types\/page"}],"author":[{"embeddable":true,"href":"https:\/\/blogsaverroes.juntadeandalucia.es\/plasticrecicla2\/wp-json\/wp\/v2\/users\/11744"}],"replies":[{"embeddable":true,"href":"https:\/\/blogsaverroes.juntadeandalucia.es\/plasticrecicla2\/wp-json\/wp\/v2\/comments?post=2"}],"version-history":[{"count":2,"href":"https:\/\/blogsaverroes.juntadeandalucia.es\/plasticrecicla2\/wp-json\/wp\/v2\/pages\/2\/revisions"}],"predecessor-version":[{"id":20,"href":"https:\/\/blogsaverroes.juntadeandalucia.es\/plasticrecicla2\/wp-json\/wp\/v2\/pages\/2\/revisions\/20"}],"wp:attachment":[{"href":"https:\/\/blogsaverroes.juntadeandalucia.es\/plasticrecicla2\/wp-json\/wp\/v2\/media?parent=2"}],"curies":[{"name":"wp","href":"https:\/\/api.w.org\/{rel}","templated":true}]}}