{"id":903,"date":"2016-04-24T22:58:48","date_gmt":"2016-04-24T20:58:48","guid":{"rendered":"http:\/\/blogsaverroes.juntadeandalucia.es\/plataformaeiv\/membership-join\/membership-registration\/"},"modified":"2017-02-13T23:20:11","modified_gmt":"2017-02-13T22:20:11","slug":"membership-registration","status":"publish","type":"page","link":"https:\/\/blogsaverroes.juntadeandalucia.es\/plataformaeiv\/membership-join\/membership-registration\/","title":{"rendered":"Registro de usuarios"},"content":{"rendered":"<p><span style=\"color: #993300;\">Si se registra podr\u00e1 hacer comentarios en el Aula y\u00a0acceder a los contenidos permitidos para el rol de su cuenta.<\/span><\/p>\n<p><span style=\"color: #ff0000;\">[swpm_registration_form]<\/span><\/p>\n<p><span style=\"color: #008000;\">Una vez completado el registro, tendr\u00e1 que esperar a ser activado por el Administrador del Aula.\u00a0Ser\u00e1 avisado por correo electr\u00f3nico de su activaci\u00f3n de cuenta. Tenga un poco de paciencia.<\/span><\/p>\n<p><span style=\"color: #008000;\">Gracias<\/span><\/p>\n","protected":false},"excerpt":{"rendered":"<p>Si se registra podr\u00e1 hacer comentarios en el Aula y\u00a0acceder a los contenidos permitidos para el rol de su cuenta. [swpm_registration_form] Una vez completado el registro, tendr\u00e1 que esperar a ser activado por el&#46;&#46;&#46;<\/p>\n","protected":false},"author":1,"featured_media":0,"parent":902,"menu_order":0,"comment_status":"closed","ping_status":"closed","template":"","meta":{"ngg_post_thumbnail":0,"footnotes":""},"aioseo_notices":[],"_links":{"self":[{"href":"https:\/\/blogsaverroes.juntadeandalucia.es\/plataformaeiv\/wp-json\/wp\/v2\/pages\/903"}],"collection":[{"href":"https:\/\/blogsaverroes.juntadeandalucia.es\/plataformaeiv\/wp-json\/wp\/v2\/pages"}],"about":[{"href":"https:\/\/blogsaverroes.juntadeandalucia.es\/plataformaeiv\/wp-json\/wp\/v2\/types\/page"}],"author":[{"embeddable":true,"href":"https:\/\/blogsaverroes.juntadeandalucia.es\/plataformaeiv\/wp-json\/wp\/v2\/users\/1"}],"replies":[{"embeddable":true,"href":"https:\/\/blogsaverroes.juntadeandalucia.es\/plataformaeiv\/wp-json\/wp\/v2\/comments?post=903"}],"version-history":[{"count":7,"href":"https:\/\/blogsaverroes.juntadeandalucia.es\/plataformaeiv\/wp-json\/wp\/v2\/pages\/903\/revisions"}],"predecessor-version":[{"id":1029,"href":"https:\/\/blogsaverroes.juntadeandalucia.es\/plataformaeiv\/wp-json\/wp\/v2\/pages\/903\/revisions\/1029"}],"up":[{"embeddable":true,"href":"https:\/\/blogsaverroes.juntadeandalucia.es\/plataformaeiv\/wp-json\/wp\/v2\/pages\/902"}],"wp:attachment":[{"href":"https:\/\/blogsaverroes.juntadeandalucia.es\/plataformaeiv\/wp-json\/wp\/v2\/media?parent=903"}],"curies":[{"name":"wp","href":"https:\/\/api.w.org\/{rel}","templated":true}]}}