{"id":52,"date":"2013-06-04T09:46:36","date_gmt":"2013-06-04T09:46:36","guid":{"rendered":"http:\/\/blogsaverroes.juntadeandalucia.es\/plurilinguismoalmeria\/?page_id=52"},"modified":"2024-11-20T10:03:11","modified_gmt":"2024-11-20T09:03:11","slug":"auxiliares","status":"publish","type":"page","link":"https:\/\/blogsaverroes.juntadeandalucia.es\/plurilinguismoalmeria\/auxiliares\/","title":{"rendered":"Auxiliares de conversaci\u00f3n"},"content":{"rendered":"<p><a href=\"https:\/\/blogsaverroes.juntadeandalucia.es\/plurilinguismoalmeria\/files\/2024\/05\/Logo_convivencia_consej.jpg\"><img fetchpriority=\"high\" decoding=\"async\" class=\"alignnone size-full wp-image-9067\" src=\"https:\/\/blogsaverroes.juntadeandalucia.es\/plurilinguismoalmeria\/files\/2024\/05\/Logo_convivencia_consej.jpg\" alt=\"\" width=\"1024\" height=\"99\" srcset=\"https:\/\/blogsaverroes.juntadeandalucia.es\/plurilinguismoalmeria\/files\/2024\/05\/Logo_convivencia_consej.jpg 1024w, https:\/\/blogsaverroes.juntadeandalucia.es\/plurilinguismoalmeria\/files\/2024\/05\/Logo_convivencia_consej-300x29.jpg 300w, https:\/\/blogsaverroes.juntadeandalucia.es\/plurilinguismoalmeria\/files\/2024\/05\/Logo_convivencia_consej-768x74.jpg 768w\" sizes=\"(max-width: 1024px) 100vw, 1024px\" \/><\/a><\/p>\n<hr \/>\n<p>Carta del <strong>Servicio de Programas Educativos Internacionales<\/strong> (SPEI) enviada a los centros educativos con auxiliares de conversaci\u00f3n, con el \u00e1nimo de invitar a difundir el programa e informar de los <strong>canales en redes sociales<\/strong> que el SPEI tiene habilitados actualmente: <em>Telegram<\/em> y <em>Twitter.<\/em> Estos canales pueden servir tambi\u00e9n para difundir las buenas pr\u00e1cticas que se llevan a cabo con los auxiliares de conversaci\u00f3n:<\/p>\n<p><a href=\"https:\/\/blogsaverroes.juntadeandalucia.es\/plurilinguismoalmeria\/files\/2021\/12\/carta_difusion_2021F.pdf\">Descargar carta<\/a><\/p>\n<p><strong>Men\u00fa:<a href=\"https:\/\/blogsaverroes.juntadeandalucia.es\/plurilinguismoalmeria\/files\/2022\/01\/logo_aux_A.jpg\"><img decoding=\"async\" class=\"alignright wp-image-6628 size-medium\" src=\"https:\/\/blogsaverroes.juntadeandalucia.es\/plurilinguismoalmeria\/files\/2022\/01\/logo_aux_A-300x300.jpg\" alt=\"\" width=\"300\" height=\"300\" srcset=\"https:\/\/blogsaverroes.juntadeandalucia.es\/plurilinguismoalmeria\/files\/2022\/01\/logo_aux_A-300x300.jpg 300w, https:\/\/blogsaverroes.juntadeandalucia.es\/plurilinguismoalmeria\/files\/2022\/01\/logo_aux_A-150x150.jpg 150w, https:\/\/blogsaverroes.juntadeandalucia.es\/plurilinguismoalmeria\/files\/2022\/01\/logo_aux_A.jpg 500w\" sizes=\"(max-width: 300px) 100vw, 300px\" \/><\/a><\/strong><\/p>\n<ul>\n<li><a href=\"https:\/\/blogsaverroes.juntadeandalucia.es\/plurilinguismoalmeria\/auxiliares\/asistencia-sanitaria\/\" target=\"_blank\" rel=\"noopener noreferrer\">Asistencia sanitaria<\/a><\/li>\n<li><a href=\"https:\/\/blogsaverroes.juntadeandalucia.es\/plurilinguismoalmeria\/auxiliares\/brexit\/\">Brexit<\/a><\/li>\n<li><a href=\"https:\/\/blogsaverroes.juntadeandalucia.es\/plurilinguismoalmeria\/auxiliares\/documentacion\/\">Documentaci\u00f3n<\/a><\/li>\n<li><a href=\"https:\/\/blogsaverroes.juntadeandalucia.es\/plurilinguismoalmeria\/auxiliares\/extranjeria\/\">Extranjer\u00eda<\/a><\/li>\n<li><a href=\"https:\/\/blogsaverroes.juntadeandalucia.es\/plurilinguismoalmeria\/auxiliares\/formacion\/\" target=\"_blank\" rel=\"noopener\">Formaci\u00f3n en lengua y cultura espa\u00f1ola<\/a><\/li>\n<li><a href=\"https:\/\/blogsaverroes.juntadeandalucia.es\/plurilinguismoalmeria\/auxiliares\/fse\/\">FSE<\/a><\/li>\n<li><a href=\"https:\/\/blogsaverroes.juntadeandalucia.es\/plurilinguismoalmeria\/auxiliares\/gestion-del-programa-de-auxiliares-de-conversacion-en-seneca\/\" target=\"_blank\" rel=\"noopener noreferrer\">Gesti\u00f3n del Programa de Auxiliares de Conversaci\u00f3n en S\u00e9neca<\/a><\/li>\n<li><a href=\"https:\/\/blogsaverroes.juntadeandalucia.es\/plurilinguismoalmeria\/auxiliares\/gestion-en-el-banco\/\">Gesti\u00f3n en el banco<\/a><\/li>\n<li><a href=\"https:\/\/blogsaverroes.juntadeandalucia.es\/plurilinguismoalmeria\/auxiliares\/jornada-de-acogida-a-auxiliares-de-conversacion\/\" target=\"_blank\" rel=\"noopener noreferrer\">Jornada de acogida a auxiliares de conversaci\u00f3n<\/a><\/li>\n<li><a href=\"https:\/\/blogsaverroes.juntadeandalucia.es\/plurilinguismoalmeria\/auxiliares\/materiales-y-experiencias\/\">Materiales y experiencias<\/a><\/li>\n<li><a href=\"https:\/\/blogsaverroes.juntadeandalucia.es\/plurilinguismoalmeria\/auxiliares\/renovacion\/\">Renuncias<\/a><\/li>\n<\/ul>\n<hr \/>\n<p>En <a href=\"https:\/\/blogsaverroes.juntadeandalucia.es\/auxiliarescentrosalmeria\/\">este enlace<\/a> podr\u00e1s acceder a la informaci\u00f3n general de <strong>cursos anteriores<\/strong> <strong>a 2020<\/strong>\u00a0sobre el programa de auxiliares de conversaci\u00f3n en la provincia de Almer\u00eda.<\/p>\n","protected":false},"excerpt":{"rendered":"<p>Carta del Servicio de Programas Educativos Internacionales (SPEI) enviada a los centros educativos con auxiliares de conversaci\u00f3n, con el \u00e1nimo de invitar a difundir el programa e informar de los canales en redes sociales&#46;&#46;&#46;<\/p>\n","protected":false},"author":1249,"featured_media":0,"parent":0,"menu_order":0,"comment_status":"open","ping_status":"open","template":"","meta":{"footnotes":""},"aioseo_notices":[],"_links":{"self":[{"href":"https:\/\/blogsaverroes.juntadeandalucia.es\/plurilinguismoalmeria\/wp-json\/wp\/v2\/pages\/52"}],"collection":[{"href":"https:\/\/blogsaverroes.juntadeandalucia.es\/plurilinguismoalmeria\/wp-json\/wp\/v2\/pages"}],"about":[{"href":"https:\/\/blogsaverroes.juntadeandalucia.es\/plurilinguismoalmeria\/wp-json\/wp\/v2\/types\/page"}],"author":[{"embeddable":true,"href":"https:\/\/blogsaverroes.juntadeandalucia.es\/plurilinguismoalmeria\/wp-json\/wp\/v2\/users\/1249"}],"replies":[{"embeddable":true,"href":"https:\/\/blogsaverroes.juntadeandalucia.es\/plurilinguismoalmeria\/wp-json\/wp\/v2\/comments?post=52"}],"version-history":[{"count":89,"href":"https:\/\/blogsaverroes.juntadeandalucia.es\/plurilinguismoalmeria\/wp-json\/wp\/v2\/pages\/52\/revisions"}],"predecessor-version":[{"id":9471,"href":"https:\/\/blogsaverroes.juntadeandalucia.es\/plurilinguismoalmeria\/wp-json\/wp\/v2\/pages\/52\/revisions\/9471"}],"wp:attachment":[{"href":"https:\/\/blogsaverroes.juntadeandalucia.es\/plurilinguismoalmeria\/wp-json\/wp\/v2\/media?parent=52"}],"curies":[{"name":"wp","href":"https:\/\/api.w.org\/{rel}","templated":true}]}}

Auxiliares de conversación

<p><a href="https://blogsaverroes.juntadeandalucia.es/plurilinguismoalmeria/files/2024/05/Logo_convivencia_consej.jpg"><img fetchpriority="high" decoding="async" class="alignnone size-full wp-image-9067" src="https://blogsaverroes.juntadeandalucia.es/plurilinguismoalmeria/files/2024/05/Logo_convivencia_consej.jpg" alt="" width="1024" height="99" srcset="https://blogsaverroes.juntadeandalucia.es/plurilinguismoalmeria/files/2024/05/Logo_convivencia_consej.jpg 1024w, https://blogsaverroes.juntadeandalucia.es/plurilinguismoalmeria/files/2024/05/Logo_convivencia_consej-300x29.jpg 300w, https://blogsaverroes.juntadeandalucia.es/plurilinguismoalmeria/files/2024/05/Logo_convivencia_consej-768x74.jpg 768w" sizes="(max-width: 1024px) 100vw, 1024px" /></a></p>
<hr />
<p>Carta del <strong>Servicio de Programas Educativos Internacionales</strong> (SPEI) enviada a los centros educativos con auxiliares de conversación, con el ánimo de invitar a difundir el programa e informar de los <strong>canales en redes sociales</strong> que el SPEI tiene habilitados actualmente: <em>Telegram</em> y <em>Twitter.</em> Estos canales pueden servir también para difundir las buenas prácticas que se llevan a cabo con los auxiliares de conversación:</p>
<p><a href="https://blogsaverroes.juntadeandalucia.es/plurilinguismoalmeria/files/2021/12/carta_difusion_2021F.pdf">Descargar carta</a></p>
<p><strong>Menú:<a href="https://blogsaverroes.juntadeandalucia.es/plurilinguismoalmeria/files/2022/01/logo_aux_A.jpg"><img decoding="async" class="alignright wp-image-6628 size-medium" src="https://blogsaverroes.juntadeandalucia.es/plurilinguismoalmeria/files/2022/01/logo_aux_A-300x300.jpg" alt="" width="300" height="300" srcset="https://blogsaverroes.juntadeandalucia.es/plurilinguismoalmeria/files/2022/01/logo_aux_A-300x300.jpg 300w, https://blogsaverroes.juntadeandalucia.es/plurilinguismoalmeria/files/2022/01/logo_aux_A-150x150.jpg 150w, https://blogsaverroes.juntadeandalucia.es/plurilinguismoalmeria/files/2022/01/logo_aux_A.jpg 500w" sizes="(max-width: 300px) 100vw, 300px" /></a></strong></p>
<ul>
<li><a href="https://blogsaverroes.juntadeandalucia.es/plurilinguismoalmeria/auxiliares/asistencia-sanitaria/" target="_blank" rel="noopener noreferrer">Asistencia sanitaria</a></li>
<li><a href="https://blogsaverroes.juntadeandalucia.es/plurilinguismoalmeria/auxiliares/brexit/">Brexit</a></li>
<li><a href="https://blogsaverroes.juntadeandalucia.es/plurilinguismoalmeria/auxiliares/documentacion/">Documentación</a></li>
<li><a href="https://blogsaverroes.juntadeandalucia.es/plurilinguismoalmeria/auxiliares/extranjeria/">Extranjería</a></li>
<li><a href="https://blogsaverroes.juntadeandalucia.es/plurilinguismoalmeria/auxiliares/formacion/" target="_blank" rel="noopener">Formación en lengua y cultura española</a></li>
<li><a href="https://blogsaverroes.juntadeandalucia.es/plurilinguismoalmeria/auxiliares/fse/">FSE</a></li>
<li><a href="https://blogsaverroes.juntadeandalucia.es/plurilinguismoalmeria/auxiliares/gestion-del-programa-de-auxiliares-de-conversacion-en-seneca/" target="_blank" rel="noopener noreferrer">Gestión del Programa de Auxiliares de Conversación en Séneca</a></li>
<li><a href="https://blogsaverroes.juntadeandalucia.es/plurilinguismoalmeria/auxiliares/gestion-en-el-banco/">Gestión en el banco</a></li>
<li><a href="https://blogsaverroes.juntadeandalucia.es/plurilinguismoalmeria/auxiliares/jornada-de-acogida-a-auxiliares-de-conversacion/" target="_blank" rel="noopener noreferrer">Jornada de acogida a auxiliares de conversación</a></li>
<li><a href="https://blogsaverroes.juntadeandalucia.es/plurilinguismoalmeria/auxiliares/materiales-y-experiencias/">Materiales y experiencias</a></li>
<li><a href="https://blogsaverroes.juntadeandalucia.es/plurilinguismoalmeria/auxiliares/renovacion/">Renuncias</a></li>
</ul>
<hr />
<p>En <a href="https://blogsaverroes.juntadeandalucia.es/auxiliarescentrosalmeria/">este enlace</a> podrás acceder a la información general de <strong>cursos anteriores</strong> <strong>a 2020</strong> sobre el programa de auxiliares de conversación en la provincia de Almería.</p>

<p>Carta del Servicio de Programas Educativos Internacionales (SPEI) enviada a los centros educativos con auxiliares de conversación, con el ánimo de invitar a difundir el programa e informar de los canales en redes sociales&#46;&#46;&#46;</p>
