{"id":6348,"date":"2021-11-07T09:08:14","date_gmt":"2021-11-07T09:08:14","guid":{"rendered":"https:\/\/blogsaverroes.juntadeandalucia.es\/plurilinguismoalmeria\/?page_id=6348"},"modified":"2025-11-13T13:43:02","modified_gmt":"2025-11-13T12:43:02","slug":"procedimiento-de-solicitud-de-autorizacion-para-movilidades-erasmus","status":"publish","type":"page","link":"https:\/\/blogsaverroes.juntadeandalucia.es\/plurilinguismoalmeria\/internacionalizacion\/procedimiento-de-solicitud-de-autorizacion-para-movilidades-erasmus\/","title":{"rendered":"Procedimiento de solicitud de autorizaci\u00f3n para movilidades Erasmus+"},"content":{"rendered":"<p><a href=\"https:\/\/blogsaverroes.juntadeandalucia.es\/plurilinguismoalmeria\/files\/2023\/02\/europa-espana-andalucia-scaled.jpg\"><img fetchpriority=\"high\" decoding=\"async\" class=\"alignnone size-large wp-image-7763\" src=\"https:\/\/blogsaverroes.juntadeandalucia.es\/plurilinguismoalmeria\/files\/2023\/02\/europa-espana-andalucia-1024x226.jpg\" alt=\"\" width=\"1024\" height=\"226\" srcset=\"https:\/\/blogsaverroes.juntadeandalucia.es\/plurilinguismoalmeria\/files\/2023\/02\/europa-espana-andalucia-1024x226.jpg 1024w, https:\/\/blogsaverroes.juntadeandalucia.es\/plurilinguismoalmeria\/files\/2023\/02\/europa-espana-andalucia-300x66.jpg 300w, https:\/\/blogsaverroes.juntadeandalucia.es\/plurilinguismoalmeria\/files\/2023\/02\/europa-espana-andalucia-768x170.jpg 768w, https:\/\/blogsaverroes.juntadeandalucia.es\/plurilinguismoalmeria\/files\/2023\/02\/europa-espana-andalucia-1536x339.jpg 1536w, https:\/\/blogsaverroes.juntadeandalucia.es\/plurilinguismoalmeria\/files\/2023\/02\/europa-espana-andalucia-2048x452.jpg 2048w, https:\/\/blogsaverroes.juntadeandalucia.es\/plurilinguismoalmeria\/files\/2023\/02\/europa-espana-andalucia-24x5.jpg 24w, https:\/\/blogsaverroes.juntadeandalucia.es\/plurilinguismoalmeria\/files\/2023\/02\/europa-espana-andalucia-36x8.jpg 36w, https:\/\/blogsaverroes.juntadeandalucia.es\/plurilinguismoalmeria\/files\/2023\/02\/europa-espana-andalucia-48x11.jpg 48w, https:\/\/blogsaverroes.juntadeandalucia.es\/plurilinguismoalmeria\/files\/2023\/02\/europa-espana-andalucia-scaled.jpg 1600w\" sizes=\"(max-width: 1024px) 100vw, 1024px\" \/><\/a><\/p>\n<p class=\"post-title entry-title\"><strong>Procedimiento de solicitud de autorizaci\u00f3n para movilidades de profesorado en el marco de los proyectos Erasmus+ en centros de Educaci\u00f3n Escolar, Educaci\u00f3n de Adultos, Formaci\u00f3n Profesional de Grado Medio y Grado Superior.<\/strong><\/p>\n<div class=\"entry themeform\">\n<div class=\"entry-inner\">\n<p>La <a title=\"Circular de 11 de junio de 2021\" href=\"https:\/\/blogsaverroes.juntadeandalucia.es\/plurilinguismoalmeria\/files\/2021\/11\/circular_11062011_DGPyGRRHH_permisosylicencias.pdf\" target=\"_blank\" rel=\"noopener noreferrer\">Circular de 11 de junio de 2021<\/a> de la Direcci\u00f3n General del Profesorado y Gesti\u00f3n de Recursos Humanos sobre permisos, licencias y reducciones de jornada del personal docente del \u00e1mbito de gesti\u00f3n de la Consejer\u00eda de Educaci\u00f3n y Deporte de la Junta de Andaluc\u00eda presenta una modificaci\u00f3n en la solicitud de los siguientes permisos:<\/p>\n<ol>\n<li>Por razones de movilidad dentro de una de las acciones clave en el Programa Erasmus+.<\/li>\n<li>Por formaci\u00f3n del profesorado que, por su especificidad, requiera autorizaci\u00f3n de la Direcci\u00f3n General de Formaci\u00f3n del Profesorado e Innovaci\u00f3n Educativa.<\/li>\n<\/ol>\n<p>El procedimiento para solicitar alguno de estos permisos ser\u00eda el siguiente:<\/p>\n<p><strong>a) Movilidades Erasmus+<\/strong><\/p>\n<ol>\n<li>Se enviar\u00e1 <strong>por ventanilla electr\u00f3nica <\/strong>el modelo de solicitud del permiso &#8211; <a title=\"Permisos y licencias\" href=\"https:\/\/blogsaverroes.juntadeandalucia.es\/plurilinguismoalmeria\/files\/2021\/11\/anexo_I_permisosylicencias.pdf\" target=\"_blank\" rel=\"noopener noreferrer\">Anexo I<\/a> &#8211; junto con la documentaci\u00f3n justificativa que acredite esta solicitud al Servicio de Ordenaci\u00f3n Educativa (tipo de comunicaci\u00f3n: Pluriling\u00fcismo\/Erasmus+). Es suficiente adjuntar a este anexo el <a href=\"https:\/\/blogsaverroes.juntadeandalucia.es\/plurilinguismoalmeria\/files\/2024\/04\/modelo_permisos_E.pdf\" target=\"_blank\" rel=\"noopener noreferrer\">modelo de comunicaci\u00f3n de movilidad Erasmus+ y declaraci\u00f3n de servicios atendidos<\/a> u otro documento similar que contenga los datos del proyecto Erasmus+.<\/li>\n<li>Tras comprobar la documentaci\u00f3n, el Servicio de Ordenaci\u00f3n Educativa emitir\u00e1 un informe favorable o desfavorable que se enviar\u00e1 al Servicio de Gesti\u00f3n de RRHH junto con la solicitud y el resto de la documentaci\u00f3n.<\/li>\n<li>El Servicio de Gesti\u00f3n de RRHH tramitar\u00e1, resolver\u00e1 y notificar\u00e1 el permiso al centro educativo.<\/li>\n<\/ol>\n<p><strong>b) Formaci\u00f3n del profesorado.<\/strong><\/p>\n<ol type=\"1\">\n<li>Se enviar\u00e1 el modelo de solicitud del permiso &#8211; <a title=\"Permisos y licencias\" href=\"https:\/\/blogsaverroes.juntadeandalucia.es\/plurilinguismoalmeria\/2021\/11\/06\/iniciacion-a-etwinning\/\" target=\"_blank\" rel=\"noopener noreferrer\">Anexo I<\/a> &#8211; junto con la documentaci\u00f3n justificativa que acredite esta solicitud al Servicio de Ordenaci\u00f3n Educativa.<\/li>\n<li>Esta documentaci\u00f3n se remitir\u00e1 a la Direcci\u00f3n General de Formaci\u00f3n del Profesorado e Innovaci\u00f3n Educativa, que emitir\u00e1 el oportuno informe.<\/li>\n<li>Una vez que este informe se reciba en el Servicio de Ordenaci\u00f3n Educativa, se har\u00e1 llegar, junto con la solicitud y el resto de la documentaci\u00f3n, al Servicio de Gesti\u00f3n de RRHH.<\/li>\n<li>El Servicio de Gesti\u00f3n de RRHH tramitar\u00e1, resolver\u00e1 y notificar\u00e1 el permiso al centro educativo.<\/li>\n<\/ol>\n<p>Se recuerda que la solicitud de estos permisos tendr\u00e1 que realizarse<strong> con una antelaci\u00f3n m\u00ednima de un mes,<\/strong> debido a la complejidad de los procedimientos.<\/p>\n<ul>\n<li><a href=\"https:\/\/blogsaverroes.juntadeandalucia.es\/plurilinguismoalmeria\/files\/2024\/04\/modelo_permisos_E.pdf\" target=\"_blank\" rel=\"noopener noreferrer\">Modelo de comunicaci\u00f3n de movilidad Erasmus+ y declaraci\u00f3n de servicios atendidos<\/a>\u00a0(formato PDF)<\/li>\n<li><a href=\"https:\/\/blogsaverroes.juntadeandalucia.es\/plurilinguismoalmeria\/files\/2024\/04\/modelo_permisos_E.odt\" target=\"_blank\" rel=\"noopener noreferrer\">Modelo de comunicaci\u00f3n de movilidad Erasmus+ y declaraci\u00f3n de servicios atendidos<\/a> (formato ODT)<\/li>\n<li><a href=\"https:\/\/docs.google.com\/document\/d\/1DnUFG1m4ZSfJJUlofOsODTMTMHkB26Ok\/\" target=\"_blank\" rel=\"noopener\">Modelo de comunicaci\u00f3n de movilidad Erasmus+ y declaraci\u00f3n de servicios atendidos<\/a> (formato DOCX)<\/li>\n<li><a href=\"https:\/\/www.juntadeandalucia.es\/educacion\/portals\/delegate\/content\/19169456-b3c2-45e9-827f-933ae186acee\/Anexo%20I\" target=\"_blank\" rel=\"noopener\">Anexo I: Permisos, licencias, reducciones de jornada y vacaciones<\/a><\/li>\n<\/ul>\n<hr \/>\n<p><strong>Alumnado de Formaci\u00f3n Profesional que va a realizar el m\u00f3dulo de FCT en pa\u00edses de la Uni\u00f3n Europea.<\/strong><\/p>\n<p>La <a href=\"https:\/\/juntadeandalucia.es\/boja\/2011\/206\/1\" target=\"_blank\" rel=\"noopener noreferrer\">Orden de 28 de septiembre de 2011<\/a>, por la que se regulan los <strong>m\u00f3dulos profesionales de formaci\u00f3n en centros de trabajo<\/strong> y de proyecto para el alumnado matriculado en centros docentes de la Comunidad Aut\u00f3noma de Andaluc\u00eda, dispone que se requerir\u00e1 autorizaci\u00f3n de la Delegaci\u00f3n Provincial de la Consejer\u00eda en varios casos, entre ellos:<\/p>\n<p><em>e) Realizaci\u00f3n total o parcial del m\u00f3dulo profesional de formaci\u00f3n en centros de trabajo en otros pa\u00edses de la Uni\u00f3n Europea, <strong>siempre que no se encuadre dentro de un Proyecto Europeo <\/strong>promovido por la Consejer\u00eda con competencias en materia de educaci\u00f3n y <strong>aprobado en el marco del Programa de Aprendizaje Permanente <\/strong>o al amparo del Programa de Formaci\u00f3n en Empresas Europeas.<\/em><\/p>\n<p>El <strong>Programa de Aprendizaje Permanente<\/strong> (PAP) era el nombre del programa implementado por la Uni\u00f3n Europea para apoyar las competencias y empleabilidad del alumnado y fomentar su movilidad. Este programa, vigente de 2007 a 2013, fue sustituido el 1 de enero de 2014 por el <strong>Programa Erasmus+,<\/strong> que integra y aglutina los programas hasta entonces incluidos en el PAP.<\/p>\n<p>Por lo tanto, en estos casos la <strong>Inspecci\u00f3n Educativa<\/strong> entiende que NO es preceptiva la autorizaci\u00f3n en el marco de la citada <a href=\"https:\/\/juntadeandalucia.es\/boja\/2011\/206\/1\" target=\"_blank\" rel=\"noopener noreferrer\">Orden de 28 de septiembre de 2011<\/a>, aunque es aconsejable consultar con ella en caso de duda.<\/p>\n<\/div>\n<\/div>\n","protected":false},"excerpt":{"rendered":"<p>Procedimiento de solicitud de autorizaci\u00f3n para movilidades de profesorado en el marco de los proyectos Erasmus+ en centros de Educaci\u00f3n Escolar, Educaci\u00f3n de Adultos, Formaci\u00f3n Profesional de Grado Medio y Grado Superior. La Circular&#46;&#46;&#46;<\/p>\n","protected":false},"author":10643,"featured_media":0,"parent":5186,"menu_order":0,"comment_status":"closed","ping_status":"closed","template":"","meta":{"footnotes":""},"aioseo_notices":[],"_links":{"self":[{"href":"https:\/\/blogsaverroes.juntadeandalucia.es\/plurilinguismoalmeria\/wp-json\/wp\/v2\/pages\/6348"}],"collection":[{"href":"https:\/\/blogsaverroes.juntadeandalucia.es\/plurilinguismoalmeria\/wp-json\/wp\/v2\/pages"}],"about":[{"href":"https:\/\/blogsaverroes.juntadeandalucia.es\/plurilinguismoalmeria\/wp-json\/wp\/v2\/types\/page"}],"author":[{"embeddable":true,"href":"https:\/\/blogsaverroes.juntadeandalucia.es\/plurilinguismoalmeria\/wp-json\/wp\/v2\/users\/10643"}],"replies":[{"embeddable":true,"href":"https:\/\/blogsaverroes.juntadeandalucia.es\/plurilinguismoalmeria\/wp-json\/wp\/v2\/comments?post=6348"}],"version-history":[{"count":30,"href":"https:\/\/blogsaverroes.juntadeandalucia.es\/plurilinguismoalmeria\/wp-json\/wp\/v2\/pages\/6348\/revisions"}],"predecessor-version":[{"id":10339,"href":"https:\/\/blogsaverroes.juntadeandalucia.es\/plurilinguismoalmeria\/wp-json\/wp\/v2\/pages\/6348\/revisions\/10339"}],"up":[{"embeddable":true,"href":"https:\/\/blogsaverroes.juntadeandalucia.es\/plurilinguismoalmeria\/wp-json\/wp\/v2\/pages\/5186"}],"wp:attachment":[{"href":"https:\/\/blogsaverroes.juntadeandalucia.es\/plurilinguismoalmeria\/wp-json\/wp\/v2\/media?parent=6348"}],"curies":[{"name":"wp","href":"https:\/\/api.w.org\/{rel}","templated":true}]}}