{"id":8437,"date":"2023-10-29T18:08:55","date_gmt":"2023-10-29T17:08:55","guid":{"rendered":"https:\/\/blogsaverroes.juntadeandalucia.es\/plurilinguismoalmeria\/?page_id=8437"},"modified":"2025-09-03T17:08:20","modified_gmt":"2025-09-03T16:08:20","slug":"prex","status":"publish","type":"page","link":"https:\/\/blogsaverroes.juntadeandalucia.es\/plurilinguismoalmeria\/planes-y-programas\/prex\/","title":{"rendered":"PREX"},"content":{"rendered":"<div><a href=\"https:\/\/blogsaverroes.juntadeandalucia.es\/plurilinguismoalmeria\/files\/2023\/10\/refuerzo_primaria.png\"><img decoding=\"async\" class=\"alignright wp-image-8441 size-medium\" src=\"https:\/\/blogsaverroes.juntadeandalucia.es\/plurilinguismoalmeria\/files\/2023\/10\/refuerzo_primaria-300x162.png\" alt=\"\" width=\"300\" height=\"162\" data-wp-editing=\"1\" \/><\/a><\/div>\n<div class=\"separacionCapas\">El <strong>Programa de Refuerzo de la Lengua Extranjera (PREX) <\/strong>viene a sustituir el anterior <a href=\"https:\/\/blogsaverroes.juntadeandalucia.es\/plurilinguismoalmeria\/planes-y-programas\/pale\/\" target=\"_blank\" rel=\"noopener noreferrer\">Programa de Acompa\u00f1amiento en Lengua Extranjera (PALE)<\/a> y tiene como objetivo apoyar el aprendizaje de la primera lengua extranjera (L2) incidiendo en la comprensi\u00f3n y expresi\u00f3n oral para mejorar la competencia del alumnado. Como su predecesor, est\u00e1 dirigido principalmente al alumnado de <strong>1\u00ba a 3\u00ba de Primaria<\/strong> de centros docentes p\u00fablicos dependientes de la Junta de Andaluc\u00eda de educaci\u00f3n primaria <strong>no biling\u00fces,<\/strong> y se desarrolla en horario extraescolar.<\/div>\n<div><\/div>\n<div>\n<hr \/>\n<\/div>\n<div>\n<div><strong>Curso 2025-26<\/strong><\/div>\n<\/div>\n<div><\/div>\n<div>\n<div>\n<div><a href=\"https:\/\/drive.google.com\/file\/d\/1s_mxY1e8M8SFIMWyuD0CtPrTcRf-iD8e\/view?usp=drive_link\" target=\"_blank\" rel=\"noopener\">Instrucciones de 1 de septiembre de 2025<\/a>, de la Direcci\u00f3n General de Participaci\u00f3n e Inclusi\u00f3n Educativa, sobre el desarrollo del <strong>Programa de Refuerzo de la Lengua Extranjera<\/strong> <strong>(PREX)<\/strong> destinado a centros docentes p\u00fablicos dependientes de la Junta de Andaluc\u00eda de educaci\u00f3n primaria para el curso 2025-26.<\/div>\n<div><\/div>\n<div><\/div>\n<\/div>\n<\/div>\n<div><a href=\"https:\/\/drive.google.com\/file\/d\/1kTtaOEnj7uce83RiDx-TjmnSYoIejVXM\/view?usp=drive_link\" target=\"_blank\" rel=\"noopener\">Resoluci\u00f3n de 01 de septiembre de 2025<\/a>, <strong>conjunta<\/strong> de la Direcci\u00f3n General De Innovaci\u00f3n y Formaci\u00f3n del Profesorado y de la Direcci\u00f3n General de Participaci\u00f3n e Inclusi\u00f3n Educativa, por la que articula la integraci\u00f3n y unificaci\u00f3n de los distintos <strong>Programas Educativos gestionados por ambas Direcciones,<\/strong> se establece el procedimiento de participaci\u00f3n en los mismos, as\u00ed como su organizaci\u00f3n y funcionamiento para el curso acad\u00e9mico 2025\/2026.<\/div>\n<div><\/div>\n<div>\n<hr \/>\n<\/div>\n<div><strong>Curso 2024-25<\/strong><\/div>\n<div>\n<div><\/div>\n<div><a href=\"https:\/\/www.juntadeandalucia.es\/educacion\/portals\/web\/inspeccion-educativa\/normativa-d\/-\/contenidos\/detalle\/instrucciones-de-7-de-junio-de-2024-de-la-direccion-general-de-ordenacion-inclusion-participacion-y-evaluacion-17lgxtd47yth0\" target=\"_blank\" rel=\"noopener\">Instrucciones de 7 de junio de 2024<\/a>, de la Direcci\u00f3n General de Ordenaci\u00f3n, Inclusi\u00f3n, Participaci\u00f3n y Evaluaci\u00f3n Educativa sobre el desarrollo del <strong>Programa de Refuerzo de la Lengua Extranjera<\/strong> <strong>(PREX)<\/strong> destinado a centros docentes p\u00fablicos dependientes de la Junta de Andaluc\u00eda de educaci\u00f3n primaria para el curso 2024-25.<\/div>\n<div><\/div>\n<\/div>\n<div>\n<hr \/>\n<\/div>\n<div><strong>Curso 2023-24<\/strong><\/div>\n<div><\/div>\n<div>\n<div><a href=\"https:\/\/blogsaverroes.juntadeandalucia.es\/plurilinguismoalmeria\/files\/2023\/10\/2023-10-27-Resolucion-provisional-PREX-2023_2024-ALMER\u00cdAF.pdf\" target=\"_blank\" rel=\"noopener noreferrer\">Resoluci\u00f3n de 27 de octubre de 2023<\/a>, de la Direcci\u00f3n General de Ordenaci\u00f3n, Inclusi\u00f3n, Participaci\u00f3n y Evaluaci\u00f3n Educativa, por la que se aprueba la <strong>relaci\u00f3n de centros participantes<\/strong> en el Programa de Refuerzo de la Lengua Extranjera (PREX) durante el curso 2023-24 para la <strong>Delegaci\u00f3n Territorial de Almer\u00eda.<\/strong><\/div>\n<div><\/div>\n<\/div>\n<div><a href=\"https:\/\/www.calameo.com\/csif\/read\/005347938c730dd88ea98\" target=\"_blank\" rel=\"noopener\">Instrucciones de 22 de septiembre de 2023<\/a>, de la Direcci\u00f3n General de Ordenaci\u00f3n, Inclusi\u00f3n, Participaci\u00f3n y Evaluaci\u00f3n Educativa sobre el desarrollo del <strong>Programa de Refuerzo de la Lengua Extranjera<\/strong> <strong>(PREX)<\/strong> destinado a centros docentes p\u00fablicos dependientes de la Junta de Andaluc\u00eda de educaci\u00f3n primaria para el curso 2023-24.<\/div>\n","protected":false},"excerpt":{"rendered":"<p>El Programa de Refuerzo de la Lengua Extranjera (PREX) viene a sustituir el anterior Programa de Acompa\u00f1amiento en Lengua Extranjera (PALE) y tiene como objetivo apoyar el aprendizaje de la primera lengua extranjera (L2)&#46;&#46;&#46;<\/p>\n","protected":false},"author":10643,"featured_media":0,"parent":5161,"menu_order":0,"comment_status":"closed","ping_status":"closed","template":"","meta":{"footnotes":""},"aioseo_notices":[],"_links":{"self":[{"href":"https:\/\/blogsaverroes.juntadeandalucia.es\/plurilinguismoalmeria\/wp-json\/wp\/v2\/pages\/8437"}],"collection":[{"href":"https:\/\/blogsaverroes.juntadeandalucia.es\/plurilinguismoalmeria\/wp-json\/wp\/v2\/pages"}],"about":[{"href":"https:\/\/blogsaverroes.juntadeandalucia.es\/plurilinguismoalmeria\/wp-json\/wp\/v2\/types\/page"}],"author":[{"embeddable":true,"href":"https:\/\/blogsaverroes.juntadeandalucia.es\/plurilinguismoalmeria\/wp-json\/wp\/v2\/users\/10643"}],"replies":[{"embeddable":true,"href":"https:\/\/blogsaverroes.juntadeandalucia.es\/plurilinguismoalmeria\/wp-json\/wp\/v2\/comments?post=8437"}],"version-history":[{"count":13,"href":"https:\/\/blogsaverroes.juntadeandalucia.es\/plurilinguismoalmeria\/wp-json\/wp\/v2\/pages\/8437\/revisions"}],"predecessor-version":[{"id":10239,"href":"https:\/\/blogsaverroes.juntadeandalucia.es\/plurilinguismoalmeria\/wp-json\/wp\/v2\/pages\/8437\/revisions\/10239"}],"up":[{"embeddable":true,"href":"https:\/\/blogsaverroes.juntadeandalucia.es\/plurilinguismoalmeria\/wp-json\/wp\/v2\/pages\/5161"}],"wp:attachment":[{"href":"https:\/\/blogsaverroes.juntadeandalucia.es\/plurilinguismoalmeria\/wp-json\/wp\/v2\/media?parent=8437"}],"curies":[{"name":"wp","href":"https:\/\/api.w.org\/{rel}","templated":true}]}}