{"id":9558,"date":"2025-01-19T18:47:29","date_gmt":"2025-01-19T17:47:29","guid":{"rendered":"https:\/\/blogsaverroes.juntadeandalucia.es\/plurilinguismoalmeria\/?page_id=9558"},"modified":"2025-01-20T00:00:10","modified_gmt":"2025-01-19T23:00:10","slug":"eoi","status":"publish","type":"page","link":"https:\/\/blogsaverroes.juntadeandalucia.es\/plurilinguismoalmeria\/ensenanza-bilingue\/eoi\/","title":{"rendered":"EOI"},"content":{"rendered":"<h3><a href=\"https:\/\/blogsaverroes.juntadeandalucia.es\/plurilinguismoalmeria\/files\/2024\/05\/Logo_convivencia_consej.jpg\"><img fetchpriority=\"high\" decoding=\"async\" class=\"alignnone size-full wp-image-9067\" src=\"https:\/\/blogsaverroes.juntadeandalucia.es\/plurilinguismoalmeria\/files\/2024\/05\/Logo_convivencia_consej.jpg\" alt=\"\" width=\"1024\" height=\"99\" srcset=\"https:\/\/blogsaverroes.juntadeandalucia.es\/plurilinguismoalmeria\/files\/2024\/05\/Logo_convivencia_consej.jpg 1024w, https:\/\/blogsaverroes.juntadeandalucia.es\/plurilinguismoalmeria\/files\/2024\/05\/Logo_convivencia_consej-300x29.jpg 300w, https:\/\/blogsaverroes.juntadeandalucia.es\/plurilinguismoalmeria\/files\/2024\/05\/Logo_convivencia_consej-768x74.jpg 768w\" sizes=\"(max-width: 1024px) 100vw, 1024px\" \/><\/a><a href=\"https:\/\/blogsaverroes.juntadeandalucia.es\/plurilinguismoalmeria\/files\/2023\/06\/niveles-ingles-oficiales-e1687259173525.jpeg\"><img decoding=\"async\" class=\"alignnone size-full wp-image-8214\" src=\"https:\/\/blogsaverroes.juntadeandalucia.es\/plurilinguismoalmeria\/files\/2023\/06\/niveles-ingles-oficiales-e1687259173525.jpeg\" alt=\"\" width=\"900\" height=\"308\" srcset=\"https:\/\/blogsaverroes.juntadeandalucia.es\/plurilinguismoalmeria\/files\/2023\/06\/niveles-ingles-oficiales-e1687259173525.jpeg 900w, https:\/\/blogsaverroes.juntadeandalucia.es\/plurilinguismoalmeria\/files\/2023\/06\/niveles-ingles-oficiales-e1687259173525-300x103.jpeg 300w, https:\/\/blogsaverroes.juntadeandalucia.es\/plurilinguismoalmeria\/files\/2023\/06\/niveles-ingles-oficiales-e1687259173525-768x263.jpeg 768w, https:\/\/blogsaverroes.juntadeandalucia.es\/plurilinguismoalmeria\/files\/2023\/06\/niveles-ingles-oficiales-e1687259173525-24x8.jpeg 24w, https:\/\/blogsaverroes.juntadeandalucia.es\/plurilinguismoalmeria\/files\/2023\/06\/niveles-ingles-oficiales-e1687259173525-36x12.jpeg 36w, https:\/\/blogsaverroes.juntadeandalucia.es\/plurilinguismoalmeria\/files\/2023\/06\/niveles-ingles-oficiales-e1687259173525-48x16.jpeg 48w\" sizes=\"(max-width: 900px) 100vw, 900px\" \/><\/a><\/h3>\n<h3><strong>Colaboraci\u00f3n con las EOI<\/strong><\/h3>\n<p>Para facilitar la acreditaci\u00f3n del nivel de competencia ling\u00fc\u00edstica adquirida por los estudiantes de Bachillerato en Ingl\u00e9s, Franc\u00e9s y Alem\u00e1n, la Consejer\u00eda de Desarrollo Educativo y Formaci\u00f3n Profesional establece una colaboraci\u00f3n entre las <strong>Escuelas Oficiales de Idiomas<\/strong> y los Institutos de Ense\u00f1anza Secundaria que imparten <strong>Bachillerato biling\u00fce y pluriling\u00fce<\/strong> en estos idiomas. De esta manera, estos estudiantes podr\u00e1n obtener, a trav\u00e9s de una materia optativa autorizada por la Administraci\u00f3n, el certificado de <strong>Nivel Intermedio B2<\/strong> expedido por las EOI.<\/p>\n<p><strong>Referencia:<\/strong><\/p>\n<ul>\n<li><a href=\"https:\/\/www.juntadeandalucia.es\/educacion\/portals\/web\/inspeccion-educativa\/normativa-d\/-\/contenidos\/detalle\/resolucion-de-22-de-mayo-de-2024-de-la-direccion-general-de-ordenacion-inclusion-participacion-y-evaluacion-educativa-1b6u7ayloul2s\" target=\"_blank\" rel=\"noopener\">Resoluci\u00f3n de 22 de mayo de 2024<\/a>, de la Direcci\u00f3n General de Ordenaci\u00f3n, Inclusi\u00f3n, Participaci\u00f3n y Evaluaci\u00f3n Educativa, por la que se regula el procedimiento para la obtenci\u00f3n del certificado de Nivel Intermedio B2 para el alumnado que cursa Bachillerato Biling\u00fce y Pluriling\u00fce y se establece la colaboraci\u00f3n entre las Escuelas Oficiales de Idiomas y los centros docentes durante el curso escolar 2024\/2025.<\/li>\n<li><a href=\"https:\/\/drive.google.com\/file\/d\/1P_Z6Catk6SOViToYCjEBFDpaswIUR726\/view\" target=\"_blank\" rel=\"noopener\">Respuesta a consultas e incidencias sobre el procedimiento para el curso 2024\/2025<\/a><\/li>\n<li><a href=\"https:\/\/www.juntadeandalucia.es\/educacion\/portales\/web\/programas-educativos-internacionales\/w\/resolucion-de-12-de-junio-de-2023-por-la-que-se-regula-el-procedimiento-para-la-obtencion-del-certificado-de-nivel-intermedio-b2-para-el-alumnado-que-cursa-bachillerato-bilingue-y-plurilingue-y-se-establece-la-colaboracion-entre-las-escuelas-oficiales-de-?redirect=\/educacion\/portales\/web\/programas-educativos-internacionales\/ensenanza-bilingue\/certificaciones-alumnado\/eoi\" target=\"_blank\" rel=\"noopener\">Resoluci\u00f3n de 12 de junio de 2023<\/a>, de la Direcci\u00f3n General de Ordenaci\u00f3n, Inclusi\u00f3n, Participaci\u00f3n y Evaluaci\u00f3n Educativa, por la que se regula el procedimiento para la obtenci\u00f3n del certificado de Nivel Intermedio B2 para el alumnado que cursa Bachillerato Biling\u00fce y Pluriling\u00fce y se establece la colaboraci\u00f3n entre las Escuelas Oficiales de Idiomas y los centros docentes p\u00fablicos dependientes de la Consejer\u00eda de Desarrollo Educativo y Formaci\u00f3n Profesional de la Junta de Andaluc\u00eda durante el curso escolar 2023\/2024.<\/li>\n<li><a href=\"https:\/\/drive.google.com\/file\/d\/121U0Qb804Fmc8F6D-OOA7gMiaU8mkGgh\/view\" target=\"_blank\" rel=\"noopener\">Aclaraciones a la Resoluci\u00f3n de 12 de junio de 2023<\/a><\/li>\n<\/ul>\n<hr \/>\n<p><strong>Entradas relacionadas:<\/strong><\/p>\n<ul>\n<li><a href=\"https:\/\/blogsaverroes.juntadeandalucia.es\/plurilinguismoalmeria\/2024\/05\/25\/preparacion-de-certificacion-b2-para-alumnado-de-bachillerato-bilingue-y-colaboracion-con-las-eoi\/\" target=\"_blank\" rel=\"noopener\">Preparaci\u00f3n de Certificaci\u00f3n B2 para alumnado de Bachillerato biling\u00fce y colaboraci\u00f3n con las EOI<\/a> (25\/05\/2024)<\/li>\n<li><a href=\"https:\/\/blogsaverroes.juntadeandalucia.es\/plurilinguismoalmeria\/2023\/06\/20\/certificacion-b2-para-alumnado-de-centros-con-bachillerato-bilingue\/\" target=\"_blank\" rel=\"noopener\">Certificaci\u00f3n B2 para alumnado de centros con Bachillerato biling\u00fce<\/a> (20\/06\/2023)<\/li>\n<\/ul>\n<hr \/>\n<p><strong>Formaci\u00f3n para el profesorado que imparte la materia optativa de preparaci\u00f3n de las pruebas de certificaci\u00f3n del nivel Intermedio B2:\u00a0<\/strong><\/p>\n<ul>\n<li><a href=\"https:\/\/drive.google.com\/drive\/folders\/1hNeJuTKiX1kZXK55sncWzVn8r0ljpyPp?usp=drive_link\" target=\"_blank\" rel=\"noopener\">Material del curso<\/a> (presentaciones de las sesiones, hojas de evaluaci\u00f3n, etc.)<\/li>\n<li><a href=\"https:\/\/drive.google.com\/drive\/folders\/1ki7M6IO_9vsQuEtCE_tCd2VnrVWLvMpU?usp=sharing\" target=\"_blank\" rel=\"noopener\">Carpeta compartida para el profesorado<\/a> (documentaci\u00f3n relacionada con las pruebas, informaci\u00f3n sobre la actividad formativa, etc.)<\/li>\n<\/ul>\n","protected":false},"excerpt":{"rendered":"<p>Colaboraci\u00f3n con las EOI Para facilitar la acreditaci\u00f3n del nivel de competencia ling\u00fc\u00edstica adquirida por los estudiantes de Bachillerato en Ingl\u00e9s, Franc\u00e9s y Alem\u00e1n, la Consejer\u00eda de Desarrollo Educativo y Formaci\u00f3n Profesional establece una&#46;&#46;&#46;<\/p>\n","protected":false},"author":10643,"featured_media":0,"parent":1576,"menu_order":0,"comment_status":"closed","ping_status":"closed","template":"","meta":{"footnotes":""},"aioseo_notices":[],"_links":{"self":[{"href":"https:\/\/blogsaverroes.juntadeandalucia.es\/plurilinguismoalmeria\/wp-json\/wp\/v2\/pages\/9558"}],"collection":[{"href":"https:\/\/blogsaverroes.juntadeandalucia.es\/plurilinguismoalmeria\/wp-json\/wp\/v2\/pages"}],"about":[{"href":"https:\/\/blogsaverroes.juntadeandalucia.es\/plurilinguismoalmeria\/wp-json\/wp\/v2\/types\/page"}],"author":[{"embeddable":true,"href":"https:\/\/blogsaverroes.juntadeandalucia.es\/plurilinguismoalmeria\/wp-json\/wp\/v2\/users\/10643"}],"replies":[{"embeddable":true,"href":"https:\/\/blogsaverroes.juntadeandalucia.es\/plurilinguismoalmeria\/wp-json\/wp\/v2\/comments?post=9558"}],"version-history":[{"count":24,"href":"https:\/\/blogsaverroes.juntadeandalucia.es\/plurilinguismoalmeria\/wp-json\/wp\/v2\/pages\/9558\/revisions"}],"predecessor-version":[{"id":9596,"href":"https:\/\/blogsaverroes.juntadeandalucia.es\/plurilinguismoalmeria\/wp-json\/wp\/v2\/pages\/9558\/revisions\/9596"}],"up":[{"embeddable":true,"href":"https:\/\/blogsaverroes.juntadeandalucia.es\/plurilinguismoalmeria\/wp-json\/wp\/v2\/pages\/1576"}],"wp:attachment":[{"href":"https:\/\/blogsaverroes.juntadeandalucia.es\/plurilinguismoalmeria\/wp-json\/wp\/v2\/media?parent=9558"}],"curies":[{"name":"wp","href":"https:\/\/api.w.org\/{rel}","templated":true}]}}