{"id":118,"date":"2020-09-29T18:03:02","date_gmt":"2020-09-29T16:03:02","guid":{"rendered":"https:\/\/blogsaverroes.juntadeandalucia.es\/plurilinguismocordoba\/?page_id=118"},"modified":"2025-10-24T17:13:40","modified_gmt":"2025-10-24T15:13:40","slug":"aulas-confucio","status":"publish","type":"page","link":"https:\/\/blogsaverroes.juntadeandalucia.es\/plurilinguismocordoba\/aulas-confucio\/","title":{"rendered":"Aulas Confucio"},"content":{"rendered":"\t\t<div data-elementor-type=\"wp-page\" data-elementor-id=\"118\" class=\"elementor elementor-118\">\n\t\t\t\t\t\t<section class=\"elementor-section elementor-top-section elementor-element elementor-element-27cfe5e7 elementor-section-boxed elementor-section-height-default elementor-section-height-default\" data-id=\"27cfe5e7\" data-element_type=\"section\">\n\t\t\t\t\t\t<div class=\"elementor-container elementor-column-gap-default\">\n\t\t\t\t\t<div class=\"elementor-column elementor-col-100 elementor-top-column elementor-element elementor-element-4ca4fce1\" data-id=\"4ca4fce1\" data-element_type=\"column\">\n\t\t\t<div class=\"elementor-widget-wrap elementor-element-populated\">\n\t\t\t\t\t\t<div class=\"elementor-element elementor-element-687e08f1 elementor-widget elementor-widget-text-editor\" data-id=\"687e08f1\" data-element_type=\"widget\" data-widget_type=\"text-editor.default\">\n\t\t\t\t<div class=\"elementor-widget-container\">\n\t\t\t\t\t\t\t\t\t<p><a href=\"https:\/\/secretariavirtual.juntadeandalucia.es\/secretariavirtual\/consultaCEP\/actividad\/269908PI002\/\"><span style=\"color: #000080\"><strong>IV JORNADAS DE FORMACI\u00d3N AULAS CONFUCIO<\/strong><\/span><\/a><\/p><p><em>6 de noviembre de 2025 (CEP C\u00f3rdoba)<\/em><\/p><p>Jornada de 7 horas que contempla dos espacios formativos destinados cada uno de ellos a los responsables del Programa en los centros y al profesorado de las Aulas Confucio.<\/p><p><span style=\"color: #000080\"><strong>INSTRUCCI\u00d3N 2025-26<\/strong><\/span><\/p><p><a href=\"https:\/\/www.juntadeandalucia.es\/educacion\/portales\/web\/educacion\/w\/instruccion-para-el-desarrollo-del-programa-de-aulas-confucio-de-ensenanza-de-la-lengua-el-arte-y-la-cultura-chinas-en-centros-docentes-publicos-andaluces-de-educacion-primaria-y-secundaria-en-el-curso-2025-2026?redirect=%2Feducacion%2Fportales%2Fweb%2Feducacion&amp;redirect=\/educacion\/portales\/web\/programas-educativos-internacionales\">Instrucci\u00f3n de la Direcci\u00f3n General de Innovaci\u00f3n y Formaci\u00f3n del Profesorado, para el desarrollo del programa de Aulas Confucio de Ense\u00f1anza de la Lengua, el Arte y la Cultura Chinas en Centros Docentes P\u00fablicos Andaluces de Educaci\u00f3n Primaria y Secundaria en el Curso 2025\/2026<\/a><\/p><p>Este curso escolar 2025-26 la provincia de C\u00f3rdoba cuenta con las siguientes sedes:<\/p><ul style=\"list-style-type: disc\"><li>CEIP Col\u00f3n (Educaci\u00f3n Primaria)<\/li><li>CEIP Salvador Vinuesa (Educaci\u00f3n Primaria)<\/li><li>CEIP Torre Malmuerta (Educaci\u00f3n Primaria)<\/li><li>IES Luis de G\u00f3ngora (ESO, Bachillerato, Extraescolares)<\/li><li>IES Medina Azahara (ESO, Extraescolares)<\/li><\/ul><p>\u00a0<\/p><p>\u00a0<\/p><p><span style=\"color: #000080\"><strong>HIST\u00d3RICO<\/strong><\/span><\/p><p>Publicada en el\u00a0<a href=\"https:\/\/portals.ced.junta-andalucia.es\/educacion\/portals\/web\/plurilinguismo\/novedades\/-\/contenidos\/detalle\/intrucciones-para-el-desarrollo-del-programa-aulas-confucio-para-el-curso-2021\" target=\"_blank\" rel=\"noopener noreferrer\">Portal de Pluriling\u00fcismo de la Consejer\u00eda de Educaci\u00f3n y Deporte<\/a>\u00a0las Instrucciones para el Programa Aulas Confucio para el curso 2021\/22.<\/p><p><a href=\"https:\/\/blogsaverroes.juntadeandalucia.es\/plurilinguismodelegacioncadiz\/files\/2021\/06\/INSTRUCCI%C3%93N-10_2021-DE-14-DE-JUNIO-PARA-EL-DESARROLLO-DEL-PROGRAMA-DE-AULAS-CONFUCIO-_21_22F.pdf\">INSTRUCCI\u00d3N 10_2021<\/a><\/p><p align=\"justify\">En este curso escolar 2021\/22 la provincia de C\u00f3rdoba cuenta con una nueva sede de AULA CONFUCIO:<strong><span style=\"font-size: 18pt\">\u00a0IES MEDINA AZAHARA\u00a0<\/span><\/strong><\/p><p><div class=\"embed-container\"><blockquote class=\"wp-embedded-content\" data-secret=\"FGDYJqh6do\"><a href=\"https:\/\/www.iesmedinaazahara.es\/celebracion-del-ano-nuevo-chino\/\">Celebraci\u00f3n del A\u00f1o Nuevo Chino<\/a><\/blockquote><iframe class=\"wp-embedded-content\" sandbox=\"allow-scripts\" security=\"restricted\" style=\"position: absolute; clip: rect(1px, 1px, 1px, 1px);\" title=\"\u00abCelebraci\u00f3n del A\u00f1o Nuevo Chino\u00bb \u2014 IES Medina Azahara\" src=\"https:\/\/www.iesmedinaazahara.es\/celebracion-del-ano-nuevo-chino\/embed\/#?secret=widexiEZsq#?secret=FGDYJqh6do\" data-secret=\"FGDYJqh6do\" width=\"600\" height=\"338\" frameborder=\"0\" marginwidth=\"0\" marginheight=\"0\" scrolling=\"no\"><\/iframe><\/div><\/p><p align=\"justify\">\u00a0<\/p><p align=\"justify\"><a href=\"https:\/\/www.adideandalucia.es\/normas\/instruc\/Instruccion6-2020AulasConfucio.pdf\" target=\"_blank\" rel=\"noopener noreferrer\">INSTRUCCI\u00d3N 6\/2020<\/a>, de 3 de junio, de la Direcci\u00f3n General de Ordenaci\u00f3n y Evaluaci\u00f3n Educativa, para el desarrollo del programa de Aulas Confucio de ense\u00f1anza de la lengua, el arte y la cultura chinas en centros docentes p\u00fablicos andaluces de Educaci\u00f3n Primaria y Secundaria para el curso 2020\/2021.<\/p><p align=\"justify\">\u00a0<\/p><p align=\"justify\"><strong>El Programa Confucio<\/strong> para la integraci\u00f3n del chino como lengua extranjera, as\u00ed como de su arte y su cultura, en el sistema educativo de titularidad p\u00fablica de la Comunidad Aut\u00f3noma de Andaluc\u00eda naci\u00f3 en el a\u00f1o 2011 con la firma del acuerdo marco de colaboraci\u00f3n entre la Consejer\u00eda de Educaci\u00f3n de la Junta de Andaluc\u00eda y la Oficina Nacional de Promoci\u00f3n Internacional de la Lengua China, Hanban, el cual propon\u00eda como finalidad principal introducir y promocionar el chino como lengua extranjera de la mano de profesorado chino en los centros docentes p\u00fablicos de Educaci\u00f3n Primaria y Educaci\u00f3n Secundaria Obligatoria dependientes de la Consejer\u00eda de Educaci\u00f3n adscritos a dicho Programa. Dicho acuerdo fue renovado durante el curso 2014-2015 con la redacci\u00f3n de un nuevo convenio que ampl\u00eda y refuerza la implantaci\u00f3n del programa con una vigencia de cinco a\u00f1os desde su firma y la creaci\u00f3n de 8 Aulas Confucio en Andaluc\u00eda.<\/p><p align=\"justify\">\u00a0<\/p><p align=\"justify\">Hanban \/ Instituto Confucio es el organismo no gubernamental subordinado al Ministerio de Educaci\u00f3n de China cuya misi\u00f3n es ofrecer al alumnado de chino en el exterior los recursos did\u00e1cticos y los servicios pertinentes para tal fin. As\u00ed, Hanban se responsabiliza del proceso de selecci\u00f3n del profesorado chino, la dotaci\u00f3n del material did\u00e1ctico necesario en las aulas de chino, y del sufragio de las actividades que ayuden a conocer la cultura y el arte chino.<\/p><p align=\"justify\">\u00a0<\/p><p>Los centros imparten chino en dos modalidades:<\/p><p>Los centros titulares de Aula Confucio imparten el chino integrado en el curr\u00edculo por la ma\u00f1ana, y extraescolar por la tarde, de la mano del profesorado de Aula Confucio chino. Hay un centro titular en cada provincia de nuestra comunidad.<\/p><p>A su vez, cada centro de Aula Confucio coordina a otros centros asociados de su misma provincia que imparten tanto chino curricular como chino dentro de las actividades ofrecidas en el Plan de Apertura en horario extraescolar a trav\u00e9s del profesorado voluntario chino. Estos centros se han ido incorporando al Programa. En el presente curso escolar hay un total de 24 centros adscritos, dos ellos de nueva incorporaci\u00f3n en el curso 2017-2018.<\/p><p align=\"justify\">Para la ense\u00f1anza del chino se utiliza la metodolog\u00eda comunicativa empleando textos, grabaciones y otros materiales aut\u00e9nticos, y se realizan actividades, tales como juegos teatrales o proyectos, que procuran imitar con fidelidad la realidad de fuera del aula. Adem\u00e1s, se contempla la preparaci\u00f3n y el asesoramiento con vistas a la realizaci\u00f3n de los ex\u00e1menes oficiales de idioma chino para la obtenci\u00f3n de los t\u00edtulos expedidos por el Instituto Confucio, con validez oficial reconocida internacionalmente: YCT (j\u00f3venes) y HSK (adultos).<\/p><p align=\"justify\">AULA CONFUCIO IES LUIS DE G\u00d3NGORA<\/p><p><div class=\"embed-container\"><blockquote class=\"wp-embedded-content\" data-secret=\"dunZGujfjf\"><a href=\"https:\/\/iesgongora.com\/index.php\/2020\/06\/04\/instruccion-para-las-aulas-confucio\/\">Instrucci\u00f3n para las Aulas Confucio<\/a><\/blockquote><iframe class=\"wp-embedded-content\" sandbox=\"allow-scripts\" security=\"restricted\" style=\"position: absolute; clip: rect(1px, 1px, 1px, 1px);\" title=\"\u00abInstrucci\u00f3n para las Aulas Confucio\u00bb \u2014 IES Luis de G\u00f3ngora\" src=\"https:\/\/iesgongora.com\/index.php\/2020\/06\/04\/instruccion-para-las-aulas-confucio\/embed\/#?secret=LMpXKYlVll#?secret=dunZGujfjf\" data-secret=\"dunZGujfjf\" width=\"600\" height=\"338\" frameborder=\"0\" marginwidth=\"0\" marginheight=\"0\" scrolling=\"no\"><\/iframe><\/div><\/p><p>CEIP COL\u00d3N<\/p><p><a href=\"http:\/\/www.juntadeandalucia.es\/averroes\/centros-tic\/14001505\/helvia\/sitio\/\">http:\/\/www.juntadeandalucia.es\/averroes\/centros-tic\/14001505\/helvia\/sitio\/<\/a><\/p><p>CEIP TORRE MALMUERTA<\/p><p>http:\/\/www.colegiotorremalmuerta.com\/<\/p><p>\u00a0<\/p><p><span style=\"font-size: 12pt\"><strong>Web Consejeria de Educaci\u00f3n<\/strong> <\/span><\/p><p><span style=\"font-size: 12pt\"><a href=\"https:\/\/www.juntadeandalucia.es\/educacion\/portals\/web\/plurilinguismo\/programa-de-aulas-confucio\/-\/novedades\/detalle\/0tXDGqvTFDId\/las-aulas-confucio-celebran-el-ano-nuevo-chino\"><strong>https:\/\/www.juntadeandalucia.es\/educacion\/portals\/web\/plurilinguismo\/programa-de-aulas-confucio\/-\/novedades\/detalle\/0tXDGqvTFDId\/las-aulas-confucio-celebran-el-ano-nuevo-chino<\/strong><\/a><\/span><\/p><header><h1 class=\"titulo\"><span style=\"font-size: 12pt\">Enlaces de inter\u00e9s<\/span><\/h1><\/header><div class=\"wrapper-listado\"><ul class=\"listado\"><li class=\"item item_listado\"><div class=\"inner-item\"><div class=\"item_icon ico_link\">Icono descriptivo<\/div><p><a class=\"ico_enlaceExt\" title=\"Se abre en una nueva ventana\" href=\"https:\/\/www.juntadeandalucia.es\/educacion\/portals\/web\/plurilinguismo\/novedades\/-\/contenidos\/detalle\/instrucciones-aulas-confucio-para-el-curso-2020\" target=\"_blank\" rel=\"noopener noreferrer\">Intrucciones 20-21<\/a><\/p><\/div><\/li><li class=\"item item_listado\"><div class=\"inner-item\"><div class=\"item_icon ico_link\">Icono descriptivo<\/div><p><a class=\"ico_enlaceExt\" title=\"Se abre en una nueva ventana\" href=\"http:\/\/redcentros.ced.junta-andalucia.es\/centros-tic\/11003205\/moodle2\/course\/index.php?categoryid=6\" target=\"_blank\" rel=\"noopener noreferrer\">Plataforma Moodle del Taller de Lengua China del IES Padre Luis Coloma<\/a><\/p><\/div><\/li><li class=\"item item_listado\"><div class=\"inner-item\"><div class=\"item_icon ico_link\">Icono descriptivo<\/div><p><a class=\"ico_enlaceExt\" title=\"Se abre en una nueva ventana\" href=\"https:\/\/aulasconfucioeuropa.blogspot.com\/\" target=\"_blank\" rel=\"noopener noreferrer\">Aulas Confucio de Europa<\/a><\/p><\/div><\/li><li class=\"item item_listado\"><div class=\"inner-item\"><div class=\"item_icon ico_link\">Icono descriptivo<\/div><p><a class=\"ico_enlaceExt\" title=\"Se abre en una nueva ventana\" href=\"http:\/\/loscerros.org\/chino-curricular-y-extraescolar\/\" target=\"_blank\" rel=\"noopener noreferrer\">Web IES Los Cerros<\/a><\/p><\/div><\/li><li class=\"item item_listado\"><div class=\"inner-item\"><div class=\"item_icon ico_link\">Icono descriptivo<\/div><p><a class=\"ico_enlaceExt\" title=\"Se abre en una nueva ventana\" href=\"https:\/\/www.google.es\/maps\/@37.0639782,-7.4440012,8z\/data=!4m2!6m1!1s1NYdsID1Rsa0hQ4Amfi5T5_N4BpuiI_rV?hl=es\" target=\"_blank\" rel=\"noopener noreferrer\">Red de centros Aulas Confucio y asociados<\/a><\/p><\/div><\/li><\/ul><\/div>\t\t\t\t\t\t\t\t<\/div>\n\t\t\t\t<\/div>\n\t\t\t\t\t<\/div>\n\t\t<\/div>\n\t\t\t\t\t<\/div>\n\t\t<\/section>\n\t\t\t\t<\/div>\n\t\t","protected":false},"excerpt":{"rendered":"<p>IV JORNADAS DE FORMACI\u00d3N AULAS CONFUCIO 6 de noviembre de 2025 (CEP C\u00f3rdoba) Jornada de 7 horas que contempla dos espacios formativos destinados cada uno de ellos a los responsables del Programa en los centros y al profesorado de las Aulas Confucio. INSTRUCCI\u00d3N 2025-26 Instrucci\u00f3n de la Direcci\u00f3n General de Innovaci\u00f3n y Formaci\u00f3n del Profesorado, &hellip; <\/p>\n<p><a class=\"more-link btn\" href=\"https:\/\/blogsaverroes.juntadeandalucia.es\/plurilinguismocordoba\/aulas-confucio\/\">Seguir leyendo<\/a><\/p>\n","protected":false},"author":530,"featured_media":0,"parent":0,"menu_order":0,"comment_status":"closed","ping_status":"closed","template":"","meta":{"ngg_post_thumbnail":0,"footnotes":""},"aioseo_notices":[],"post_mailing_queue_ids":[],"_links":{"self":[{"href":"https:\/\/blogsaverroes.juntadeandalucia.es\/plurilinguismocordoba\/wp-json\/wp\/v2\/pages\/118"}],"collection":[{"href":"https:\/\/blogsaverroes.juntadeandalucia.es\/plurilinguismocordoba\/wp-json\/wp\/v2\/pages"}],"about":[{"href":"https:\/\/blogsaverroes.juntadeandalucia.es\/plurilinguismocordoba\/wp-json\/wp\/v2\/types\/page"}],"author":[{"embeddable":true,"href":"https:\/\/blogsaverroes.juntadeandalucia.es\/plurilinguismocordoba\/wp-json\/wp\/v2\/users\/530"}],"replies":[{"embeddable":true,"href":"https:\/\/blogsaverroes.juntadeandalucia.es\/plurilinguismocordoba\/wp-json\/wp\/v2\/comments?post=118"}],"version-history":[{"count":9,"href":"https:\/\/blogsaverroes.juntadeandalucia.es\/plurilinguismocordoba\/wp-json\/wp\/v2\/pages\/118\/revisions"}],"predecessor-version":[{"id":2326,"href":"https:\/\/blogsaverroes.juntadeandalucia.es\/plurilinguismocordoba\/wp-json\/wp\/v2\/pages\/118\/revisions\/2326"}],"wp:attachment":[{"href":"https:\/\/blogsaverroes.juntadeandalucia.es\/plurilinguismocordoba\/wp-json\/wp\/v2\/media?parent=118"}],"curies":[{"name":"wp","href":"https:\/\/api.w.org\/{rel}","templated":true}]}}

<div data-elementor-type="wp-page" data-elementor-id="118" class="elementor elementor-118">
						<section class="elementor-section elementor-top-section elementor-element elementor-element-27cfe5e7 elementor-section-boxed elementor-section-height-default elementor-section-height-default" data-id="27cfe5e7" data-element_type="section">
						<div class="elementor-container elementor-column-gap-default">
					<div class="elementor-column elementor-col-100 elementor-top-column elementor-element elementor-element-4ca4fce1" data-id="4ca4fce1" data-element_type="column">
			<div class="elementor-widget-wrap elementor-element-populated">
						<div class="elementor-element elementor-element-687e08f1 elementor-widget elementor-widget-text-editor" data-id="687e08f1" data-element_type="widget" data-widget_type="text-editor.default">
				<div class="elementor-widget-container">
									<p><a href="https://secretariavirtual.juntadeandalucia.es/secretariavirtual/consultaCEP/actividad/269908PI002/"><span style="color: #000080"><strong>IV JORNADAS DE FORMACIÓN AULAS CONFUCIO</strong></span></a></p><p><em>6 de noviembre de 2025 (CEP Córdoba)</em></p><p>Jornada de 7 horas que contempla dos espacios formativos destinados cada uno de ellos a los responsables del Programa en los centros y al profesorado de las Aulas Confucio.</p><p><span style="color: #000080"><strong>INSTRUCCIÓN 2025-26</strong></span></p><p><a href="https://www.juntadeandalucia.es/educacion/portales/web/educacion/w/instruccion-para-el-desarrollo-del-programa-de-aulas-confucio-de-ensenanza-de-la-lengua-el-arte-y-la-cultura-chinas-en-centros-docentes-publicos-andaluces-de-educacion-primaria-y-secundaria-en-el-curso-2025-2026?redirect=%2Feducacion%2Fportales%2Fweb%2Feducacion&amp;redirect=/educacion/portales/web/programas-educativos-internacionales">Instrucción de la Dirección General de Innovación y Formación del Profesorado, para el desarrollo del programa de Aulas Confucio de Enseñanza de la Lengua, el Arte y la Cultura Chinas en Centros Docentes Públicos Andaluces de Educación Primaria y Secundaria en el Curso 2025/2026</a></p><p>Este curso escolar 2025-26 la provincia de Córdoba cuenta con las siguientes sedes:</p><ul style="list-style-type: disc"><li>CEIP Colón (Educación Primaria)</li><li>CEIP Salvador Vinuesa (Educación Primaria)</li><li>CEIP Torre Malmuerta (Educación Primaria)</li><li>IES Luis de Góngora (ESO, Bachillerato, Extraescolares)</li><li>IES Medina Azahara (ESO, Extraescolares)</li></ul><p> </p><p> </p><p><span style="color: #000080"><strong>HISTÓRICO</strong></span></p><p>Publicada en el <a href="https://portals.ced.junta-andalucia.es/educacion/portals/web/plurilinguismo/novedades/-/contenidos/detalle/intrucciones-para-el-desarrollo-del-programa-aulas-confucio-para-el-curso-2021" target="_blank" rel="noopener noreferrer">Portal de Plurilingüismo de la Consejería de Educación y Deporte</a> las Instrucciones para el Programa Aulas Confucio para el curso 2021/22.</p><p><a href="https://blogsaverroes.juntadeandalucia.es/plurilinguismodelegacioncadiz/files/2021/06/INSTRUCCI%C3%93N-10_2021-DE-14-DE-JUNIO-PARA-EL-DESARROLLO-DEL-PROGRAMA-DE-AULAS-CONFUCIO-_21_22F.pdf">INSTRUCCIÓN 10_2021</a></p><p align="justify">En este curso escolar 2021/22 la provincia de Córdoba cuenta con una nueva sede de AULA CONFUCIO:<strong><span style="font-size: 18pt"> IES MEDINA AZAHARA </span></strong></p><p><div class="embed-container"><blockquote class="wp-embedded-content" data-secret="FGDYJqh6do"><a href="https://www.iesmedinaazahara.es/celebracion-del-ano-nuevo-chino/">Celebración del Año Nuevo Chino</a></blockquote><iframe class="wp-embedded-content" sandbox="allow-scripts" security="restricted" style="position: absolute; clip: rect(1px, 1px, 1px, 1px);" title="«Celebración del Año Nuevo Chino» — IES Medina Azahara" src="https://www.iesmedinaazahara.es/celebracion-del-ano-nuevo-chino/embed/#?secret=widexiEZsq#?secret=FGDYJqh6do" data-secret="FGDYJqh6do" width="600" height="338" frameborder="0" marginwidth="0" marginheight="0" scrolling="no"></iframe></div></p><p align="justify"> </p><p align="justify"><a href="https://www.adideandalucia.es/normas/instruc/Instruccion6-2020AulasConfucio.pdf" target="_blank" rel="noopener noreferrer">INSTRUCCIÓN 6/2020</a>, de 3 de junio, de la Dirección General de Ordenación y Evaluación Educativa, para el desarrollo del programa de Aulas Confucio de enseñanza de la lengua, el arte y la cultura chinas en centros docentes públicos andaluces de Educación Primaria y Secundaria para el curso 2020/2021.</p><p align="justify"> </p><p align="justify"><strong>El Programa Confucio</strong> para la integración del chino como lengua extranjera, así como de su arte y su cultura, en el sistema educativo de titularidad pública de la Comunidad Autónoma de Andalucía nació en el año 2011 con la firma del acuerdo marco de colaboración entre la Consejería de Educación de la Junta de Andalucía y la Oficina Nacional de Promoción Internacional de la Lengua China, Hanban, el cual proponía como finalidad principal introducir y promocionar el chino como lengua extranjera de la mano de profesorado chino en los centros docentes públicos de Educación Primaria y Educación Secundaria Obligatoria dependientes de la Consejería de Educación adscritos a dicho Programa. Dicho acuerdo fue renovado durante el curso 2014-2015 con la redacción de un nuevo convenio que amplía y refuerza la implantación del programa con una vigencia de cinco años desde su firma y la creación de 8 Aulas Confucio en Andalucía.</p><p align="justify"> </p><p align="justify">Hanban / Instituto Confucio es el organismo no gubernamental subordinado al Ministerio de Educación de China cuya misión es ofrecer al alumnado de chino en el exterior los recursos didácticos y los servicios pertinentes para tal fin. Así, Hanban se responsabiliza del proceso de selección del profesorado chino, la dotación del material didáctico necesario en las aulas de chino, y del sufragio de las actividades que ayuden a conocer la cultura y el arte chino.</p><p align="justify"> </p><p>Los centros imparten chino en dos modalidades:</p><p>Los centros titulares de Aula Confucio imparten el chino integrado en el currículo por la mañana, y extraescolar por la tarde, de la mano del profesorado de Aula Confucio chino. Hay un centro titular en cada provincia de nuestra comunidad.</p><p>A su vez, cada centro de Aula Confucio coordina a otros centros asociados de su misma provincia que imparten tanto chino curricular como chino dentro de las actividades ofrecidas en el Plan de Apertura en horario extraescolar a través del profesorado voluntario chino. Estos centros se han ido incorporando al Programa. En el presente curso escolar hay un total de 24 centros adscritos, dos ellos de nueva incorporación en el curso 2017-2018.</p><p align="justify">Para la enseñanza del chino se utiliza la metodología comunicativa empleando textos, grabaciones y otros materiales auténticos, y se realizan actividades, tales como juegos teatrales o proyectos, que procuran imitar con fidelidad la realidad de fuera del aula. Además, se contempla la preparación y el asesoramiento con vistas a la realización de los exámenes oficiales de idioma chino para la obtención de los títulos expedidos por el Instituto Confucio, con validez oficial reconocida internacionalmente: YCT (jóvenes) y HSK (adultos).</p><p align="justify">AULA CONFUCIO IES LUIS DE GÓNGORA</p><p><div class="embed-container"><blockquote class="wp-embedded-content" data-secret="dunZGujfjf"><a href="https://iesgongora.com/index.php/2020/06/04/instruccion-para-las-aulas-confucio/">Instrucción para las Aulas Confucio</a></blockquote><iframe class="wp-embedded-content" sandbox="allow-scripts" security="restricted" style="position: absolute; clip: rect(1px, 1px, 1px, 1px);" title="«Instrucción para las Aulas Confucio» — IES Luis de Góngora" src="https://iesgongora.com/index.php/2020/06/04/instruccion-para-las-aulas-confucio/embed/#?secret=LMpXKYlVll#?secret=dunZGujfjf" data-secret="dunZGujfjf" width="600" height="338" frameborder="0" marginwidth="0" marginheight="0" scrolling="no"></iframe></div></p><p>CEIP COLÓN</p><p><a href="http://www.juntadeandalucia.es/averroes/centros-tic/14001505/helvia/sitio/">http://www.juntadeandalucia.es/averroes/centros-tic/14001505/helvia/sitio/</a></p><p>CEIP TORRE MALMUERTA</p><p>http://www.colegiotorremalmuerta.com/</p><p> </p><p><span style="font-size: 12pt"><strong>Web Consejeria de Educación</strong> </span></p><p><span style="font-size: 12pt"><a href="https://www.juntadeandalucia.es/educacion/portals/web/plurilinguismo/programa-de-aulas-confucio/-/novedades/detalle/0tXDGqvTFDId/las-aulas-confucio-celebran-el-ano-nuevo-chino"><strong>https://www.juntadeandalucia.es/educacion/portals/web/plurilinguismo/programa-de-aulas-confucio/-/novedades/detalle/0tXDGqvTFDId/las-aulas-confucio-celebran-el-ano-nuevo-chino</strong></a></span></p><header><h1 class="titulo"><span style="font-size: 12pt">Enlaces de interés</span></h1></header><div class="wrapper-listado"><ul class="listado"><li class="item item_listado"><div class="inner-item"><div class="item_icon ico_link">Icono descriptivo</div><p><a class="ico_enlaceExt" title="Se abre en una nueva ventana" href="https://www.juntadeandalucia.es/educacion/portals/web/plurilinguismo/novedades/-/contenidos/detalle/instrucciones-aulas-confucio-para-el-curso-2020" target="_blank" rel="noopener noreferrer">Intrucciones 20-21</a></p></div></li><li class="item item_listado"><div class="inner-item"><div class="item_icon ico_link">Icono descriptivo</div><p><a class="ico_enlaceExt" title="Se abre en una nueva ventana" href="http://redcentros.ced.junta-andalucia.es/centros-tic/11003205/moodle2/course/index.php?categoryid=6" target="_blank" rel="noopener noreferrer">Plataforma Moodle del Taller de Lengua China del IES Padre Luis Coloma</a></p></div></li><li class="item item_listado"><div class="inner-item"><div class="item_icon ico_link">Icono descriptivo</div><p><a class="ico_enlaceExt" title="Se abre en una nueva ventana" href="https://aulasconfucioeuropa.blogspot.com/" target="_blank" rel="noopener noreferrer">Aulas Confucio de Europa</a></p></div></li><li class="item item_listado"><div class="inner-item"><div class="item_icon ico_link">Icono descriptivo</div><p><a class="ico_enlaceExt" title="Se abre en una nueva ventana" href="http://loscerros.org/chino-curricular-y-extraescolar/" target="_blank" rel="noopener noreferrer">Web IES Los Cerros</a></p></div></li><li class="item item_listado"><div class="inner-item"><div class="item_icon ico_link">Icono descriptivo</div><p><a class="ico_enlaceExt" title="Se abre en una nueva ventana" href="https://www.google.es/maps/@37.0639782,-7.4440012,8z/data=!4m2!6m1!1s1NYdsID1Rsa0hQ4Amfi5T5_N4BpuiI_rV?hl=es" target="_blank" rel="noopener noreferrer">Red de centros Aulas Confucio y asociados</a></p></div></li></ul></div>								</div>
				</div>
					</div>
		</div>
					</div>
		</section>
				</div>

<p>IV JORNADAS DE FORMACIÓN AULAS CONFUCIO 6 de noviembre de 2025 (CEP Córdoba) Jornada de 7 horas que contempla dos espacios formativos destinados cada uno de ellos a los responsables del Programa en los centros y al profesorado de las Aulas Confucio. INSTRUCCIÓN 2025-26 Instrucción de la Dirección General de Innovación y Formación del Profesorado, &hellip; </p>
<p><a class="more-link btn" href="https://blogsaverroes.juntadeandalucia.es/plurilinguismocordoba/aulas-confucio/">Seguir leyendo</a></p>
