{"id":2447,"date":"2025-11-16T17:37:12","date_gmt":"2025-11-16T16:37:12","guid":{"rendered":"https:\/\/blogsaverroes.juntadeandalucia.es\/plurilinguismocordoba\/?page_id=2447"},"modified":"2025-11-16T17:37:12","modified_gmt":"2025-11-16T16:37:12","slug":"premios-buenas-practicas-bilingues","status":"publish","type":"page","link":"https:\/\/blogsaverroes.juntadeandalucia.es\/plurilinguismocordoba\/premios-buenas-practicas-bilingues\/","title":{"rendered":"Premios Buenas Pr\u00e1cticas Biling\u00fces"},"content":{"rendered":"<p><img fetchpriority=\"high\" decoding=\"async\" class=\"alignnone wp-image-2448 size-large\" src=\"https:\/\/blogsaverroes.juntadeandalucia.es\/plurilinguismocordoba\/files\/2025\/11\/Premiados-BBPPBB-2425-1024x576.png\" alt=\"\" width=\"750\" height=\"422\" srcset=\"https:\/\/blogsaverroes.juntadeandalucia.es\/plurilinguismocordoba\/files\/2025\/11\/Premiados-BBPPBB-2425-1024x576.png 1024w, https:\/\/blogsaverroes.juntadeandalucia.es\/plurilinguismocordoba\/files\/2025\/11\/Premiados-BBPPBB-2425-300x169.png 300w, https:\/\/blogsaverroes.juntadeandalucia.es\/plurilinguismocordoba\/files\/2025\/11\/Premiados-BBPPBB-2425-768x432.png 768w, https:\/\/blogsaverroes.juntadeandalucia.es\/plurilinguismocordoba\/files\/2025\/11\/Premiados-BBPPBB-2425-1536x864.png 1536w, https:\/\/blogsaverroes.juntadeandalucia.es\/plurilinguismocordoba\/files\/2025\/11\/Premiados-BBPPBB-2425-750x422.png 750w, https:\/\/blogsaverroes.juntadeandalucia.es\/plurilinguismocordoba\/files\/2025\/11\/Premiados-BBPPBB-2425.png 1600w\" sizes=\"(max-width: 750px) 100vw, 750px\" \/><\/p>\n<p>Publicada la <a href=\"https:\/\/www.juntadeandalucia.es\/boja\/2025\/218\/BOJA25-218-00002-15135-01_00328732.pdf?redirect=\/educacion\/portales\/web\/programas-educativos-internacionales\" target=\"_blank\" rel=\"noopener\">Resoluci\u00f3n de 3 de noviembre de 2025, de la Direcci\u00f3n General de Innovaci\u00f3n y Formaci\u00f3n del Profesorado, por la que se hace p\u00fablico el fallo del jurado para la concesi\u00f3n de los premios para el reconocimiento a centros biling\u00fces y pluriling\u00fces de Andaluc\u00eda con buenas pr\u00e1cticas docentes en ense\u00f1anza biling\u00fce durante el curso 2024-2025<\/a>.<\/p>\n<p>\u00a1Enhorabuena a todos los premiados!<\/p>\n<p><span style=\"font-size: 10pt\">Licencia de la imagen: <a href=\"https:\/\/www.juntadeandalucia.es\/educacion\/portales\/web\/programas-educativos-internacionales\" target=\"_blank\" rel=\"noopener\">SPEI. <em>Buenas Pr\u00e1cticas Biling\u00fces 2024\/25<\/em>. Licencia CC BY-NC-SA<\/a><\/span><\/p>\n","protected":false},"excerpt":{"rendered":"<p>Publicada la Resoluci\u00f3n de 3 de noviembre de 2025, de la Direcci\u00f3n General de Innovaci\u00f3n y Formaci\u00f3n del Profesorado, por la que se hace p\u00fablico el fallo del jurado para la concesi\u00f3n de los premios para el reconocimiento a centros biling\u00fces y pluriling\u00fces de Andaluc\u00eda con buenas pr\u00e1cticas docentes en ense\u00f1anza biling\u00fce durante el curso &hellip; <\/p>\n<p><a class=\"more-link btn\" href=\"https:\/\/blogsaverroes.juntadeandalucia.es\/plurilinguismocordoba\/premios-buenas-practicas-bilingues\/\">Seguir leyendo<\/a><\/p>\n","protected":false},"author":18252,"featured_media":0,"parent":0,"menu_order":0,"comment_status":"closed","ping_status":"closed","template":"","meta":{"ngg_post_thumbnail":0,"footnotes":""},"aioseo_notices":[],"post_mailing_queue_ids":[],"_links":{"self":[{"href":"https:\/\/blogsaverroes.juntadeandalucia.es\/plurilinguismocordoba\/wp-json\/wp\/v2\/pages\/2447"}],"collection":[{"href":"https:\/\/blogsaverroes.juntadeandalucia.es\/plurilinguismocordoba\/wp-json\/wp\/v2\/pages"}],"about":[{"href":"https:\/\/blogsaverroes.juntadeandalucia.es\/plurilinguismocordoba\/wp-json\/wp\/v2\/types\/page"}],"author":[{"embeddable":true,"href":"https:\/\/blogsaverroes.juntadeandalucia.es\/plurilinguismocordoba\/wp-json\/wp\/v2\/users\/18252"}],"replies":[{"embeddable":true,"href":"https:\/\/blogsaverroes.juntadeandalucia.es\/plurilinguismocordoba\/wp-json\/wp\/v2\/comments?post=2447"}],"version-history":[{"count":1,"href":"https:\/\/blogsaverroes.juntadeandalucia.es\/plurilinguismocordoba\/wp-json\/wp\/v2\/pages\/2447\/revisions"}],"predecessor-version":[{"id":2450,"href":"https:\/\/blogsaverroes.juntadeandalucia.es\/plurilinguismocordoba\/wp-json\/wp\/v2\/pages\/2447\/revisions\/2450"}],"wp:attachment":[{"href":"https:\/\/blogsaverroes.juntadeandalucia.es\/plurilinguismocordoba\/wp-json\/wp\/v2\/media?parent=2447"}],"curies":[{"name":"wp","href":"https:\/\/api.w.org\/{rel}","templated":true}]}}