{"id":2461,"date":"2025-11-16T18:06:24","date_gmt":"2025-11-16T17:06:24","guid":{"rendered":"https:\/\/blogsaverroes.juntadeandalucia.es\/plurilinguismocordoba\/?page_id=2461"},"modified":"2026-02-28T18:59:20","modified_gmt":"2026-02-28T17:59:20","slug":"etwinning","status":"publish","type":"page","link":"https:\/\/blogsaverroes.juntadeandalucia.es\/plurilinguismocordoba\/etwinning\/","title":{"rendered":"eTwinning"},"content":{"rendered":"<h1><span style=\"font-size: 18pt\">Abierto el plazo de solicitud para acreditarse como eTwinning School<\/span><\/h1>\n<p><img fetchpriority=\"high\" decoding=\"async\" class=\"aligncenter  wp-image-2709\" src=\"https:\/\/blogsaverroes.juntadeandalucia.es\/plurilinguismocordoba\/files\/2026\/02\/etwinning-schools.jpg\" alt=\"\" width=\"359\" height=\"355\" srcset=\"https:\/\/blogsaverroes.juntadeandalucia.es\/plurilinguismocordoba\/files\/2026\/02\/etwinning-schools.jpg 619w, https:\/\/blogsaverroes.juntadeandalucia.es\/plurilinguismocordoba\/files\/2026\/02\/etwinning-schools-300x297.jpg 300w\" sizes=\"(max-width: 359px) 100vw, 359px\" \/><\/p>\n<p><strong>Plazo:<\/strong> del 12 de febrero al <strong>10 de marzo<\/strong><\/p>\n<p>Un centro eTwinning es aquel que integra esta acci\u00f3n como una de sus l\u00edneas estrategias de centro, est\u00e1 comprometido con los principios de centros eTwinning (liderazgo, inclusi\u00f3n, colaboraci\u00f3n, mentor\u00eda para otros centros, protagonismo del alumnado) y cumple con los siguientes requisitos:<\/p>\n<ol>\n<li>Llevar registrado en eTwinning al menos <strong>2 a\u00f1os<\/strong><\/li>\n<li><strong>Tres docentes<\/strong> han participado en proyectos eTwinning<\/li>\n<li>Un docente ha obtenido el <strong>sello de calidad<\/strong> nacional<\/li>\n<\/ol>\n<p>&nbsp;<\/p>\n<p>Puedes ampliar esta informaci\u00f3n y consultar las recomendaciones para presentar una buena solicitud en el siguiente enlace: <a href=\"https:\/\/etwinning.es\/abierto-el-plazo-de-solicitud-para-la-acreditacion-de-centro-etwinning\/\" target=\"_blank\" rel=\"noopener\">https:\/\/etwinning.es\/abierto-el-plazo-de-solicitud-para-la-acreditacion-de-centro-etwinning\/<\/a><\/p>\n<p>&nbsp;<\/p>\n<h1 class=\"post-title entry-title\"><span style=\"font-size: 18pt\">Convocatoria de eventos de formaci\u00f3n eTwinning<\/span><\/h1>\n<div class=\"entry-content clearfix\">\n<p><img decoding=\"async\" class=\"aligncenter wp-image-2435 \" src=\"https:\/\/blogsaverroes.juntadeandalucia.es\/plurilinguismocordoba\/files\/2025\/11\/Convocatoria-eventos.png\" alt=\"\" width=\"622\" height=\"325\" srcset=\"https:\/\/blogsaverroes.juntadeandalucia.es\/plurilinguismocordoba\/files\/2025\/11\/Convocatoria-eventos.png 800w, https:\/\/blogsaverroes.juntadeandalucia.es\/plurilinguismocordoba\/files\/2025\/11\/Convocatoria-eventos-300x157.png 300w, https:\/\/blogsaverroes.juntadeandalucia.es\/plurilinguismocordoba\/files\/2025\/11\/Convocatoria-eventos-768x401.png 768w, https:\/\/blogsaverroes.juntadeandalucia.es\/plurilinguismocordoba\/files\/2025\/11\/Convocatoria-eventos-750x392.png 750w\" sizes=\"(max-width: 622px) 100vw, 622px\" \/><\/p>\n<p><span style=\"font-size: 10pt\">Licencia de la imagen: <a href=\"https:\/\/etwinning.es\/\" target=\"_blank\" rel=\"noopener\">SNA<\/a>. <a href=\"https:\/\/etwinning.es\/convocatoria-eventos-etwinning-2026\/\" target=\"_blank\" rel=\"noopener\"><em>Convocatoria eventos 2026<\/em><\/a>. <a href=\"https:\/\/creativecommons.org\/licenses\/by-sa\/4.0\/deed.es\" target=\"_blank\" rel=\"noopener\">Licencia CC BY-SA<\/a><\/span><\/p>\n<p>Se convocan <strong>82 plazas<\/strong> para la asistencia a <strong>9 eventos de formaci\u00f3n<\/strong> <strong>eTwinning<\/strong> en Serbia, Francia, Dinamarca, Bulgaria, Alemania, Austria y Espa\u00f1a.&nbsp; Estos eventos constituyen una excelente oportunidad para formarse, encontrar socios y socias y dise\u00f1ar de forma colaborativa proyectos eTwinning.<\/p>\n<p>Entre los requisitos, es necesario tener un <strong>perfil validado<\/strong> en la plataforma eTwinning a fecha de publicaci\u00f3n de la convocatoria.&nbsp;&nbsp;<\/p>\n<p><strong>Plazo de solicitudes: hasta el 1 de diciembre.<\/strong><\/p>\n<p><strong>M\u00e1s informaci\u00f3n y solicitudes:<\/strong> <a href=\"https:\/\/www.educacionfpydeportes.gob.es\/servicios-al-ciudadano\/catalogo\/general\/20\/203149\/ficha\/203149-2026.html\" target=\"_blank\" rel=\"noopener\">https:\/\/www.educacionfpydeportes.gob.es\/servicios-al-ciudadano\/catalogo\/general\/20\/203149\/ficha\/203149-2026.html<\/a><\/p>\n<p>&nbsp;<\/p>\n<\/div>\n<h1 class=\"post-title entry-title\">Conferencia anual eTwinning 2025 \u00abcelebrando lo que nos une\u00bb<\/h1>\n<div class=\"entry-content clearfix\">\n<p><img decoding=\"async\" class=\"alignnone size-medium wp-image-2375 aligncenter\" src=\"https:\/\/blogsaverroes.juntadeandalucia.es\/plurilinguismocordoba\/files\/2025\/10\/visualvertical-_etwannualconf_3-240x300.png\" alt=\"\" width=\"240\" height=\"300\" srcset=\"https:\/\/blogsaverroes.juntadeandalucia.es\/plurilinguismocordoba\/files\/2025\/10\/visualvertical-_etwannualconf_3-240x300.png 240w, https:\/\/blogsaverroes.juntadeandalucia.es\/plurilinguismocordoba\/files\/2025\/10\/visualvertical-_etwannualconf_3-819x1024.png 819w, https:\/\/blogsaverroes.juntadeandalucia.es\/plurilinguismocordoba\/files\/2025\/10\/visualvertical-_etwannualconf_3-768x960.png 768w, https:\/\/blogsaverroes.juntadeandalucia.es\/plurilinguismocordoba\/files\/2025\/10\/visualvertical-_etwannualconf_3-750x938.png 750w, https:\/\/blogsaverroes.juntadeandalucia.es\/plurilinguismocordoba\/files\/2025\/10\/visualvertical-_etwannualconf_3.png 1080w\" sizes=\"(max-width: 240px) 100vw, 240px\" \/><\/p>\n<p><span style=\"font-size: 10pt\"><a href=\"https:\/\/school-education.ec.europa.eu\/en\">Licencia de la imagen: European School Education Platform<\/a>. <em><a href=\"https:\/\/school-education.ec.europa.eu\/en\/discover\/news\/etwinning-annual-conference-celebrating-what-unites-us\">eTw annual conference 2025<\/a><\/em>. <a href=\"https:\/\/op.europa.eu\/en\/web\/about-us\/legal-notices\/publications-office-of-the-european-union-copyright\">Licencia Comisi\u00f3n Europea<\/a><\/span><\/p>\n<p>La Conferencia anual eTwinning 2025 \u00abcelebrando lo que nos une\u00bb ha sido un evento h\u00edbrido que ha reunido a profesorado, centros educativos y otros agentes del \u00e1mbito de la educaci\u00f3n escolar en toda Europa y en el que se han desarrollado: debates, talleres y <em>networking<\/em> centrados en c\u00f3mo la educaci\u00f3n fomenta la participaci\u00f3n democr\u00e1tica, los valores europeos y las \u00ab<strong>Skills for life<\/strong>\u00bb o competencias esenciales para la vida, <strong>tem\u00e1tica eTwinning 2025-2026<\/strong>.<\/p>\n<p><iframe src=\"https:\/\/www.youtube.com\/embed\/uJtrYT7zI0s?si=6wveXhuMBLEMAFHa\" width=\"560\" height=\"315\" frameborder=\"0\"><\/iframe><\/p>\n<p>La Vicepresidenta ejecutiva para los Derechos Sociales y las Capacidades, el Empleo de Calidad y la Preparaci\u00f3n, D.\u00aa Roxana M\u00eenzatu destac\u00f3 los m\u00e1s de <strong>300.000 docentes activos<\/strong> en la plataforma eTwinning en sus 20 a\u00f1os de desarrollo y anunci\u00f3 la nueva iniciativa \u00ab<strong>Teacher and Trainer Agenda 2026<\/strong>\u00bb que ser\u00e1 presentada en breve y que establece <strong>3 prioridades<\/strong>:<\/p>\n<ol>\n<li>Mejorar el reconocimiento y condiciones de la profesi\u00f3n docente.<\/li>\n<li>Apoyar la innovaci\u00f3n en la ense\u00f1anza facilitando el acceso a oportunidades de movilidad y a tecnolog\u00edas digitales.<\/li>\n<li>Fortalecer el aprendizaje de destrezas b\u00e1sicas como la lectura y matem\u00e1ticas incluyendo la ciudadan\u00eda.<\/li>\n<\/ol>\n<\/div>\n","protected":false},"excerpt":{"rendered":"<p>Abierto el plazo de solicitud para acreditarse como eTwinning School Plazo: del 12 de febrero al 10 de marzo Un centro eTwinning es aquel que integra esta acci\u00f3n como una de sus l\u00edneas estrategias de centro, est\u00e1 comprometido con los principios de centros eTwinning (liderazgo, inclusi\u00f3n, colaboraci\u00f3n, mentor\u00eda para otros centros, protagonismo del alumnado) y &hellip; <\/p>\n<p><a class=\"more-link btn\" href=\"https:\/\/blogsaverroes.juntadeandalucia.es\/plurilinguismocordoba\/etwinning\/\">Seguir leyendo<\/a><\/p>\n","protected":false},"author":18252,"featured_media":0,"parent":0,"menu_order":0,"comment_status":"closed","ping_status":"closed","template":"","meta":{"ngg_post_thumbnail":0,"footnotes":""},"aioseo_notices":[],"post_mailing_queue_ids":[],"_links":{"self":[{"href":"https:\/\/blogsaverroes.juntadeandalucia.es\/plurilinguismocordoba\/wp-json\/wp\/v2\/pages\/2461"}],"collection":[{"href":"https:\/\/blogsaverroes.juntadeandalucia.es\/plurilinguismocordoba\/wp-json\/wp\/v2\/pages"}],"about":[{"href":"https:\/\/blogsaverroes.juntadeandalucia.es\/plurilinguismocordoba\/wp-json\/wp\/v2\/types\/page"}],"author":[{"embeddable":true,"href":"https:\/\/blogsaverroes.juntadeandalucia.es\/plurilinguismocordoba\/wp-json\/wp\/v2\/users\/18252"}],"replies":[{"embeddable":true,"href":"https:\/\/blogsaverroes.juntadeandalucia.es\/plurilinguismocordoba\/wp-json\/wp\/v2\/comments?post=2461"}],"version-history":[{"count":3,"href":"https:\/\/blogsaverroes.juntadeandalucia.es\/plurilinguismocordoba\/wp-json\/wp\/v2\/pages\/2461\/revisions"}],"predecessor-version":[{"id":2711,"href":"https:\/\/blogsaverroes.juntadeandalucia.es\/plurilinguismocordoba\/wp-json\/wp\/v2\/pages\/2461\/revisions\/2711"}],"wp:attachment":[{"href":"https:\/\/blogsaverroes.juntadeandalucia.es\/plurilinguismocordoba\/wp-json\/wp\/v2\/media?parent=2461"}],"curies":[{"name":"wp","href":"https:\/\/api.w.org\/{rel}","templated":true}]}}

<h1><span style="font-size: 18pt">Abierto el plazo de solicitud para acreditarse como eTwinning School</span></h1>
<p><img fetchpriority="high" decoding="async" class="aligncenter  wp-image-2709" src="https://blogsaverroes.juntadeandalucia.es/plurilinguismocordoba/files/2026/02/etwinning-schools.jpg" alt="" width="359" height="355" srcset="https://blogsaverroes.juntadeandalucia.es/plurilinguismocordoba/files/2026/02/etwinning-schools.jpg 619w, https://blogsaverroes.juntadeandalucia.es/plurilinguismocordoba/files/2026/02/etwinning-schools-300x297.jpg 300w" sizes="(max-width: 359px) 100vw, 359px" /></p>
<p><strong>Plazo:</strong> del 12 de febrero al <strong>10 de marzo</strong></p>
<p>Un centro eTwinning es aquel que integra esta acción como una de sus líneas estrategias de centro, está comprometido con los principios de centros eTwinning (liderazgo, inclusión, colaboración, mentoría para otros centros, protagonismo del alumnado) y cumple con los siguientes requisitos:</p>
<ol>
<li>Llevar registrado en eTwinning al menos <strong>2 años</strong></li>
<li><strong>Tres docentes</strong> han participado en proyectos eTwinning</li>
<li>Un docente ha obtenido el <strong>sello de calidad</strong> nacional</li>
</ol>
<p>&nbsp;</p>
<p>Puedes ampliar esta información y consultar las recomendaciones para presentar una buena solicitud en el siguiente enlace: <a href="https://etwinning.es/abierto-el-plazo-de-solicitud-para-la-acreditacion-de-centro-etwinning/" target="_blank" rel="noopener">https://etwinning.es/abierto-el-plazo-de-solicitud-para-la-acreditacion-de-centro-etwinning/</a></p>
<p>&nbsp;</p>
<h1 class="post-title entry-title"><span style="font-size: 18pt">Convocatoria de eventos de formación eTwinning</span></h1>
<div class="entry-content clearfix">
<p><img decoding="async" class="aligncenter wp-image-2435 " src="https://blogsaverroes.juntadeandalucia.es/plurilinguismocordoba/files/2025/11/Convocatoria-eventos.png" alt="" width="622" height="325" srcset="https://blogsaverroes.juntadeandalucia.es/plurilinguismocordoba/files/2025/11/Convocatoria-eventos.png 800w, https://blogsaverroes.juntadeandalucia.es/plurilinguismocordoba/files/2025/11/Convocatoria-eventos-300x157.png 300w, https://blogsaverroes.juntadeandalucia.es/plurilinguismocordoba/files/2025/11/Convocatoria-eventos-768x401.png 768w, https://blogsaverroes.juntadeandalucia.es/plurilinguismocordoba/files/2025/11/Convocatoria-eventos-750x392.png 750w" sizes="(max-width: 622px) 100vw, 622px" /></p>
<p><span style="font-size: 10pt">Licencia de la imagen: <a href="https://etwinning.es/" target="_blank" rel="noopener">SNA</a>. <a href="https://etwinning.es/convocatoria-eventos-etwinning-2026/" target="_blank" rel="noopener"><em>Convocatoria eventos 2026</em></a>. <a href="https://creativecommons.org/licenses/by-sa/4.0/deed.es" target="_blank" rel="noopener">Licencia CC BY-SA</a></span></p>
<p>Se convocan <strong>82 plazas</strong> para la asistencia a <strong>9 eventos de formación</strong> <strong>eTwinning</strong> en Serbia, Francia, Dinamarca, Bulgaria, Alemania, Austria y España.&nbsp; Estos eventos constituyen una excelente oportunidad para formarse, encontrar socios y socias y diseñar de forma colaborativa proyectos eTwinning.</p>
<p>Entre los requisitos, es necesario tener un <strong>perfil validado</strong> en la plataforma eTwinning a fecha de publicación de la convocatoria.&nbsp;&nbsp;</p>
<p><strong>Plazo de solicitudes: hasta el 1 de diciembre.</strong></p>
<p><strong>Más información y solicitudes:</strong> <a href="https://www.educacionfpydeportes.gob.es/servicios-al-ciudadano/catalogo/general/20/203149/ficha/203149-2026.html" target="_blank" rel="noopener">https://www.educacionfpydeportes.gob.es/servicios-al-ciudadano/catalogo/general/20/203149/ficha/203149-2026.html</a></p>
<p>&nbsp;</p>
</div>
<h1 class="post-title entry-title">Conferencia anual eTwinning 2025 «celebrando lo que nos une»</h1>
<div class="entry-content clearfix">
<p><img decoding="async" class="alignnone size-medium wp-image-2375 aligncenter" src="https://blogsaverroes.juntadeandalucia.es/plurilinguismocordoba/files/2025/10/visualvertical-_etwannualconf_3-240x300.png" alt="" width="240" height="300" srcset="https://blogsaverroes.juntadeandalucia.es/plurilinguismocordoba/files/2025/10/visualvertical-_etwannualconf_3-240x300.png 240w, https://blogsaverroes.juntadeandalucia.es/plurilinguismocordoba/files/2025/10/visualvertical-_etwannualconf_3-819x1024.png 819w, https://blogsaverroes.juntadeandalucia.es/plurilinguismocordoba/files/2025/10/visualvertical-_etwannualconf_3-768x960.png 768w, https://blogsaverroes.juntadeandalucia.es/plurilinguismocordoba/files/2025/10/visualvertical-_etwannualconf_3-750x938.png 750w, https://blogsaverroes.juntadeandalucia.es/plurilinguismocordoba/files/2025/10/visualvertical-_etwannualconf_3.png 1080w" sizes="(max-width: 240px) 100vw, 240px" /></p>
<p><span style="font-size: 10pt"><a href="https://school-education.ec.europa.eu/en">Licencia de la imagen: European School Education Platform</a>. <em><a href="https://school-education.ec.europa.eu/en/discover/news/etwinning-annual-conference-celebrating-what-unites-us">eTw annual conference 2025</a></em>. <a href="https://op.europa.eu/en/web/about-us/legal-notices/publications-office-of-the-european-union-copyright">Licencia Comisión Europea</a></span></p>
<p>La Conferencia anual eTwinning 2025 «celebrando lo que nos une» ha sido un evento híbrido que ha reunido a profesorado, centros educativos y otros agentes del ámbito de la educación escolar en toda Europa y en el que se han desarrollado: debates, talleres y <em>networking</em> centrados en cómo la educación fomenta la participación democrática, los valores europeos y las «<strong>Skills for life</strong>» o competencias esenciales para la vida, <strong>temática eTwinning 2025-2026</strong>.</p>
<p><iframe src="https://www.youtube.com/embed/uJtrYT7zI0s?si=6wveXhuMBLEMAFHa" width="560" height="315" frameborder="0"></iframe></p>
<p>La Vicepresidenta ejecutiva para los Derechos Sociales y las Capacidades, el Empleo de Calidad y la Preparación, D.ª Roxana Mînzatu destacó los más de <strong>300.000 docentes activos</strong> en la plataforma eTwinning en sus 20 años de desarrollo y anunció la nueva iniciativa «<strong>Teacher and Trainer Agenda 2026</strong>» que será presentada en breve y que establece <strong>3 prioridades</strong>:</p>
<ol>
<li>Mejorar el reconocimiento y condiciones de la profesión docente.</li>
<li>Apoyar la innovación en la enseñanza facilitando el acceso a oportunidades de movilidad y a tecnologías digitales.</li>
<li>Fortalecer el aprendizaje de destrezas básicas como la lectura y matemáticas incluyendo la ciudadanía.</li>
</ol>
</div>

<p>Abierto el plazo de solicitud para acreditarse como eTwinning School Plazo: del 12 de febrero al 10 de marzo Un centro eTwinning es aquel que integra esta acción como una de sus líneas estrategias de centro, está comprometido con los principios de centros eTwinning (liderazgo, inclusión, colaboración, mentoría para otros centros, protagonismo del alumnado) y &hellip; </p>
<p><a class="more-link btn" href="https://blogsaverroes.juntadeandalucia.es/plurilinguismocordoba/etwinning/">Seguir leyendo</a></p>
