{"id":2472,"date":"2025-11-16T18:22:27","date_gmt":"2025-11-16T17:22:27","guid":{"rendered":"https:\/\/blogsaverroes.juntadeandalucia.es\/plurilinguismocordoba\/?page_id=2472"},"modified":"2025-11-16T18:22:27","modified_gmt":"2025-11-16T17:22:27","slug":"competencia-comunicativa","status":"publish","type":"page","link":"https:\/\/blogsaverroes.juntadeandalucia.es\/plurilinguismocordoba\/competencia-comunicativa\/","title":{"rendered":"Competencia Comunicativa"},"content":{"rendered":"<h1 class=\"post-title entry-title\">Convocatoria del programa de competencia comunicativa 2025-2026<\/h1>\n<div class=\"entry-content clearfix\">\n<p style=\"text-align: center\"><img fetchpriority=\"high\" decoding=\"async\" class=\"aligncenter wp-image-2417 \" src=\"https:\/\/blogsaverroes.juntadeandalucia.es\/plurilinguismocordoba\/files\/2025\/11\/Captura-de-pantalla-2025-11-10-a-las-14.01.06-1024x669.png\" alt=\"\" width=\"663\" height=\"433\" srcset=\"https:\/\/blogsaverroes.juntadeandalucia.es\/plurilinguismocordoba\/files\/2025\/11\/Captura-de-pantalla-2025-11-10-a-las-14.01.06-1024x669.png 1024w, https:\/\/blogsaverroes.juntadeandalucia.es\/plurilinguismocordoba\/files\/2025\/11\/Captura-de-pantalla-2025-11-10-a-las-14.01.06-300x196.png 300w, https:\/\/blogsaverroes.juntadeandalucia.es\/plurilinguismocordoba\/files\/2025\/11\/Captura-de-pantalla-2025-11-10-a-las-14.01.06-768x501.png 768w, https:\/\/blogsaverroes.juntadeandalucia.es\/plurilinguismocordoba\/files\/2025\/11\/Captura-de-pantalla-2025-11-10-a-las-14.01.06-750x490.png 750w, https:\/\/blogsaverroes.juntadeandalucia.es\/plurilinguismocordoba\/files\/2025\/11\/Captura-de-pantalla-2025-11-10-a-las-14.01.06.png 1406w\" sizes=\"(max-width: 663px) 100vw, 663px\" \/><span style=\"font-size: 10pt\">Imagen: <\/span><a style=\"font-size: 10pt;background-color: #ffffff\" href=\"https:\/\/www.freepik.com\/free-photo\/lesson-geography_5399041.htm#fromView=search&amp;page=2&amp;position=13&amp;uuid=0192104e-376b-45f3-912d-6ddb483f9ede&amp;query=children+speaking+foreign+languages\" target=\"_blank\" rel=\"noopener\">Pressfoto. <em>Lesson of Geography<\/em>. Licencia Freepick<\/a><\/p>\n<p>Publicada la Resoluci\u00f3n de 10 de noviembre de 2025 de la <a href=\"https:\/\/www.juntadeandalucia.es\/educacion\/portales\/documents\/270701\/2950945\/RESOLUCIO%C2%BFN%20COMP%20COMUNICATIVA_FIRMADA.pdf\/fe2e386c-f2a9-068d-5e16-da174f4c8f75?version=1.0\" target=\"_blank\" rel=\"noopener\"><strong>Direcci\u00f3n General de Innovaci\u00f3n y Formaci\u00f3n del profesorado por la que se convoca el programa de competencia comunicativa en ense\u00f1anza biling\u00fce<\/strong><\/a>.&nbsp;<\/p>\n<p>Esta convocatoria incluye <strong>4 modalidades<\/strong>:<\/p>\n<ul>\n<li>Modalidad A. Actividad extraescolar de oralidad en lengua extranjera.<\/li>\n<li>Modalidad B. Intercambios escolares.<\/li>\n<li>Modalidad C. Inmersi\u00f3n ling\u00fc\u00edstica.<\/li>\n<li>Modalidad D. Actividades culturales en lengua extranjera.<\/li>\n<\/ul>\n<p>Podr\u00e1n participar en el Programa los centros docentes de titularidad p\u00fablica biling\u00fces y pluriling\u00fces para las etapas de Infantil (segundo ciclo), Primaria, Secundaria y Bachillerato.&nbsp;<\/p>\n<ul>\n<li><strong>Fecha de solicitud en S\u00e9neca: hasta el 30 de noviembre.&nbsp;<\/strong><\/li>\n<li>Correo para consultas: progcompcom.cdefp@juntadeandalucia.es&nbsp;&nbsp;<\/li>\n<\/ul>\n<\/div>\n","protected":false},"excerpt":{"rendered":"<p>Convocatoria del programa de competencia comunicativa 2025-2026 Imagen: Pressfoto. Lesson of Geography. Licencia Freepick Publicada la Resoluci\u00f3n de 10 de noviembre de 2025 de la Direcci\u00f3n General de Innovaci\u00f3n y Formaci\u00f3n del profesorado por la que se convoca el programa de competencia comunicativa en ense\u00f1anza biling\u00fce.&nbsp; Esta convocatoria incluye 4 modalidades: Modalidad A. Actividad extraescolar &hellip; <\/p>\n<p><a class=\"more-link btn\" href=\"https:\/\/blogsaverroes.juntadeandalucia.es\/plurilinguismocordoba\/competencia-comunicativa\/\">Seguir leyendo<\/a><\/p>\n","protected":false},"author":18252,"featured_media":0,"parent":0,"menu_order":0,"comment_status":"closed","ping_status":"closed","template":"","meta":{"ngg_post_thumbnail":0,"footnotes":""},"aioseo_notices":[],"post_mailing_queue_ids":[],"_links":{"self":[{"href":"https:\/\/blogsaverroes.juntadeandalucia.es\/plurilinguismocordoba\/wp-json\/wp\/v2\/pages\/2472"}],"collection":[{"href":"https:\/\/blogsaverroes.juntadeandalucia.es\/plurilinguismocordoba\/wp-json\/wp\/v2\/pages"}],"about":[{"href":"https:\/\/blogsaverroes.juntadeandalucia.es\/plurilinguismocordoba\/wp-json\/wp\/v2\/types\/page"}],"author":[{"embeddable":true,"href":"https:\/\/blogsaverroes.juntadeandalucia.es\/plurilinguismocordoba\/wp-json\/wp\/v2\/users\/18252"}],"replies":[{"embeddable":true,"href":"https:\/\/blogsaverroes.juntadeandalucia.es\/plurilinguismocordoba\/wp-json\/wp\/v2\/comments?post=2472"}],"version-history":[{"count":1,"href":"https:\/\/blogsaverroes.juntadeandalucia.es\/plurilinguismocordoba\/wp-json\/wp\/v2\/pages\/2472\/revisions"}],"predecessor-version":[{"id":2474,"href":"https:\/\/blogsaverroes.juntadeandalucia.es\/plurilinguismocordoba\/wp-json\/wp\/v2\/pages\/2472\/revisions\/2474"}],"wp:attachment":[{"href":"https:\/\/blogsaverroes.juntadeandalucia.es\/plurilinguismocordoba\/wp-json\/wp\/v2\/media?parent=2472"}],"curies":[{"name":"wp","href":"https:\/\/api.w.org\/{rel}","templated":true}]}}

<h1 class="post-title entry-title">Convocatoria del programa de competencia comunicativa 2025-2026</h1>
<div class="entry-content clearfix">
<p style="text-align: center"><img fetchpriority="high" decoding="async" class="aligncenter wp-image-2417 " src="https://blogsaverroes.juntadeandalucia.es/plurilinguismocordoba/files/2025/11/Captura-de-pantalla-2025-11-10-a-las-14.01.06-1024x669.png" alt="" width="663" height="433" srcset="https://blogsaverroes.juntadeandalucia.es/plurilinguismocordoba/files/2025/11/Captura-de-pantalla-2025-11-10-a-las-14.01.06-1024x669.png 1024w, https://blogsaverroes.juntadeandalucia.es/plurilinguismocordoba/files/2025/11/Captura-de-pantalla-2025-11-10-a-las-14.01.06-300x196.png 300w, https://blogsaverroes.juntadeandalucia.es/plurilinguismocordoba/files/2025/11/Captura-de-pantalla-2025-11-10-a-las-14.01.06-768x501.png 768w, https://blogsaverroes.juntadeandalucia.es/plurilinguismocordoba/files/2025/11/Captura-de-pantalla-2025-11-10-a-las-14.01.06-750x490.png 750w, https://blogsaverroes.juntadeandalucia.es/plurilinguismocordoba/files/2025/11/Captura-de-pantalla-2025-11-10-a-las-14.01.06.png 1406w" sizes="(max-width: 663px) 100vw, 663px" /><span style="font-size: 10pt">Imagen: </span><a style="font-size: 10pt;background-color: #ffffff" href="https://www.freepik.com/free-photo/lesson-geography_5399041.htm#fromView=search&amp;page=2&amp;position=13&amp;uuid=0192104e-376b-45f3-912d-6ddb483f9ede&amp;query=children+speaking+foreign+languages" target="_blank" rel="noopener">Pressfoto. <em>Lesson of Geography</em>. Licencia Freepick</a></p>
<p>Publicada la Resolución de 10 de noviembre de 2025 de la <a href="https://www.juntadeandalucia.es/educacion/portales/documents/270701/2950945/RESOLUCIO%C2%BFN%20COMP%20COMUNICATIVA_FIRMADA.pdf/fe2e386c-f2a9-068d-5e16-da174f4c8f75?version=1.0" target="_blank" rel="noopener"><strong>Dirección General de Innovación y Formación del profesorado por la que se convoca el programa de competencia comunicativa en enseñanza bilingüe</strong></a>.&nbsp;</p>
<p>Esta convocatoria incluye <strong>4 modalidades</strong>:</p>
<ul>
<li>Modalidad A. Actividad extraescolar de oralidad en lengua extranjera.</li>
<li>Modalidad B. Intercambios escolares.</li>
<li>Modalidad C. Inmersión lingüística.</li>
<li>Modalidad D. Actividades culturales en lengua extranjera.</li>
</ul>
<p>Podrán participar en el Programa los centros docentes de titularidad pública bilingües y plurilingües para las etapas de Infantil (segundo ciclo), Primaria, Secundaria y Bachillerato.&nbsp;</p>
<ul>
<li><strong>Fecha de solicitud en Séneca: hasta el 30 de noviembre.&nbsp;</strong></li>
<li>Correo para consultas: progcompcom.cdefp@juntadeandalucia.es&nbsp;&nbsp;</li>
</ul>
</div>

<p>Convocatoria del programa de competencia comunicativa 2025-2026 Imagen: Pressfoto. Lesson of Geography. Licencia Freepick Publicada la Resolución de 10 de noviembre de 2025 de la Dirección General de Innovación y Formación del profesorado por la que se convoca el programa de competencia comunicativa en enseñanza bilingüe.&nbsp; Esta convocatoria incluye 4 modalidades: Modalidad A. Actividad extraescolar &hellip; </p>
<p><a class="more-link btn" href="https://blogsaverroes.juntadeandalucia.es/plurilinguismocordoba/competencia-comunicativa/">Seguir leyendo</a></p>
