{"id":2641,"date":"2026-02-28T05:26:42","date_gmt":"2026-02-28T04:26:42","guid":{"rendered":"https:\/\/blogsaverroes.juntadeandalucia.es\/plurilinguismocordoba\/?page_id=2641"},"modified":"2026-03-09T07:45:59","modified_gmt":"2026-03-09T06:45:59","slug":"bbpp-coordiacion-bilingue-primaria","status":"publish","type":"page","link":"https:\/\/blogsaverroes.juntadeandalucia.es\/plurilinguismocordoba\/bbpp-coordiacion-bilingue-primaria\/","title":{"rendered":"BBPP Coordinaci\u00f3n Biling\u00fce Primaria"},"content":{"rendered":"<p><strong>BBPP Coordinaci\u00f3n Biling\u00fce Educaci\u00f3n Primaria<\/strong><\/p>\n<p><strong>CEIP Ferrob\u00fas (Palma del R\u00edo)<\/strong><\/p>\n<p><img fetchpriority=\"high\" decoding=\"async\" class=\"aligncenter size-full wp-image-2792\" src=\"https:\/\/blogsaverroes.juntadeandalucia.es\/plurilinguismocordoba\/files\/2026\/03\/Captura-de-pantalla-2026-03-09-073953.png\" alt=\"\" width=\"784\" height=\"443\" srcset=\"https:\/\/blogsaverroes.juntadeandalucia.es\/plurilinguismocordoba\/files\/2026\/03\/Captura-de-pantalla-2026-03-09-073953.png 784w, https:\/\/blogsaverroes.juntadeandalucia.es\/plurilinguismocordoba\/files\/2026\/03\/Captura-de-pantalla-2026-03-09-073953-300x170.png 300w, https:\/\/blogsaverroes.juntadeandalucia.es\/plurilinguismocordoba\/files\/2026\/03\/Captura-de-pantalla-2026-03-09-073953-768x434.png 768w, https:\/\/blogsaverroes.juntadeandalucia.es\/plurilinguismocordoba\/files\/2026\/03\/Captura-de-pantalla-2026-03-09-073953-750x424.png 750w\" sizes=\"(max-width: 784px) 100vw, 784px\" \/><\/p>\n<p style=\"text-align: center\"><a href=\"https:\/\/blogsaverroes.juntadeandalucia.es\/plurilinguismocordoba\/files\/2026\/03\/CEIP-FERROBUS.pdf\" target=\"_blank\" rel=\"noopener\">Descarga de la presentaci\u00f3n<\/a><\/p>\n<p><strong>CEIP Carmen Romero (Aguilar de la Frontera)<\/strong><\/p>\n<div class=\"embed-container\"><iframe class=\"wp-embedded-content\" sandbox=\"allow-scripts\" security=\"restricted\" title=\"CEIP Carmen Romero_Aguilar de la Frontera\" frameborder='0' width='800' height='1600' src='https:\/\/view.genially.com\/69a3ce9a15fd3ba86e948744#?secret=4WeCBlCMoq' data-secret='4WeCBlCMoq' scrolling='yes'><\/iframe><\/div>\n<p>&nbsp;<\/p>\n<p><strong>CEIP Mar\u00eda Moreno (Villanueva de C\u00f3rdoba)<\/strong><\/p>\n<p><img decoding=\"async\" class=\"aligncenter size-large wp-image-2760\" src=\"https:\/\/blogsaverroes.juntadeandalucia.es\/plurilinguismocordoba\/files\/2026\/03\/Captura-de-pantalla-2026-03-04-121241-1024x486.png\" alt=\"\" width=\"750\" height=\"356\" srcset=\"https:\/\/blogsaverroes.juntadeandalucia.es\/plurilinguismocordoba\/files\/2026\/03\/Captura-de-pantalla-2026-03-04-121241-1024x486.png 1024w, https:\/\/blogsaverroes.juntadeandalucia.es\/plurilinguismocordoba\/files\/2026\/03\/Captura-de-pantalla-2026-03-04-121241-300x142.png 300w, https:\/\/blogsaverroes.juntadeandalucia.es\/plurilinguismocordoba\/files\/2026\/03\/Captura-de-pantalla-2026-03-04-121241-768x365.png 768w, https:\/\/blogsaverroes.juntadeandalucia.es\/plurilinguismocordoba\/files\/2026\/03\/Captura-de-pantalla-2026-03-04-121241-1536x729.png 1536w, https:\/\/blogsaverroes.juntadeandalucia.es\/plurilinguismocordoba\/files\/2026\/03\/Captura-de-pantalla-2026-03-04-121241-750x356.png 750w, https:\/\/blogsaverroes.juntadeandalucia.es\/plurilinguismocordoba\/files\/2026\/03\/Captura-de-pantalla-2026-03-04-121241.png 1864w\" sizes=\"(max-width: 750px) 100vw, 750px\" \/><\/p>\n<p style=\"text-align: center\"><a href=\"https:\/\/blogsaverroes.juntadeandalucia.es\/plurilinguismocordoba\/files\/2026\/03\/Presentacion-CEIP-Maria-Moreno.pdf\" target=\"_blank\" rel=\"noopener\">Descarga de la presentaci\u00f3n<\/a><\/p>\n","protected":false},"excerpt":{"rendered":"<p>BBPP Coordinaci\u00f3n Biling\u00fce Educaci\u00f3n Primaria CEIP Ferrob\u00fas (Palma del R\u00edo) Descarga de la presentaci\u00f3n CEIP Carmen Romero (Aguilar de la Frontera) &nbsp; CEIP Mar\u00eda Moreno (Villanueva de C\u00f3rdoba) Descarga de la presentaci\u00f3n<\/p>\n","protected":false},"author":18252,"featured_media":0,"parent":0,"menu_order":0,"comment_status":"closed","ping_status":"closed","template":"","meta":{"ngg_post_thumbnail":0,"footnotes":""},"aioseo_notices":[],"post_mailing_queue_ids":[],"_links":{"self":[{"href":"https:\/\/blogsaverroes.juntadeandalucia.es\/plurilinguismocordoba\/wp-json\/wp\/v2\/pages\/2641"}],"collection":[{"href":"https:\/\/blogsaverroes.juntadeandalucia.es\/plurilinguismocordoba\/wp-json\/wp\/v2\/pages"}],"about":[{"href":"https:\/\/blogsaverroes.juntadeandalucia.es\/plurilinguismocordoba\/wp-json\/wp\/v2\/types\/page"}],"author":[{"embeddable":true,"href":"https:\/\/blogsaverroes.juntadeandalucia.es\/plurilinguismocordoba\/wp-json\/wp\/v2\/users\/18252"}],"replies":[{"embeddable":true,"href":"https:\/\/blogsaverroes.juntadeandalucia.es\/plurilinguismocordoba\/wp-json\/wp\/v2\/comments?post=2641"}],"version-history":[{"count":7,"href":"https:\/\/blogsaverroes.juntadeandalucia.es\/plurilinguismocordoba\/wp-json\/wp\/v2\/pages\/2641\/revisions"}],"predecessor-version":[{"id":2794,"href":"https:\/\/blogsaverroes.juntadeandalucia.es\/plurilinguismocordoba\/wp-json\/wp\/v2\/pages\/2641\/revisions\/2794"}],"wp:attachment":[{"href":"https:\/\/blogsaverroes.juntadeandalucia.es\/plurilinguismocordoba\/wp-json\/wp\/v2\/media?parent=2641"}],"curies":[{"name":"wp","href":"https:\/\/api.w.org\/{rel}","templated":true}]}}

BBPP Coordinación Bilingüe Primaria

<p><strong>BBPP Coordinación Bilingüe Educación Primaria</strong></p>
<p><strong>CEIP Ferrobús (Palma del Río)</strong></p>
<p><img fetchpriority="high" decoding="async" class="aligncenter size-full wp-image-2792" src="https://blogsaverroes.juntadeandalucia.es/plurilinguismocordoba/files/2026/03/Captura-de-pantalla-2026-03-09-073953.png" alt="" width="784" height="443" srcset="https://blogsaverroes.juntadeandalucia.es/plurilinguismocordoba/files/2026/03/Captura-de-pantalla-2026-03-09-073953.png 784w, https://blogsaverroes.juntadeandalucia.es/plurilinguismocordoba/files/2026/03/Captura-de-pantalla-2026-03-09-073953-300x170.png 300w, https://blogsaverroes.juntadeandalucia.es/plurilinguismocordoba/files/2026/03/Captura-de-pantalla-2026-03-09-073953-768x434.png 768w, https://blogsaverroes.juntadeandalucia.es/plurilinguismocordoba/files/2026/03/Captura-de-pantalla-2026-03-09-073953-750x424.png 750w" sizes="(max-width: 784px) 100vw, 784px" /></p>
<p style="text-align: center"><a href="https://blogsaverroes.juntadeandalucia.es/plurilinguismocordoba/files/2026/03/CEIP-FERROBUS.pdf" target="_blank" rel="noopener">Descarga de la presentación</a></p>
<p><strong>CEIP Carmen Romero (Aguilar de la Frontera)</strong></p>
<div class="embed-container"><iframe class="wp-embedded-content" sandbox="allow-scripts" security="restricted" title="CEIP Carmen Romero_Aguilar de la Frontera" frameborder='0' width='800' height='1600' src='https://view.genially.com/69a3ce9a15fd3ba86e948744#?secret=4WeCBlCMoq' data-secret='4WeCBlCMoq' scrolling='yes'></iframe></div>
<p>&nbsp;</p>
<p><strong>CEIP María Moreno (Villanueva de Córdoba)</strong></p>
<p><img decoding="async" class="aligncenter size-large wp-image-2760" src="https://blogsaverroes.juntadeandalucia.es/plurilinguismocordoba/files/2026/03/Captura-de-pantalla-2026-03-04-121241-1024x486.png" alt="" width="750" height="356" srcset="https://blogsaverroes.juntadeandalucia.es/plurilinguismocordoba/files/2026/03/Captura-de-pantalla-2026-03-04-121241-1024x486.png 1024w, https://blogsaverroes.juntadeandalucia.es/plurilinguismocordoba/files/2026/03/Captura-de-pantalla-2026-03-04-121241-300x142.png 300w, https://blogsaverroes.juntadeandalucia.es/plurilinguismocordoba/files/2026/03/Captura-de-pantalla-2026-03-04-121241-768x365.png 768w, https://blogsaverroes.juntadeandalucia.es/plurilinguismocordoba/files/2026/03/Captura-de-pantalla-2026-03-04-121241-1536x729.png 1536w, https://blogsaverroes.juntadeandalucia.es/plurilinguismocordoba/files/2026/03/Captura-de-pantalla-2026-03-04-121241-750x356.png 750w, https://blogsaverroes.juntadeandalucia.es/plurilinguismocordoba/files/2026/03/Captura-de-pantalla-2026-03-04-121241.png 1864w" sizes="(max-width: 750px) 100vw, 750px" /></p>
<p style="text-align: center"><a href="https://blogsaverroes.juntadeandalucia.es/plurilinguismocordoba/files/2026/03/Presentacion-CEIP-Maria-Moreno.pdf" target="_blank" rel="noopener">Descarga de la presentación</a></p>

<p>BBPP Coordinación Bilingüe Educación Primaria CEIP Ferrobús (Palma del Río) Descarga de la presentación CEIP Carmen Romero (Aguilar de la Frontera) &nbsp; CEIP María Moreno (Villanueva de Córdoba) Descarga de la presentación</p>
