{"id":2649,"date":"2026-02-28T05:28:31","date_gmt":"2026-02-28T04:28:31","guid":{"rendered":"https:\/\/blogsaverroes.juntadeandalucia.es\/plurilinguismocordoba\/?page_id=2649"},"modified":"2026-03-09T11:04:07","modified_gmt":"2026-03-09T10:04:07","slug":"bbpp-anl-primaria","status":"publish","type":"page","link":"https:\/\/blogsaverroes.juntadeandalucia.es\/plurilinguismocordoba\/bbpp-anl-primaria\/","title":{"rendered":"BBPP ANL Primaria"},"content":{"rendered":"<p><strong>BBPP Conocimiento del Medio Natural, Social y Cultural CEIP Alfar (La Rambla)<\/strong><\/p>\n<div class=\"embed-container\"><iframe class=\"wp-embedded-content\" sandbox=\"allow-scripts\" security=\"restricted\" title=\"CIL-ANL CEIP ALFAR\" frameborder='0' width='1200' height='675' src='https:\/\/view.genially.com\/697f9c8673f19a615f534e9b#?secret=PzcI06v4kJ' data-secret='PzcI06v4kJ' scrolling='yes'><\/iframe><\/div>\n<p>&nbsp;<\/p>\n<p>&nbsp;<\/p>\n<p><strong>BBPP Conocimiento del Medio Natural, Social y Cultural CEIP Los \u00c1ngeles (Alcolea)<\/strong><\/p>\n<p><a href=\"https:\/\/ceip-losangeles.blogspot.com\/p\/proyecto-bilingue.html\" target=\"_blank\" rel=\"noopener\"><img fetchpriority=\"high\" decoding=\"async\" class=\"aligncenter size-large wp-image-2743\" src=\"https:\/\/blogsaverroes.juntadeandalucia.es\/plurilinguismocordoba\/files\/2026\/03\/Captura-de-pantalla-2026-03-01-a-las-8.47.25-1024x572.png\" alt=\"\" width=\"750\" height=\"419\" srcset=\"https:\/\/blogsaverroes.juntadeandalucia.es\/plurilinguismocordoba\/files\/2026\/03\/Captura-de-pantalla-2026-03-01-a-las-8.47.25-1024x572.png 1024w, https:\/\/blogsaverroes.juntadeandalucia.es\/plurilinguismocordoba\/files\/2026\/03\/Captura-de-pantalla-2026-03-01-a-las-8.47.25-300x168.png 300w, https:\/\/blogsaverroes.juntadeandalucia.es\/plurilinguismocordoba\/files\/2026\/03\/Captura-de-pantalla-2026-03-01-a-las-8.47.25-768x429.png 768w, https:\/\/blogsaverroes.juntadeandalucia.es\/plurilinguismocordoba\/files\/2026\/03\/Captura-de-pantalla-2026-03-01-a-las-8.47.25-750x419.png 750w, https:\/\/blogsaverroes.juntadeandalucia.es\/plurilinguismocordoba\/files\/2026\/03\/Captura-de-pantalla-2026-03-01-a-las-8.47.25.png 1270w\" sizes=\"(max-width: 750px) 100vw, 750px\" \/><\/a><\/p>\n<p style=\"text-align: center\"><a href=\"https:\/\/ceip-losangeles.blogspot.com\/p\/proyecto-bilingue.html\" target=\"_blank\" rel=\"noopener\">Descarga de la presentaci\u00f3n<\/a><\/p>\n<p><strong>BBPP ANL Primaria CEIP Juan de Mena<\/strong><\/p>\n<div class=\"embed-container\"><iframe class=\"wp-embedded-content\" sandbox=\"allow-scripts\" security=\"restricted\" title=\"CEIP Juan de Mena Nina Simone\" frameborder='0' width='1200' height='675' src='https:\/\/view.genially.com\/69a3effc7a9336deb32ae292#?secret=wre04Xprm7' data-secret='wre04Xprm7' scrolling='yes'><\/iframe><\/div>\n<p>&nbsp;<\/p>\n<p><strong>BBPP ANL Primaria (EF) CEIP Carlos III (La Carlota)<\/strong><\/p>\n<div class=\"embed-container\"><iframe class=\"wp-embedded-content\" sandbox=\"allow-scripts\" security=\"restricted\" title=\"EF Biling\u00fce CEIP Carlos III La Carlota\" frameborder='0' width='1200' height='675' src='https:\/\/view.genially.com\/69ae7c3bb0278fa8b192d260#?secret=7Cyqqmaow2' data-secret='7Cyqqmaow2' scrolling='yes'><\/iframe><\/div>\n<p>&nbsp;<\/p>\n<p><strong>BBPP ANL Primaria (EF) CEIP Al-\u00c1ndalus (C\u00f3rdoba)<\/strong><\/p>\n<div class=\"embed-container\"><iframe class=\"wp-embedded-content\" sandbox=\"allow-scripts\" security=\"restricted\" title=\"EF Biling\u00fce CEIP Al-Andalus\" frameborder='0' width='1200' height='675' src='https:\/\/view.genially.com\/69a926af39f27f426053e328#?secret=rcTu6VHVVx' data-secret='rcTu6VHVVx' scrolling='yes'><\/iframe><\/div>\n<p><strong>BBPP ANL Primaria (M\u00fasica) CEIP Juan de Mena (C\u00f3rdoba)<\/strong><\/p>\n<div class=\"embed-container\"><iframe class=\"wp-embedded-content\" sandbox=\"allow-scripts\" security=\"restricted\" title=\"Educaci\u00f3n Art\u00edstica Actividades Biling\u00fces CEIP Juan de Mena\" frameborder='0' width='1600' height='800' src='https:\/\/view.genially.com\/69ae8e160b59cc399e8ede57#?secret=qFvxNyTyXl' data-secret='qFvxNyTyXl' scrolling='yes'><\/iframe><\/div>\n<p>&nbsp;<\/p>\n","protected":false},"excerpt":{"rendered":"<p>BBPP Conocimiento del Medio Natural, Social y Cultural CEIP Alfar (La Rambla) &nbsp; &nbsp; BBPP Conocimiento del Medio Natural, Social y Cultural CEIP Los \u00c1ngeles (Alcolea) Descarga de la presentaci\u00f3n BBPP ANL Primaria CEIP Juan de Mena &nbsp; BBPP ANL Primaria (EF) CEIP Carlos III (La Carlota) &nbsp; BBPP ANL Primaria (EF) CEIP Al-\u00c1ndalus (C\u00f3rdoba) &hellip; <\/p>\n<p><a class=\"more-link btn\" href=\"https:\/\/blogsaverroes.juntadeandalucia.es\/plurilinguismocordoba\/bbpp-anl-primaria\/\">Seguir leyendo<\/a><\/p>\n","protected":false},"author":18252,"featured_media":0,"parent":0,"menu_order":0,"comment_status":"closed","ping_status":"closed","template":"","meta":{"ngg_post_thumbnail":0,"footnotes":""},"aioseo_notices":[],"post_mailing_queue_ids":[],"_links":{"self":[{"href":"https:\/\/blogsaverroes.juntadeandalucia.es\/plurilinguismocordoba\/wp-json\/wp\/v2\/pages\/2649"}],"collection":[{"href":"https:\/\/blogsaverroes.juntadeandalucia.es\/plurilinguismocordoba\/wp-json\/wp\/v2\/pages"}],"about":[{"href":"https:\/\/blogsaverroes.juntadeandalucia.es\/plurilinguismocordoba\/wp-json\/wp\/v2\/types\/page"}],"author":[{"embeddable":true,"href":"https:\/\/blogsaverroes.juntadeandalucia.es\/plurilinguismocordoba\/wp-json\/wp\/v2\/users\/18252"}],"replies":[{"embeddable":true,"href":"https:\/\/blogsaverroes.juntadeandalucia.es\/plurilinguismocordoba\/wp-json\/wp\/v2\/comments?post=2649"}],"version-history":[{"count":8,"href":"https:\/\/blogsaverroes.juntadeandalucia.es\/plurilinguismocordoba\/wp-json\/wp\/v2\/pages\/2649\/revisions"}],"predecessor-version":[{"id":2798,"href":"https:\/\/blogsaverroes.juntadeandalucia.es\/plurilinguismocordoba\/wp-json\/wp\/v2\/pages\/2649\/revisions\/2798"}],"wp:attachment":[{"href":"https:\/\/blogsaverroes.juntadeandalucia.es\/plurilinguismocordoba\/wp-json\/wp\/v2\/media?parent=2649"}],"curies":[{"name":"wp","href":"https:\/\/api.w.org\/{rel}","templated":true}]}}

<p><strong>BBPP Conocimiento del Medio Natural, Social y Cultural CEIP Alfar (La Rambla)</strong></p>
<div class="embed-container"><iframe class="wp-embedded-content" sandbox="allow-scripts" security="restricted" title="CIL-ANL CEIP ALFAR" frameborder='0' width='1200' height='675' src='https://view.genially.com/697f9c8673f19a615f534e9b#?secret=PzcI06v4kJ' data-secret='PzcI06v4kJ' scrolling='yes'></iframe></div>
<p>&nbsp;</p>
<p>&nbsp;</p>
<p><strong>BBPP Conocimiento del Medio Natural, Social y Cultural CEIP Los Ángeles (Alcolea)</strong></p>
<p><a href="https://ceip-losangeles.blogspot.com/p/proyecto-bilingue.html" target="_blank" rel="noopener"><img fetchpriority="high" decoding="async" class="aligncenter size-large wp-image-2743" src="https://blogsaverroes.juntadeandalucia.es/plurilinguismocordoba/files/2026/03/Captura-de-pantalla-2026-03-01-a-las-8.47.25-1024x572.png" alt="" width="750" height="419" srcset="https://blogsaverroes.juntadeandalucia.es/plurilinguismocordoba/files/2026/03/Captura-de-pantalla-2026-03-01-a-las-8.47.25-1024x572.png 1024w, https://blogsaverroes.juntadeandalucia.es/plurilinguismocordoba/files/2026/03/Captura-de-pantalla-2026-03-01-a-las-8.47.25-300x168.png 300w, https://blogsaverroes.juntadeandalucia.es/plurilinguismocordoba/files/2026/03/Captura-de-pantalla-2026-03-01-a-las-8.47.25-768x429.png 768w, https://blogsaverroes.juntadeandalucia.es/plurilinguismocordoba/files/2026/03/Captura-de-pantalla-2026-03-01-a-las-8.47.25-750x419.png 750w, https://blogsaverroes.juntadeandalucia.es/plurilinguismocordoba/files/2026/03/Captura-de-pantalla-2026-03-01-a-las-8.47.25.png 1270w" sizes="(max-width: 750px) 100vw, 750px" /></a></p>
<p style="text-align: center"><a href="https://ceip-losangeles.blogspot.com/p/proyecto-bilingue.html" target="_blank" rel="noopener">Descarga de la presentación</a></p>
<p><strong>BBPP ANL Primaria CEIP Juan de Mena</strong></p>
<div class="embed-container"><iframe class="wp-embedded-content" sandbox="allow-scripts" security="restricted" title="CEIP Juan de Mena Nina Simone" frameborder='0' width='1200' height='675' src='https://view.genially.com/69a3effc7a9336deb32ae292#?secret=wre04Xprm7' data-secret='wre04Xprm7' scrolling='yes'></iframe></div>
<p>&nbsp;</p>
<p><strong>BBPP ANL Primaria (EF) CEIP Carlos III (La Carlota)</strong></p>
<div class="embed-container"><iframe class="wp-embedded-content" sandbox="allow-scripts" security="restricted" title="EF Bilingüe CEIP Carlos III La Carlota" frameborder='0' width='1200' height='675' src='https://view.genially.com/69ae7c3bb0278fa8b192d260#?secret=7Cyqqmaow2' data-secret='7Cyqqmaow2' scrolling='yes'></iframe></div>
<p>&nbsp;</p>
<p><strong>BBPP ANL Primaria (EF) CEIP Al-Ándalus (Córdoba)</strong></p>
<div class="embed-container"><iframe class="wp-embedded-content" sandbox="allow-scripts" security="restricted" title="EF Bilingüe CEIP Al-Andalus" frameborder='0' width='1200' height='675' src='https://view.genially.com/69a926af39f27f426053e328#?secret=rcTu6VHVVx' data-secret='rcTu6VHVVx' scrolling='yes'></iframe></div>
<p><strong>BBPP ANL Primaria (Música) CEIP Juan de Mena (Córdoba)</strong></p>
<div class="embed-container"><iframe class="wp-embedded-content" sandbox="allow-scripts" security="restricted" title="Educación Artística Actividades Bilingües CEIP Juan de Mena" frameborder='0' width='1600' height='800' src='https://view.genially.com/69ae8e160b59cc399e8ede57#?secret=qFvxNyTyXl' data-secret='qFvxNyTyXl' scrolling='yes'></iframe></div>
<p>&nbsp;</p>

<p>BBPP Conocimiento del Medio Natural, Social y Cultural CEIP Alfar (La Rambla) &nbsp; &nbsp; BBPP Conocimiento del Medio Natural, Social y Cultural CEIP Los Ángeles (Alcolea) Descarga de la presentación BBPP ANL Primaria CEIP Juan de Mena &nbsp; BBPP ANL Primaria (EF) CEIP Carlos III (La Carlota) &nbsp; BBPP ANL Primaria (EF) CEIP Al-Ándalus (Córdoba) &hellip; </p>
<p><a class="more-link btn" href="https://blogsaverroes.juntadeandalucia.es/plurilinguismocordoba/bbpp-anl-primaria/">Seguir leyendo</a></p>
