{"id":2652,"date":"2026-02-28T05:29:07","date_gmt":"2026-02-28T04:29:07","guid":{"rendered":"https:\/\/blogsaverroes.juntadeandalucia.es\/plurilinguismocordoba\/?page_id=2652"},"modified":"2026-03-06T14:12:25","modified_gmt":"2026-03-06T13:12:25","slug":"bbpp-anl-secundaria","status":"publish","type":"page","link":"https:\/\/blogsaverroes.juntadeandalucia.es\/plurilinguismocordoba\/bbpp-anl-secundaria\/","title":{"rendered":"BBPP ANL Secundaria"},"content":{"rendered":"<p><strong>BBPP Matem\u00e1ticas IES Trassierra (C\u00f3rdoba)<\/strong><\/p>\n<p><img fetchpriority=\"high\" decoding=\"async\" class=\"aligncenter size-large wp-image-2790\" src=\"https:\/\/blogsaverroes.juntadeandalucia.es\/plurilinguismocordoba\/files\/2026\/03\/Captura-de-pantalla-2026-03-06-140750-1024x541.png\" alt=\"\" width=\"750\" height=\"396\" srcset=\"https:\/\/blogsaverroes.juntadeandalucia.es\/plurilinguismocordoba\/files\/2026\/03\/Captura-de-pantalla-2026-03-06-140750-1024x541.png 1024w, https:\/\/blogsaverroes.juntadeandalucia.es\/plurilinguismocordoba\/files\/2026\/03\/Captura-de-pantalla-2026-03-06-140750-300x159.png 300w, https:\/\/blogsaverroes.juntadeandalucia.es\/plurilinguismocordoba\/files\/2026\/03\/Captura-de-pantalla-2026-03-06-140750-768x406.png 768w, https:\/\/blogsaverroes.juntadeandalucia.es\/plurilinguismocordoba\/files\/2026\/03\/Captura-de-pantalla-2026-03-06-140750-1536x812.png 1536w, https:\/\/blogsaverroes.juntadeandalucia.es\/plurilinguismocordoba\/files\/2026\/03\/Captura-de-pantalla-2026-03-06-140750-750x397.png 750w, https:\/\/blogsaverroes.juntadeandalucia.es\/plurilinguismocordoba\/files\/2026\/03\/Captura-de-pantalla-2026-03-06-140750.png 1568w\" sizes=\"(max-width: 750px) 100vw, 750px\" \/><\/p>\n<p style=\"text-align: center\"><a href=\"https:\/\/www.canva.com\/design\/DAHAeJBtaIc\/jzfkb9QfYb2cVpWp4NV0gA\/view?utm_content=DAHAeJBtaIc&amp;utm_campaign=designshare&amp;utm_medium=link2&amp;utm_source=uniquelinks&amp;utlId=hf5b2993a92#1\" target=\"_blank\" rel=\"noopener\">Enlace a la presentaci\u00f3n<\/a><\/p>\n<p><strong>BBPP Biolog\u00eda y Geolog\u00eda IES Trassierra (C\u00f3rdoba)<\/strong><\/p>\n<p><img decoding=\"async\" class=\"aligncenter size-full wp-image-2788\" src=\"https:\/\/blogsaverroes.juntadeandalucia.es\/plurilinguismocordoba\/files\/2026\/03\/Captura-de-pantalla-2026-03-06-140716.png\" alt=\"\" width=\"923\" height=\"515\" srcset=\"https:\/\/blogsaverroes.juntadeandalucia.es\/plurilinguismocordoba\/files\/2026\/03\/Captura-de-pantalla-2026-03-06-140716.png 923w, https:\/\/blogsaverroes.juntadeandalucia.es\/plurilinguismocordoba\/files\/2026\/03\/Captura-de-pantalla-2026-03-06-140716-300x167.png 300w, https:\/\/blogsaverroes.juntadeandalucia.es\/plurilinguismocordoba\/files\/2026\/03\/Captura-de-pantalla-2026-03-06-140716-768x429.png 768w, https:\/\/blogsaverroes.juntadeandalucia.es\/plurilinguismocordoba\/files\/2026\/03\/Captura-de-pantalla-2026-03-06-140716-750x418.png 750w\" sizes=\"(max-width: 923px) 100vw, 923px\" \/><\/p>\n<p style=\"text-align: center\"><a href=\"https:\/\/blogsaverroes.juntadeandalucia.es\/plurilinguismocordoba\/files\/2026\/03\/20260209-Reunion-ANL-BYG-secundaria-MPM.pdf\" target=\"_blank\" rel=\"noopener\">Descarga de la presentaci\u00f3n<\/a><\/p>\n<p><strong>BBPP F\u00edsica y Qu\u00edmica IES Trassierra (C\u00f3rdoba)<\/strong><\/p>\n<p><img decoding=\"async\" class=\"aligncenter size-full wp-image-2785\" src=\"https:\/\/blogsaverroes.juntadeandalucia.es\/plurilinguismocordoba\/files\/2026\/03\/Captura-de-pantalla-2026-03-06-133831.png\" alt=\"\" width=\"944\" height=\"529\" srcset=\"https:\/\/blogsaverroes.juntadeandalucia.es\/plurilinguismocordoba\/files\/2026\/03\/Captura-de-pantalla-2026-03-06-133831.png 944w, https:\/\/blogsaverroes.juntadeandalucia.es\/plurilinguismocordoba\/files\/2026\/03\/Captura-de-pantalla-2026-03-06-133831-300x168.png 300w, https:\/\/blogsaverroes.juntadeandalucia.es\/plurilinguismocordoba\/files\/2026\/03\/Captura-de-pantalla-2026-03-06-133831-768x430.png 768w, https:\/\/blogsaverroes.juntadeandalucia.es\/plurilinguismocordoba\/files\/2026\/03\/Captura-de-pantalla-2026-03-06-133831-750x420.png 750w\" sizes=\"(max-width: 944px) 100vw, 944px\" \/><\/p>\n<p style=\"text-align: center\"><a href=\"https:\/\/blogsaverroes.juntadeandalucia.es\/plurilinguismocordoba\/files\/2026\/03\/Reunion-bilingue-FyQ.pdf\" target=\"_blank\" rel=\"noopener\">Descarga de la presentaci\u00f3n<\/a><\/p>\n<p>&nbsp;<\/p>\n<p><strong>BBPP Tecnolog\u00eda IES La Jara (Villanueva de C\u00f3rdoba)<\/strong><\/p>\n<p><img loading=\"lazy\" decoding=\"async\" class=\"aligncenter size-large wp-image-2684\" src=\"https:\/\/blogsaverroes.juntadeandalucia.es\/plurilinguismocordoba\/files\/2026\/02\/Captura-de-pantalla-2026-02-28-a-las-5.51.58-1024x572.png\" alt=\"\" width=\"750\" height=\"419\" srcset=\"https:\/\/blogsaverroes.juntadeandalucia.es\/plurilinguismocordoba\/files\/2026\/02\/Captura-de-pantalla-2026-02-28-a-las-5.51.58-1024x572.png 1024w, https:\/\/blogsaverroes.juntadeandalucia.es\/plurilinguismocordoba\/files\/2026\/02\/Captura-de-pantalla-2026-02-28-a-las-5.51.58-300x168.png 300w, https:\/\/blogsaverroes.juntadeandalucia.es\/plurilinguismocordoba\/files\/2026\/02\/Captura-de-pantalla-2026-02-28-a-las-5.51.58-768x429.png 768w, https:\/\/blogsaverroes.juntadeandalucia.es\/plurilinguismocordoba\/files\/2026\/02\/Captura-de-pantalla-2026-02-28-a-las-5.51.58-1536x858.png 1536w, https:\/\/blogsaverroes.juntadeandalucia.es\/plurilinguismocordoba\/files\/2026\/02\/Captura-de-pantalla-2026-02-28-a-las-5.51.58-2048x1144.png 2048w, https:\/\/blogsaverroes.juntadeandalucia.es\/plurilinguismocordoba\/files\/2026\/02\/Captura-de-pantalla-2026-02-28-a-las-5.51.58-750x419.png 750w\" sizes=\"(max-width: 750px) 100vw, 750px\" \/><\/p>\n<p style=\"text-align: center\">Descarga de la presentaci\u00f3n<\/p>\n<p>&nbsp;<\/p>\n<p><strong>BBPP Geograf\u00eda e Historia IES Profesor Tierno Galv\u00e1n (La Rambla)<\/strong><\/p>\n<p><img loading=\"lazy\" decoding=\"async\" class=\"aligncenter size-large wp-image-2687\" src=\"https:\/\/blogsaverroes.juntadeandalucia.es\/plurilinguismocordoba\/files\/2026\/02\/Captura-de-pantalla-2026-02-28-a-las-17.45.03-1024x571.png\" alt=\"\" width=\"750\" height=\"418\" srcset=\"https:\/\/blogsaverroes.juntadeandalucia.es\/plurilinguismocordoba\/files\/2026\/02\/Captura-de-pantalla-2026-02-28-a-las-17.45.03-1024x571.png 1024w, https:\/\/blogsaverroes.juntadeandalucia.es\/plurilinguismocordoba\/files\/2026\/02\/Captura-de-pantalla-2026-02-28-a-las-17.45.03-300x167.png 300w, https:\/\/blogsaverroes.juntadeandalucia.es\/plurilinguismocordoba\/files\/2026\/02\/Captura-de-pantalla-2026-02-28-a-las-17.45.03-768x428.png 768w, https:\/\/blogsaverroes.juntadeandalucia.es\/plurilinguismocordoba\/files\/2026\/02\/Captura-de-pantalla-2026-02-28-a-las-17.45.03-1536x856.png 1536w, https:\/\/blogsaverroes.juntadeandalucia.es\/plurilinguismocordoba\/files\/2026\/02\/Captura-de-pantalla-2026-02-28-a-las-17.45.03-750x418.png 750w, https:\/\/blogsaverroes.juntadeandalucia.es\/plurilinguismocordoba\/files\/2026\/02\/Captura-de-pantalla-2026-02-28-a-las-17.45.03.png 1960w\" sizes=\"(max-width: 750px) 100vw, 750px\" \/><\/p>\n<p style=\"text-align: center\"><a href=\"https:\/\/blogsaverroes.juntadeandalucia.es\/plurilinguismocordoba\/files\/2026\/02\/Jorge-Carnerero-SEC-GeH.pdf\" target=\"_blank\" rel=\"noopener\">Descarga de la presentaci\u00f3n<\/a><\/p>\n<p>&nbsp;<\/p>\n<p>&nbsp;<\/p>\n<p><strong>BBPP Secundaria Filosof\u00eda IES L\u00f3pez Neyra&nbsp;<\/strong><\/p>\n<p><img loading=\"lazy\" decoding=\"async\" class=\"aligncenter size-large wp-image-2696\" src=\"https:\/\/blogsaverroes.juntadeandalucia.es\/plurilinguismocordoba\/files\/2026\/02\/Captura-de-pantalla-2026-02-28-a-las-18.09.47-1024x570.png\" alt=\"\" width=\"750\" height=\"417\" srcset=\"https:\/\/blogsaverroes.juntadeandalucia.es\/plurilinguismocordoba\/files\/2026\/02\/Captura-de-pantalla-2026-02-28-a-las-18.09.47-1024x570.png 1024w, https:\/\/blogsaverroes.juntadeandalucia.es\/plurilinguismocordoba\/files\/2026\/02\/Captura-de-pantalla-2026-02-28-a-las-18.09.47-300x167.png 300w, https:\/\/blogsaverroes.juntadeandalucia.es\/plurilinguismocordoba\/files\/2026\/02\/Captura-de-pantalla-2026-02-28-a-las-18.09.47-768x427.png 768w, https:\/\/blogsaverroes.juntadeandalucia.es\/plurilinguismocordoba\/files\/2026\/02\/Captura-de-pantalla-2026-02-28-a-las-18.09.47-1536x855.png 1536w, https:\/\/blogsaverroes.juntadeandalucia.es\/plurilinguismocordoba\/files\/2026\/02\/Captura-de-pantalla-2026-02-28-a-las-18.09.47-750x417.png 750w, https:\/\/blogsaverroes.juntadeandalucia.es\/plurilinguismocordoba\/files\/2026\/02\/Captura-de-pantalla-2026-02-28-a-las-18.09.47.png 1898w\" sizes=\"(max-width: 750px) 100vw, 750px\" \/><\/p>\n<p style=\"text-align: center\"><a href=\"https:\/\/blogsaverroes.juntadeandalucia.es\/plurilinguismocordoba\/files\/2026\/02\/BBPP-Secundaria-Filosofia.pdf\" target=\"_blank\" rel=\"noopener\">Descarga de la presentaci\u00f3n<\/a><\/p>\n<p>&nbsp;<\/p>\n<p><strong>BBPP Secundaria M\u00fasica IES Puente de Alcolea<\/strong><\/p>\n<p><img loading=\"lazy\" decoding=\"async\" class=\"aligncenter size-full wp-image-2774\" src=\"https:\/\/blogsaverroes.juntadeandalucia.es\/plurilinguismocordoba\/files\/2026\/03\/Captura-de-pantalla-2026-03-04-140701.png\" alt=\"\" width=\"789\" height=\"437\" srcset=\"https:\/\/blogsaverroes.juntadeandalucia.es\/plurilinguismocordoba\/files\/2026\/03\/Captura-de-pantalla-2026-03-04-140701.png 789w, https:\/\/blogsaverroes.juntadeandalucia.es\/plurilinguismocordoba\/files\/2026\/03\/Captura-de-pantalla-2026-03-04-140701-300x166.png 300w, https:\/\/blogsaverroes.juntadeandalucia.es\/plurilinguismocordoba\/files\/2026\/03\/Captura-de-pantalla-2026-03-04-140701-768x425.png 768w, https:\/\/blogsaverroes.juntadeandalucia.es\/plurilinguismocordoba\/files\/2026\/03\/Captura-de-pantalla-2026-03-04-140701-750x415.png 750w\" sizes=\"(max-width: 789px) 100vw, 789px\" \/><\/p>\n<p style=\"text-align: center\"><a href=\"https:\/\/blogsaverroes.juntadeandalucia.es\/plurilinguismocordoba\/files\/2026\/03\/CLIL-Music-Resources.pdf\" target=\"_blank\" rel=\"noopener\">Descarga de la presentaci\u00f3n<\/a><\/p>\n","protected":false},"excerpt":{"rendered":"<p>BBPP Matem\u00e1ticas IES Trassierra (C\u00f3rdoba) Enlace a la presentaci\u00f3n BBPP Biolog\u00eda y Geolog\u00eda IES Trassierra (C\u00f3rdoba) Descarga de la presentaci\u00f3n BBPP F\u00edsica y Qu\u00edmica IES Trassierra (C\u00f3rdoba) Descarga de la presentaci\u00f3n &nbsp; BBPP Tecnolog\u00eda IES La Jara (Villanueva de C\u00f3rdoba) Descarga de la presentaci\u00f3n &nbsp; BBPP Geograf\u00eda e Historia IES Profesor Tierno Galv\u00e1n (La Rambla) &hellip; <\/p>\n<p><a class=\"more-link btn\" href=\"https:\/\/blogsaverroes.juntadeandalucia.es\/plurilinguismocordoba\/bbpp-anl-secundaria\/\">Seguir leyendo<\/a><\/p>\n","protected":false},"author":18252,"featured_media":0,"parent":0,"menu_order":0,"comment_status":"closed","ping_status":"closed","template":"","meta":{"ngg_post_thumbnail":0,"footnotes":""},"aioseo_notices":[],"post_mailing_queue_ids":[],"_links":{"self":[{"href":"https:\/\/blogsaverroes.juntadeandalucia.es\/plurilinguismocordoba\/wp-json\/wp\/v2\/pages\/2652"}],"collection":[{"href":"https:\/\/blogsaverroes.juntadeandalucia.es\/plurilinguismocordoba\/wp-json\/wp\/v2\/pages"}],"about":[{"href":"https:\/\/blogsaverroes.juntadeandalucia.es\/plurilinguismocordoba\/wp-json\/wp\/v2\/types\/page"}],"author":[{"embeddable":true,"href":"https:\/\/blogsaverroes.juntadeandalucia.es\/plurilinguismocordoba\/wp-json\/wp\/v2\/users\/18252"}],"replies":[{"embeddable":true,"href":"https:\/\/blogsaverroes.juntadeandalucia.es\/plurilinguismocordoba\/wp-json\/wp\/v2\/comments?post=2652"}],"version-history":[{"count":8,"href":"https:\/\/blogsaverroes.juntadeandalucia.es\/plurilinguismocordoba\/wp-json\/wp\/v2\/pages\/2652\/revisions"}],"predecessor-version":[{"id":2791,"href":"https:\/\/blogsaverroes.juntadeandalucia.es\/plurilinguismocordoba\/wp-json\/wp\/v2\/pages\/2652\/revisions\/2791"}],"wp:attachment":[{"href":"https:\/\/blogsaverroes.juntadeandalucia.es\/plurilinguismocordoba\/wp-json\/wp\/v2\/media?parent=2652"}],"curies":[{"name":"wp","href":"https:\/\/api.w.org\/{rel}","templated":true}]}}

<p><strong>BBPP Matemáticas IES Trassierra (Córdoba)</strong></p>
<p><img fetchpriority="high" decoding="async" class="aligncenter size-large wp-image-2790" src="https://blogsaverroes.juntadeandalucia.es/plurilinguismocordoba/files/2026/03/Captura-de-pantalla-2026-03-06-140750-1024x541.png" alt="" width="750" height="396" srcset="https://blogsaverroes.juntadeandalucia.es/plurilinguismocordoba/files/2026/03/Captura-de-pantalla-2026-03-06-140750-1024x541.png 1024w, https://blogsaverroes.juntadeandalucia.es/plurilinguismocordoba/files/2026/03/Captura-de-pantalla-2026-03-06-140750-300x159.png 300w, https://blogsaverroes.juntadeandalucia.es/plurilinguismocordoba/files/2026/03/Captura-de-pantalla-2026-03-06-140750-768x406.png 768w, https://blogsaverroes.juntadeandalucia.es/plurilinguismocordoba/files/2026/03/Captura-de-pantalla-2026-03-06-140750-1536x812.png 1536w, https://blogsaverroes.juntadeandalucia.es/plurilinguismocordoba/files/2026/03/Captura-de-pantalla-2026-03-06-140750-750x397.png 750w, https://blogsaverroes.juntadeandalucia.es/plurilinguismocordoba/files/2026/03/Captura-de-pantalla-2026-03-06-140750.png 1568w" sizes="(max-width: 750px) 100vw, 750px" /></p>
<p style="text-align: center"><a href="https://www.canva.com/design/DAHAeJBtaIc/jzfkb9QfYb2cVpWp4NV0gA/view?utm_content=DAHAeJBtaIc&amp;utm_campaign=designshare&amp;utm_medium=link2&amp;utm_source=uniquelinks&amp;utlId=hf5b2993a92#1" target="_blank" rel="noopener">Enlace a la presentación</a></p>
<p><strong>BBPP Biología y Geología IES Trassierra (Córdoba)</strong></p>
<p><img decoding="async" class="aligncenter size-full wp-image-2788" src="https://blogsaverroes.juntadeandalucia.es/plurilinguismocordoba/files/2026/03/Captura-de-pantalla-2026-03-06-140716.png" alt="" width="923" height="515" srcset="https://blogsaverroes.juntadeandalucia.es/plurilinguismocordoba/files/2026/03/Captura-de-pantalla-2026-03-06-140716.png 923w, https://blogsaverroes.juntadeandalucia.es/plurilinguismocordoba/files/2026/03/Captura-de-pantalla-2026-03-06-140716-300x167.png 300w, https://blogsaverroes.juntadeandalucia.es/plurilinguismocordoba/files/2026/03/Captura-de-pantalla-2026-03-06-140716-768x429.png 768w, https://blogsaverroes.juntadeandalucia.es/plurilinguismocordoba/files/2026/03/Captura-de-pantalla-2026-03-06-140716-750x418.png 750w" sizes="(max-width: 923px) 100vw, 923px" /></p>
<p style="text-align: center"><a href="https://blogsaverroes.juntadeandalucia.es/plurilinguismocordoba/files/2026/03/20260209-Reunion-ANL-BYG-secundaria-MPM.pdf" target="_blank" rel="noopener">Descarga de la presentación</a></p>
<p><strong>BBPP Física y Química IES Trassierra (Córdoba)</strong></p>
<p><img decoding="async" class="aligncenter size-full wp-image-2785" src="https://blogsaverroes.juntadeandalucia.es/plurilinguismocordoba/files/2026/03/Captura-de-pantalla-2026-03-06-133831.png" alt="" width="944" height="529" srcset="https://blogsaverroes.juntadeandalucia.es/plurilinguismocordoba/files/2026/03/Captura-de-pantalla-2026-03-06-133831.png 944w, https://blogsaverroes.juntadeandalucia.es/plurilinguismocordoba/files/2026/03/Captura-de-pantalla-2026-03-06-133831-300x168.png 300w, https://blogsaverroes.juntadeandalucia.es/plurilinguismocordoba/files/2026/03/Captura-de-pantalla-2026-03-06-133831-768x430.png 768w, https://blogsaverroes.juntadeandalucia.es/plurilinguismocordoba/files/2026/03/Captura-de-pantalla-2026-03-06-133831-750x420.png 750w" sizes="(max-width: 944px) 100vw, 944px" /></p>
<p style="text-align: center"><a href="https://blogsaverroes.juntadeandalucia.es/plurilinguismocordoba/files/2026/03/Reunion-bilingue-FyQ.pdf" target="_blank" rel="noopener">Descarga de la presentación</a></p>
<p>&nbsp;</p>
<p><strong>BBPP Tecnología IES La Jara (Villanueva de Córdoba)</strong></p>
<p><img loading="lazy" decoding="async" class="aligncenter size-large wp-image-2684" src="https://blogsaverroes.juntadeandalucia.es/plurilinguismocordoba/files/2026/02/Captura-de-pantalla-2026-02-28-a-las-5.51.58-1024x572.png" alt="" width="750" height="419" srcset="https://blogsaverroes.juntadeandalucia.es/plurilinguismocordoba/files/2026/02/Captura-de-pantalla-2026-02-28-a-las-5.51.58-1024x572.png 1024w, https://blogsaverroes.juntadeandalucia.es/plurilinguismocordoba/files/2026/02/Captura-de-pantalla-2026-02-28-a-las-5.51.58-300x168.png 300w, https://blogsaverroes.juntadeandalucia.es/plurilinguismocordoba/files/2026/02/Captura-de-pantalla-2026-02-28-a-las-5.51.58-768x429.png 768w, https://blogsaverroes.juntadeandalucia.es/plurilinguismocordoba/files/2026/02/Captura-de-pantalla-2026-02-28-a-las-5.51.58-1536x858.png 1536w, https://blogsaverroes.juntadeandalucia.es/plurilinguismocordoba/files/2026/02/Captura-de-pantalla-2026-02-28-a-las-5.51.58-2048x1144.png 2048w, https://blogsaverroes.juntadeandalucia.es/plurilinguismocordoba/files/2026/02/Captura-de-pantalla-2026-02-28-a-las-5.51.58-750x419.png 750w" sizes="(max-width: 750px) 100vw, 750px" /></p>
<p style="text-align: center">Descarga de la presentación</p>
<p>&nbsp;</p>
<p><strong>BBPP Geografía e Historia IES Profesor Tierno Galván (La Rambla)</strong></p>
<p><img loading="lazy" decoding="async" class="aligncenter size-large wp-image-2687" src="https://blogsaverroes.juntadeandalucia.es/plurilinguismocordoba/files/2026/02/Captura-de-pantalla-2026-02-28-a-las-17.45.03-1024x571.png" alt="" width="750" height="418" srcset="https://blogsaverroes.juntadeandalucia.es/plurilinguismocordoba/files/2026/02/Captura-de-pantalla-2026-02-28-a-las-17.45.03-1024x571.png 1024w, https://blogsaverroes.juntadeandalucia.es/plurilinguismocordoba/files/2026/02/Captura-de-pantalla-2026-02-28-a-las-17.45.03-300x167.png 300w, https://blogsaverroes.juntadeandalucia.es/plurilinguismocordoba/files/2026/02/Captura-de-pantalla-2026-02-28-a-las-17.45.03-768x428.png 768w, https://blogsaverroes.juntadeandalucia.es/plurilinguismocordoba/files/2026/02/Captura-de-pantalla-2026-02-28-a-las-17.45.03-1536x856.png 1536w, https://blogsaverroes.juntadeandalucia.es/plurilinguismocordoba/files/2026/02/Captura-de-pantalla-2026-02-28-a-las-17.45.03-750x418.png 750w, https://blogsaverroes.juntadeandalucia.es/plurilinguismocordoba/files/2026/02/Captura-de-pantalla-2026-02-28-a-las-17.45.03.png 1960w" sizes="(max-width: 750px) 100vw, 750px" /></p>
<p style="text-align: center"><a href="https://blogsaverroes.juntadeandalucia.es/plurilinguismocordoba/files/2026/02/Jorge-Carnerero-SEC-GeH.pdf" target="_blank" rel="noopener">Descarga de la presentación</a></p>
<p>&nbsp;</p>
<p>&nbsp;</p>
<p><strong>BBPP Secundaria Filosofía IES López Neyra&nbsp;</strong></p>
<p><img loading="lazy" decoding="async" class="aligncenter size-large wp-image-2696" src="https://blogsaverroes.juntadeandalucia.es/plurilinguismocordoba/files/2026/02/Captura-de-pantalla-2026-02-28-a-las-18.09.47-1024x570.png" alt="" width="750" height="417" srcset="https://blogsaverroes.juntadeandalucia.es/plurilinguismocordoba/files/2026/02/Captura-de-pantalla-2026-02-28-a-las-18.09.47-1024x570.png 1024w, https://blogsaverroes.juntadeandalucia.es/plurilinguismocordoba/files/2026/02/Captura-de-pantalla-2026-02-28-a-las-18.09.47-300x167.png 300w, https://blogsaverroes.juntadeandalucia.es/plurilinguismocordoba/files/2026/02/Captura-de-pantalla-2026-02-28-a-las-18.09.47-768x427.png 768w, https://blogsaverroes.juntadeandalucia.es/plurilinguismocordoba/files/2026/02/Captura-de-pantalla-2026-02-28-a-las-18.09.47-1536x855.png 1536w, https://blogsaverroes.juntadeandalucia.es/plurilinguismocordoba/files/2026/02/Captura-de-pantalla-2026-02-28-a-las-18.09.47-750x417.png 750w, https://blogsaverroes.juntadeandalucia.es/plurilinguismocordoba/files/2026/02/Captura-de-pantalla-2026-02-28-a-las-18.09.47.png 1898w" sizes="(max-width: 750px) 100vw, 750px" /></p>
<p style="text-align: center"><a href="https://blogsaverroes.juntadeandalucia.es/plurilinguismocordoba/files/2026/02/BBPP-Secundaria-Filosofia.pdf" target="_blank" rel="noopener">Descarga de la presentación</a></p>
<p>&nbsp;</p>
<p><strong>BBPP Secundaria Música IES Puente de Alcolea</strong></p>
<p><img loading="lazy" decoding="async" class="aligncenter size-full wp-image-2774" src="https://blogsaverroes.juntadeandalucia.es/plurilinguismocordoba/files/2026/03/Captura-de-pantalla-2026-03-04-140701.png" alt="" width="789" height="437" srcset="https://blogsaverroes.juntadeandalucia.es/plurilinguismocordoba/files/2026/03/Captura-de-pantalla-2026-03-04-140701.png 789w, https://blogsaverroes.juntadeandalucia.es/plurilinguismocordoba/files/2026/03/Captura-de-pantalla-2026-03-04-140701-300x166.png 300w, https://blogsaverroes.juntadeandalucia.es/plurilinguismocordoba/files/2026/03/Captura-de-pantalla-2026-03-04-140701-768x425.png 768w, https://blogsaverroes.juntadeandalucia.es/plurilinguismocordoba/files/2026/03/Captura-de-pantalla-2026-03-04-140701-750x415.png 750w" sizes="(max-width: 789px) 100vw, 789px" /></p>
<p style="text-align: center"><a href="https://blogsaverroes.juntadeandalucia.es/plurilinguismocordoba/files/2026/03/CLIL-Music-Resources.pdf" target="_blank" rel="noopener">Descarga de la presentación</a></p>

<p>BBPP Matemáticas IES Trassierra (Córdoba) Enlace a la presentación BBPP Biología y Geología IES Trassierra (Córdoba) Descarga de la presentación BBPP Física y Química IES Trassierra (Córdoba) Descarga de la presentación &nbsp; BBPP Tecnología IES La Jara (Villanueva de Córdoba) Descarga de la presentación &nbsp; BBPP Geografía e Historia IES Profesor Tierno Galván (La Rambla) &hellip; </p>
<p><a class="more-link btn" href="https://blogsaverroes.juntadeandalucia.es/plurilinguismocordoba/bbpp-anl-secundaria/">Seguir leyendo</a></p>
