{"id":266,"date":"2020-10-04T18:53:06","date_gmt":"2020-10-04T16:53:06","guid":{"rendered":"https:\/\/blogsaverroes.juntadeandalucia.es\/plurilinguismocordoba\/?page_id=266"},"modified":"2026-02-28T19:05:14","modified_gmt":"2026-02-28T18:05:14","slug":"programa-de-acompanamiento-escolar-en-lengua-extranjera-en-centros-de-primaria-pale","status":"publish","type":"page","link":"https:\/\/blogsaverroes.juntadeandalucia.es\/plurilinguismocordoba\/programa-de-acompanamiento-escolar-en-lengua-extranjera-en-centros-de-primaria-pale\/","title":{"rendered":"Programa de Refuerzo de la Lengua Extranjera (PREX)"},"content":{"rendered":"<p><img fetchpriority=\"high\" decoding=\"async\" class=\"aligncenter size-large wp-image-2712\" src=\"https:\/\/blogsaverroes.juntadeandalucia.es\/plurilinguismocordoba\/files\/2026\/02\/Captura-de-pantalla-2026-02-28-a-las-19.02.13-1024x104.png\" alt=\"\" width=\"750\" height=\"76\" srcset=\"https:\/\/blogsaverroes.juntadeandalucia.es\/plurilinguismocordoba\/files\/2026\/02\/Captura-de-pantalla-2026-02-28-a-las-19.02.13-1024x104.png 1024w, https:\/\/blogsaverroes.juntadeandalucia.es\/plurilinguismocordoba\/files\/2026\/02\/Captura-de-pantalla-2026-02-28-a-las-19.02.13-300x31.png 300w, https:\/\/blogsaverroes.juntadeandalucia.es\/plurilinguismocordoba\/files\/2026\/02\/Captura-de-pantalla-2026-02-28-a-las-19.02.13-768x78.png 768w, https:\/\/blogsaverroes.juntadeandalucia.es\/plurilinguismocordoba\/files\/2026\/02\/Captura-de-pantalla-2026-02-28-a-las-19.02.13-1536x157.png 1536w, https:\/\/blogsaverroes.juntadeandalucia.es\/plurilinguismocordoba\/files\/2026\/02\/Captura-de-pantalla-2026-02-28-a-las-19.02.13-2048x209.png 2048w, https:\/\/blogsaverroes.juntadeandalucia.es\/plurilinguismocordoba\/files\/2026\/02\/Captura-de-pantalla-2026-02-28-a-las-19.02.13-750x77.png 750w\" sizes=\"(max-width: 750px) 100vw, 750px\" \/><\/p>\n<p><span style=\"color: #000080\"><strong>Objetivo<\/strong><\/span><\/p>\n<p>El Programa de Refuerzo de la Lengua Extranjera (PREX) tiene como finalidad dar respuesta a las necesidades de formaci\u00f3n en lengua extranjera del alumnado escolarizado en Centros de Educaci\u00f3n Primaria sostenidos con fondos p\u00fablicos que no imparten ense\u00f1anza biling\u00fce.<\/p>\n<p><span style=\"color: #003366\"><b>Instrucciones PREX 2025-2026<\/b><\/span><\/p>\n<p><a href=\"https:\/\/www.juntadeandalucia.es\/educacion\/portales\/web\/inspeccion-educativa\/w\/instrucciones-de-1-de-septiembre-de-2025-sobre-el-desarrollo-del-programa-de-refuerzo-de-la-lengua-extranjera-prex-destinado-a-centros-docentes-publicos-dependientes-de-la-junta-de-andalucia-de-educacion-primaria-para-el-curso-2025-2026\" target=\"_blank\" rel=\"noopener\">Instrucciones de 1 de septiembre de 2025 de la Direcci\u00f3n General de Participaci\u00f3n e Inclusi\u00f3n Educativa sobre el desarrollo del Programa de Refuerzo de la Lengua Extranjera (PREX)<\/a> destinado a centros docentes p\u00fablicos dependientes de la Junta de Andaluc\u00eda de educaci\u00f3n primaria para el curso 2025\/2026<\/p>\n","protected":false},"excerpt":{"rendered":"<p>Objetivo El Programa de Refuerzo de la Lengua Extranjera (PREX) tiene como finalidad dar respuesta a las necesidades de formaci\u00f3n en lengua extranjera del alumnado escolarizado en Centros de Educaci\u00f3n Primaria sostenidos con fondos p\u00fablicos que no imparten ense\u00f1anza biling\u00fce. Instrucciones PREX 2025-2026 Instrucciones de 1 de septiembre de 2025 de la Direcci\u00f3n General de &hellip; <\/p>\n<p><a class=\"more-link btn\" href=\"https:\/\/blogsaverroes.juntadeandalucia.es\/plurilinguismocordoba\/programa-de-acompanamiento-escolar-en-lengua-extranjera-en-centros-de-primaria-pale\/\">Seguir leyendo<\/a><\/p>\n","protected":false},"author":530,"featured_media":0,"parent":0,"menu_order":0,"comment_status":"closed","ping_status":"closed","template":"","meta":{"ngg_post_thumbnail":0,"footnotes":""},"aioseo_notices":[],"post_mailing_queue_ids":[],"_links":{"self":[{"href":"https:\/\/blogsaverroes.juntadeandalucia.es\/plurilinguismocordoba\/wp-json\/wp\/v2\/pages\/266"}],"collection":[{"href":"https:\/\/blogsaverroes.juntadeandalucia.es\/plurilinguismocordoba\/wp-json\/wp\/v2\/pages"}],"about":[{"href":"https:\/\/blogsaverroes.juntadeandalucia.es\/plurilinguismocordoba\/wp-json\/wp\/v2\/types\/page"}],"author":[{"embeddable":true,"href":"https:\/\/blogsaverroes.juntadeandalucia.es\/plurilinguismocordoba\/wp-json\/wp\/v2\/users\/530"}],"replies":[{"embeddable":true,"href":"https:\/\/blogsaverroes.juntadeandalucia.es\/plurilinguismocordoba\/wp-json\/wp\/v2\/comments?post=266"}],"version-history":[{"count":7,"href":"https:\/\/blogsaverroes.juntadeandalucia.es\/plurilinguismocordoba\/wp-json\/wp\/v2\/pages\/266\/revisions"}],"predecessor-version":[{"id":2713,"href":"https:\/\/blogsaverroes.juntadeandalucia.es\/plurilinguismocordoba\/wp-json\/wp\/v2\/pages\/266\/revisions\/2713"}],"wp:attachment":[{"href":"https:\/\/blogsaverroes.juntadeandalucia.es\/plurilinguismocordoba\/wp-json\/wp\/v2\/media?parent=266"}],"curies":[{"name":"wp","href":"https:\/\/api.w.org\/{rel}","templated":true}]}}

<p><img fetchpriority="high" decoding="async" class="aligncenter size-large wp-image-2712" src="https://blogsaverroes.juntadeandalucia.es/plurilinguismocordoba/files/2026/02/Captura-de-pantalla-2026-02-28-a-las-19.02.13-1024x104.png" alt="" width="750" height="76" srcset="https://blogsaverroes.juntadeandalucia.es/plurilinguismocordoba/files/2026/02/Captura-de-pantalla-2026-02-28-a-las-19.02.13-1024x104.png 1024w, https://blogsaverroes.juntadeandalucia.es/plurilinguismocordoba/files/2026/02/Captura-de-pantalla-2026-02-28-a-las-19.02.13-300x31.png 300w, https://blogsaverroes.juntadeandalucia.es/plurilinguismocordoba/files/2026/02/Captura-de-pantalla-2026-02-28-a-las-19.02.13-768x78.png 768w, https://blogsaverroes.juntadeandalucia.es/plurilinguismocordoba/files/2026/02/Captura-de-pantalla-2026-02-28-a-las-19.02.13-1536x157.png 1536w, https://blogsaverroes.juntadeandalucia.es/plurilinguismocordoba/files/2026/02/Captura-de-pantalla-2026-02-28-a-las-19.02.13-2048x209.png 2048w, https://blogsaverroes.juntadeandalucia.es/plurilinguismocordoba/files/2026/02/Captura-de-pantalla-2026-02-28-a-las-19.02.13-750x77.png 750w" sizes="(max-width: 750px) 100vw, 750px" /></p>
<p><span style="color: #000080"><strong>Objetivo</strong></span></p>
<p>El Programa de Refuerzo de la Lengua Extranjera (PREX) tiene como finalidad dar respuesta a las necesidades de formación en lengua extranjera del alumnado escolarizado en Centros de Educación Primaria sostenidos con fondos públicos que no imparten enseñanza bilingüe.</p>
<p><span style="color: #003366"><b>Instrucciones PREX 2025-2026</b></span></p>
<p><a href="https://www.juntadeandalucia.es/educacion/portales/web/inspeccion-educativa/w/instrucciones-de-1-de-septiembre-de-2025-sobre-el-desarrollo-del-programa-de-refuerzo-de-la-lengua-extranjera-prex-destinado-a-centros-docentes-publicos-dependientes-de-la-junta-de-andalucia-de-educacion-primaria-para-el-curso-2025-2026" target="_blank" rel="noopener">Instrucciones de 1 de septiembre de 2025 de la Dirección General de Participación e Inclusión Educativa sobre el desarrollo del Programa de Refuerzo de la Lengua Extranjera (PREX)</a> destinado a centros docentes públicos dependientes de la Junta de Andalucía de educación primaria para el curso 2025/2026</p>

<p>Objetivo El Programa de Refuerzo de la Lengua Extranjera (PREX) tiene como finalidad dar respuesta a las necesidades de formación en lengua extranjera del alumnado escolarizado en Centros de Educación Primaria sostenidos con fondos públicos que no imparten enseñanza bilingüe. Instrucciones PREX 2025-2026 Instrucciones de 1 de septiembre de 2025 de la Dirección General de &hellip; </p>
<p><a class="more-link btn" href="https://blogsaverroes.juntadeandalucia.es/plurilinguismocordoba/programa-de-acompanamiento-escolar-en-lengua-extranjera-en-centros-de-primaria-pale/">Seguir leyendo</a></p>
