{"id":2667,"date":"2026-02-28T05:32:56","date_gmt":"2026-02-28T04:32:56","guid":{"rendered":"https:\/\/blogsaverroes.juntadeandalucia.es\/plurilinguismocordoba\/?page_id=2667"},"modified":"2026-03-17T16:51:53","modified_gmt":"2026-03-17T15:51:53","slug":"bbpp-erasmus-primaria","status":"publish","type":"page","link":"https:\/\/blogsaverroes.juntadeandalucia.es\/plurilinguismocordoba\/bbpp-erasmus-primaria\/","title":{"rendered":"BBPP Erasmus+ Primaria"},"content":{"rendered":"<p><strong>BBPP Erasmus+ Primaria CEIP Nelson Mandela (La Carlota)<\/strong><\/p>\n<p><img fetchpriority=\"high\" decoding=\"async\" class=\"aligncenter size-large wp-image-2826\" src=\"https:\/\/blogsaverroes.juntadeandalucia.es\/plurilinguismocordoba\/files\/2026\/03\/Captura-de-pantalla-2026-03-12-124509-1024x574.png\" alt=\"\" width=\"750\" height=\"420\" srcset=\"https:\/\/blogsaverroes.juntadeandalucia.es\/plurilinguismocordoba\/files\/2026\/03\/Captura-de-pantalla-2026-03-12-124509-1024x574.png 1024w, https:\/\/blogsaverroes.juntadeandalucia.es\/plurilinguismocordoba\/files\/2026\/03\/Captura-de-pantalla-2026-03-12-124509-300x168.png 300w, https:\/\/blogsaverroes.juntadeandalucia.es\/plurilinguismocordoba\/files\/2026\/03\/Captura-de-pantalla-2026-03-12-124509-768x431.png 768w, https:\/\/blogsaverroes.juntadeandalucia.es\/plurilinguismocordoba\/files\/2026\/03\/Captura-de-pantalla-2026-03-12-124509-750x420.png 750w, https:\/\/blogsaverroes.juntadeandalucia.es\/plurilinguismocordoba\/files\/2026\/03\/Captura-de-pantalla-2026-03-12-124509.png 1511w\" sizes=\"(max-width: 750px) 100vw, 750px\" \/><\/p>\n<p style=\"text-align: center\"><a href=\"https:\/\/blogsaverroes.juntadeandalucia.es\/plurilinguismocordoba\/files\/2026\/03\/INTERNACIONALIZACION-PRIMARIA-Nelson-Mandela.pdf\" target=\"_blank\" rel=\"noopener\">Descarga de la presentaci\u00f3n<\/a><\/p>\n<p><strong>BBPP Erasmus+ Primaria CPR Maestro Rafael Chac\u00f3n Villafranca (Palomar)<\/strong><\/p>\n<div class=\"embed-container\"><iframe class=\"wp-embedded-content\" sandbox=\"allow-scripts\" security=\"restricted\" title=\"Creciendo en eTwinning\" frameborder='0' width='1200' height='675' src='https:\/\/view.genially.com\/6989fb7bf07e9c7317255142#?secret=dVGsEkKeby' data-secret='dVGsEkKeby' scrolling='yes'><\/iframe><\/div>\n<p><strong>BBPP Erasmus+ Primaria CEIP L\u00f3pez Di\u00e9guez (C\u00f3rdoba)<\/strong><\/p>\n<p><img decoding=\"async\" class=\"aligncenter size-large wp-image-2834\" src=\"https:\/\/blogsaverroes.juntadeandalucia.es\/plurilinguismocordoba\/files\/2026\/03\/Captura-de-pantalla-2026-03-17-164639-1024x573.png\" alt=\"\" width=\"750\" height=\"420\" srcset=\"https:\/\/blogsaverroes.juntadeandalucia.es\/plurilinguismocordoba\/files\/2026\/03\/Captura-de-pantalla-2026-03-17-164639-1024x573.png 1024w, https:\/\/blogsaverroes.juntadeandalucia.es\/plurilinguismocordoba\/files\/2026\/03\/Captura-de-pantalla-2026-03-17-164639-300x168.png 300w, https:\/\/blogsaverroes.juntadeandalucia.es\/plurilinguismocordoba\/files\/2026\/03\/Captura-de-pantalla-2026-03-17-164639-768x430.png 768w, https:\/\/blogsaverroes.juntadeandalucia.es\/plurilinguismocordoba\/files\/2026\/03\/Captura-de-pantalla-2026-03-17-164639-750x420.png 750w, https:\/\/blogsaverroes.juntadeandalucia.es\/plurilinguismocordoba\/files\/2026\/03\/Captura-de-pantalla-2026-03-17-164639.png 1413w\" sizes=\"(max-width: 750px) 100vw, 750px\" \/><\/p>\n<p style=\"text-align: center\"><a href=\"https:\/\/blogsaverroes.juntadeandalucia.es\/plurilinguismocordoba\/files\/2026\/03\/PLAN-DE-INTERNACIONALIZACION-CEIP-LOPEZ-DIEGUEZ-1.pdf\" target=\"_blank\" rel=\"noopener\">Descarga de la presentaci\u00f3n<\/a><\/p>\n","protected":false},"excerpt":{"rendered":"<p>BBPP Erasmus+ Primaria CEIP Nelson Mandela (La Carlota) Descarga de la presentaci\u00f3n BBPP Erasmus+ Primaria CPR Maestro Rafael Chac\u00f3n Villafranca (Palomar) BBPP Erasmus+ Primaria CEIP L\u00f3pez Di\u00e9guez (C\u00f3rdoba) Descarga de la presentaci\u00f3n<\/p>\n","protected":false},"author":18252,"featured_media":0,"parent":0,"menu_order":0,"comment_status":"closed","ping_status":"closed","template":"","meta":{"ngg_post_thumbnail":0,"footnotes":""},"aioseo_notices":[],"post_mailing_queue_ids":[],"_links":{"self":[{"href":"https:\/\/blogsaverroes.juntadeandalucia.es\/plurilinguismocordoba\/wp-json\/wp\/v2\/pages\/2667"}],"collection":[{"href":"https:\/\/blogsaverroes.juntadeandalucia.es\/plurilinguismocordoba\/wp-json\/wp\/v2\/pages"}],"about":[{"href":"https:\/\/blogsaverroes.juntadeandalucia.es\/plurilinguismocordoba\/wp-json\/wp\/v2\/types\/page"}],"author":[{"embeddable":true,"href":"https:\/\/blogsaverroes.juntadeandalucia.es\/plurilinguismocordoba\/wp-json\/wp\/v2\/users\/18252"}],"replies":[{"embeddable":true,"href":"https:\/\/blogsaverroes.juntadeandalucia.es\/plurilinguismocordoba\/wp-json\/wp\/v2\/comments?post=2667"}],"version-history":[{"count":6,"href":"https:\/\/blogsaverroes.juntadeandalucia.es\/plurilinguismocordoba\/wp-json\/wp\/v2\/pages\/2667\/revisions"}],"predecessor-version":[{"id":2836,"href":"https:\/\/blogsaverroes.juntadeandalucia.es\/plurilinguismocordoba\/wp-json\/wp\/v2\/pages\/2667\/revisions\/2836"}],"wp:attachment":[{"href":"https:\/\/blogsaverroes.juntadeandalucia.es\/plurilinguismocordoba\/wp-json\/wp\/v2\/media?parent=2667"}],"curies":[{"name":"wp","href":"https:\/\/api.w.org\/{rel}","templated":true}]}}

<p><strong>BBPP Erasmus+ Primaria CEIP Nelson Mandela (La Carlota)</strong></p>
<p><img fetchpriority="high" decoding="async" class="aligncenter size-large wp-image-2826" src="https://blogsaverroes.juntadeandalucia.es/plurilinguismocordoba/files/2026/03/Captura-de-pantalla-2026-03-12-124509-1024x574.png" alt="" width="750" height="420" srcset="https://blogsaverroes.juntadeandalucia.es/plurilinguismocordoba/files/2026/03/Captura-de-pantalla-2026-03-12-124509-1024x574.png 1024w, https://blogsaverroes.juntadeandalucia.es/plurilinguismocordoba/files/2026/03/Captura-de-pantalla-2026-03-12-124509-300x168.png 300w, https://blogsaverroes.juntadeandalucia.es/plurilinguismocordoba/files/2026/03/Captura-de-pantalla-2026-03-12-124509-768x431.png 768w, https://blogsaverroes.juntadeandalucia.es/plurilinguismocordoba/files/2026/03/Captura-de-pantalla-2026-03-12-124509-750x420.png 750w, https://blogsaverroes.juntadeandalucia.es/plurilinguismocordoba/files/2026/03/Captura-de-pantalla-2026-03-12-124509.png 1511w" sizes="(max-width: 750px) 100vw, 750px" /></p>
<p style="text-align: center"><a href="https://blogsaverroes.juntadeandalucia.es/plurilinguismocordoba/files/2026/03/INTERNACIONALIZACION-PRIMARIA-Nelson-Mandela.pdf" target="_blank" rel="noopener">Descarga de la presentación</a></p>
<p><strong>BBPP Erasmus+ Primaria CPR Maestro Rafael Chacón Villafranca (Palomar)</strong></p>
<div class="embed-container"><iframe class="wp-embedded-content" sandbox="allow-scripts" security="restricted" title="Creciendo en eTwinning" frameborder='0' width='1200' height='675' src='https://view.genially.com/6989fb7bf07e9c7317255142#?secret=dVGsEkKeby' data-secret='dVGsEkKeby' scrolling='yes'></iframe></div>
<p><strong>BBPP Erasmus+ Primaria CEIP López Diéguez (Córdoba)</strong></p>
<p><img decoding="async" class="aligncenter size-large wp-image-2834" src="https://blogsaverroes.juntadeandalucia.es/plurilinguismocordoba/files/2026/03/Captura-de-pantalla-2026-03-17-164639-1024x573.png" alt="" width="750" height="420" srcset="https://blogsaverroes.juntadeandalucia.es/plurilinguismocordoba/files/2026/03/Captura-de-pantalla-2026-03-17-164639-1024x573.png 1024w, https://blogsaverroes.juntadeandalucia.es/plurilinguismocordoba/files/2026/03/Captura-de-pantalla-2026-03-17-164639-300x168.png 300w, https://blogsaverroes.juntadeandalucia.es/plurilinguismocordoba/files/2026/03/Captura-de-pantalla-2026-03-17-164639-768x430.png 768w, https://blogsaverroes.juntadeandalucia.es/plurilinguismocordoba/files/2026/03/Captura-de-pantalla-2026-03-17-164639-750x420.png 750w, https://blogsaverroes.juntadeandalucia.es/plurilinguismocordoba/files/2026/03/Captura-de-pantalla-2026-03-17-164639.png 1413w" sizes="(max-width: 750px) 100vw, 750px" /></p>
<p style="text-align: center"><a href="https://blogsaverroes.juntadeandalucia.es/plurilinguismocordoba/files/2026/03/PLAN-DE-INTERNACIONALIZACION-CEIP-LOPEZ-DIEGUEZ-1.pdf" target="_blank" rel="noopener">Descarga de la presentación</a></p>

<p>BBPP Erasmus+ Primaria CEIP Nelson Mandela (La Carlota) Descarga de la presentación BBPP Erasmus+ Primaria CPR Maestro Rafael Chacón Villafranca (Palomar) BBPP Erasmus+ Primaria CEIP López Diéguez (Córdoba) Descarga de la presentación</p>
