{"id":2673,"date":"2026-02-28T05:33:41","date_gmt":"2026-02-28T04:33:41","guid":{"rendered":"https:\/\/blogsaverroes.juntadeandalucia.es\/plurilinguismocordoba\/?page_id=2673"},"modified":"2026-03-04T17:08:48","modified_gmt":"2026-03-04T16:08:48","slug":"bbpp-equipos-directivos-primaria","status":"publish","type":"page","link":"https:\/\/blogsaverroes.juntadeandalucia.es\/plurilinguismocordoba\/bbpp-equipos-directivos-primaria\/","title":{"rendered":"BBPP Equipos Directivos Primaria"},"content":{"rendered":"<p><strong>BBPP Equipos Directivos Primaria CEIP Col\u00f3n<\/strong><\/p>\n<p><img fetchpriority=\"high\" decoding=\"async\" class=\"aligncenter size-large wp-image-2771\" src=\"https:\/\/blogsaverroes.juntadeandalucia.es\/plurilinguismocordoba\/files\/2026\/03\/Captura-de-pantalla-2026-03-04-170444-1024x557.png\" alt=\"\" width=\"750\" height=\"408\" srcset=\"https:\/\/blogsaverroes.juntadeandalucia.es\/plurilinguismocordoba\/files\/2026\/03\/Captura-de-pantalla-2026-03-04-170444-1024x557.png 1024w, https:\/\/blogsaverroes.juntadeandalucia.es\/plurilinguismocordoba\/files\/2026\/03\/Captura-de-pantalla-2026-03-04-170444-300x163.png 300w, https:\/\/blogsaverroes.juntadeandalucia.es\/plurilinguismocordoba\/files\/2026\/03\/Captura-de-pantalla-2026-03-04-170444-768x418.png 768w, https:\/\/blogsaverroes.juntadeandalucia.es\/plurilinguismocordoba\/files\/2026\/03\/Captura-de-pantalla-2026-03-04-170444-1536x836.png 1536w, https:\/\/blogsaverroes.juntadeandalucia.es\/plurilinguismocordoba\/files\/2026\/03\/Captura-de-pantalla-2026-03-04-170444-750x408.png 750w, https:\/\/blogsaverroes.juntadeandalucia.es\/plurilinguismocordoba\/files\/2026\/03\/Captura-de-pantalla-2026-03-04-170444.png 1622w\" sizes=\"(max-width: 750px) 100vw, 750px\" \/><\/p>\n<p style=\"text-align: center\"><a href=\"https:\/\/www.canva.com\/design\/DAG_4gfDjhM\/sXFLXnwE10aGkud-9b7rnQ\/view?utm_content=DAG_4gfDjhM&amp;utm_campaign=designshare&amp;utm_medium=link2&amp;utm_source=uniquelinks&amp;utlId=h5dc42c3fc8#1\" target=\"_blank\" rel=\"noopener\">Enlace a la presentaci\u00f3n<\/a><\/p>\n<p>&nbsp;<\/p>\n<p><strong>BBPP Equipos Directivos Primaria CEIP Al-\u00c1ndalus<\/strong><\/p>\n<div class=\"embed-container\"><iframe class=\"wp-embedded-content\" sandbox=\"allow-scripts\" security=\"restricted\" title=\"CEIP Al-\u00c1ndalus C\u00f3rdoba\" frameborder='0' width='1200' height='675' src='https:\/\/view.genially.com\/69a3c1e1972fff0e3720ae6f#?secret=fRgN7K9I8T' data-secret='fRgN7K9I8T' scrolling='yes'><\/iframe><\/div>\n","protected":false},"excerpt":{"rendered":"<p>BBPP Equipos Directivos Primaria CEIP Col\u00f3n Enlace a la presentaci\u00f3n &nbsp; BBPP Equipos Directivos Primaria CEIP Al-\u00c1ndalus<\/p>\n","protected":false},"author":18252,"featured_media":0,"parent":0,"menu_order":0,"comment_status":"closed","ping_status":"closed","template":"","meta":{"ngg_post_thumbnail":0,"footnotes":""},"aioseo_notices":[],"post_mailing_queue_ids":[],"_links":{"self":[{"href":"https:\/\/blogsaverroes.juntadeandalucia.es\/plurilinguismocordoba\/wp-json\/wp\/v2\/pages\/2673"}],"collection":[{"href":"https:\/\/blogsaverroes.juntadeandalucia.es\/plurilinguismocordoba\/wp-json\/wp\/v2\/pages"}],"about":[{"href":"https:\/\/blogsaverroes.juntadeandalucia.es\/plurilinguismocordoba\/wp-json\/wp\/v2\/types\/page"}],"author":[{"embeddable":true,"href":"https:\/\/blogsaverroes.juntadeandalucia.es\/plurilinguismocordoba\/wp-json\/wp\/v2\/users\/18252"}],"replies":[{"embeddable":true,"href":"https:\/\/blogsaverroes.juntadeandalucia.es\/plurilinguismocordoba\/wp-json\/wp\/v2\/comments?post=2673"}],"version-history":[{"count":4,"href":"https:\/\/blogsaverroes.juntadeandalucia.es\/plurilinguismocordoba\/wp-json\/wp\/v2\/pages\/2673\/revisions"}],"predecessor-version":[{"id":2772,"href":"https:\/\/blogsaverroes.juntadeandalucia.es\/plurilinguismocordoba\/wp-json\/wp\/v2\/pages\/2673\/revisions\/2772"}],"wp:attachment":[{"href":"https:\/\/blogsaverroes.juntadeandalucia.es\/plurilinguismocordoba\/wp-json\/wp\/v2\/media?parent=2673"}],"curies":[{"name":"wp","href":"https:\/\/api.w.org\/{rel}","templated":true}]}}