{"id":2714,"date":"2026-03-01T05:09:39","date_gmt":"2026-03-01T04:09:39","guid":{"rendered":"https:\/\/blogsaverroes.juntadeandalucia.es\/plurilinguismocordoba\/?page_id=2714"},"modified":"2026-03-01T05:13:27","modified_gmt":"2026-03-01T04:13:27","slug":"bbpp-al-primaria-frances","status":"publish","type":"page","link":"https:\/\/blogsaverroes.juntadeandalucia.es\/plurilinguismocordoba\/bbpp-al-primaria-frances\/","title":{"rendered":"BBPP AL Primaria Franc\u00e9s"},"content":{"rendered":"<p><strong>BBPP AL Primaria Franc\u00e9s CEIP San Jos\u00e9 de Calasanz (Pe\u00f1arroya-Pueblonuevo)<\/strong><\/p>\n<p><img fetchpriority=\"high\" decoding=\"async\" class=\"aligncenter size-large wp-image-2717\" src=\"https:\/\/blogsaverroes.juntadeandalucia.es\/plurilinguismocordoba\/files\/2026\/03\/Captura-de-pantalla-2026-03-01-a-las-5.07.53-1024x571.png\" alt=\"\" width=\"750\" height=\"418\" srcset=\"https:\/\/blogsaverroes.juntadeandalucia.es\/plurilinguismocordoba\/files\/2026\/03\/Captura-de-pantalla-2026-03-01-a-las-5.07.53-1024x571.png 1024w, https:\/\/blogsaverroes.juntadeandalucia.es\/plurilinguismocordoba\/files\/2026\/03\/Captura-de-pantalla-2026-03-01-a-las-5.07.53-300x167.png 300w, https:\/\/blogsaverroes.juntadeandalucia.es\/plurilinguismocordoba\/files\/2026\/03\/Captura-de-pantalla-2026-03-01-a-las-5.07.53-768x429.png 768w, https:\/\/blogsaverroes.juntadeandalucia.es\/plurilinguismocordoba\/files\/2026\/03\/Captura-de-pantalla-2026-03-01-a-las-5.07.53-1536x857.png 1536w, https:\/\/blogsaverroes.juntadeandalucia.es\/plurilinguismocordoba\/files\/2026\/03\/Captura-de-pantalla-2026-03-01-a-las-5.07.53-2048x1143.png 2048w, https:\/\/blogsaverroes.juntadeandalucia.es\/plurilinguismocordoba\/files\/2026\/03\/Captura-de-pantalla-2026-03-01-a-las-5.07.53-750x418.png 750w\" sizes=\"(max-width: 750px) 100vw, 750px\" \/><\/p>\n<p style=\"text-align: center\"><a href=\"https:\/\/mmemontsefle.my.canva.site\/\" target=\"_blank\" rel=\"noopener\">Enlace a la presentaci\u00f3n<\/a><\/p>\n","protected":false},"excerpt":{"rendered":"<p>BBPP AL Primaria Franc\u00e9s CEIP San Jos\u00e9 de Calasanz (Pe\u00f1arroya-Pueblonuevo) Enlace a la presentaci\u00f3n<\/p>\n","protected":false},"author":18252,"featured_media":0,"parent":0,"menu_order":0,"comment_status":"closed","ping_status":"closed","template":"","meta":{"ngg_post_thumbnail":0,"footnotes":""},"aioseo_notices":[],"post_mailing_queue_ids":[],"_links":{"self":[{"href":"https:\/\/blogsaverroes.juntadeandalucia.es\/plurilinguismocordoba\/wp-json\/wp\/v2\/pages\/2714"}],"collection":[{"href":"https:\/\/blogsaverroes.juntadeandalucia.es\/plurilinguismocordoba\/wp-json\/wp\/v2\/pages"}],"about":[{"href":"https:\/\/blogsaverroes.juntadeandalucia.es\/plurilinguismocordoba\/wp-json\/wp\/v2\/types\/page"}],"author":[{"embeddable":true,"href":"https:\/\/blogsaverroes.juntadeandalucia.es\/plurilinguismocordoba\/wp-json\/wp\/v2\/users\/18252"}],"replies":[{"embeddable":true,"href":"https:\/\/blogsaverroes.juntadeandalucia.es\/plurilinguismocordoba\/wp-json\/wp\/v2\/comments?post=2714"}],"version-history":[{"count":3,"href":"https:\/\/blogsaverroes.juntadeandalucia.es\/plurilinguismocordoba\/wp-json\/wp\/v2\/pages\/2714\/revisions"}],"predecessor-version":[{"id":2719,"href":"https:\/\/blogsaverroes.juntadeandalucia.es\/plurilinguismocordoba\/wp-json\/wp\/v2\/pages\/2714\/revisions\/2719"}],"wp:attachment":[{"href":"https:\/\/blogsaverroes.juntadeandalucia.es\/plurilinguismocordoba\/wp-json\/wp\/v2\/media?parent=2714"}],"curies":[{"name":"wp","href":"https:\/\/api.w.org\/{rel}","templated":true}]}}