{"id":322,"date":"2020-10-12T19:04:52","date_gmt":"2020-10-12T17:04:52","guid":{"rendered":"https:\/\/blogsaverroes.juntadeandalucia.es\/plurilinguismocordoba\/?page_id=322"},"modified":"2020-10-12T20:51:34","modified_gmt":"2020-10-12T18:51:34","slug":"webs-y-blogs-de-centros-bilingues-y-plurilingues-informacion-del-programa-bilingue-a-la-comunidad-educativa","status":"publish","type":"page","link":"https:\/\/blogsaverroes.juntadeandalucia.es\/plurilinguismocordoba\/webs-y-blogs-de-centros-bilingues-y-plurilingues-informacion-del-programa-bilingue-a-la-comunidad-educativa\/","title":{"rendered":"Webs y Blogs de centros biling\u00fces y pluriling\u00fces: Informaci\u00f3n del Programa Biling\u00fce a la Comunidad Educativa"},"content":{"rendered":"<p>En este espacio, mostraremos a lo largo del curso escolar 2020-21 los diferentes espacios digitales en los que los centros biling\u00fces y pluriling\u00fces de la provincia de C\u00f3rdoba dan a conocer las actuaciones de su programa biling\u00fce, incluyendo propuestas did\u00e1cticas, actividades y recursos online que se puedan compartin en la red de centros de Infantil, Primaria, Secundaria, Bachillerato y Formaci\u00f3n Profesional<\/p>\n<p>Estos son s\u00f3lo ejemplos de otras provincias, y de diferentes etapas, en lso que se pueden apreciar con detalle aspectos organizativos y metodol\u00f3gicos para dar a conocer el proyecto entre los miembros de la comunidad educativa. La buena informaci\u00f3n es la clave de una buena acogida y la garant\u00eda de sostenibilidad del programa.<\/p>\n<p><strong>WEBS DE CENTROS BILING\u00dcES<\/strong><\/p>\n<p><a href=\"https:\/\/iesalhambra.es\/bilinguismo\/\">IES ALHAMBRA<\/a><\/p>\n<p><img fetchpriority=\"high\" decoding=\"async\" class=\"alignnone wp-image-355\" src=\"https:\/\/blogsaverroes.juntadeandalucia.es\/plurilinguismocordoba\/files\/2020\/10\/GRANADA-300x212.png\" alt=\"\" width=\"454\" height=\"321\" srcset=\"https:\/\/blogsaverroes.juntadeandalucia.es\/plurilinguismocordoba\/files\/2020\/10\/GRANADA-300x212.png 300w, https:\/\/blogsaverroes.juntadeandalucia.es\/plurilinguismocordoba\/files\/2020\/10\/GRANADA-1024x723.png 1024w, https:\/\/blogsaverroes.juntadeandalucia.es\/plurilinguismocordoba\/files\/2020\/10\/GRANADA-768x542.png 768w, https:\/\/blogsaverroes.juntadeandalucia.es\/plurilinguismocordoba\/files\/2020\/10\/GRANADA-1536x1084.png 1536w, https:\/\/blogsaverroes.juntadeandalucia.es\/plurilinguismocordoba\/files\/2020\/10\/GRANADA-24x17.png 24w, https:\/\/blogsaverroes.juntadeandalucia.es\/plurilinguismocordoba\/files\/2020\/10\/GRANADA-36x25.png 36w, https:\/\/blogsaverroes.juntadeandalucia.es\/plurilinguismocordoba\/files\/2020\/10\/GRANADA-48x34.png 48w, https:\/\/blogsaverroes.juntadeandalucia.es\/plurilinguismocordoba\/files\/2020\/10\/GRANADA.png 1634w\" sizes=\"(max-width: 454px) 100vw, 454px\" \/><\/p>\n<p><strong>BLOGS DE CENTROS BILING\u00dcES<\/strong><\/p>\n<p><a href=\"https:\/\/ceipalonsoalcala.wordpress.com\/\">CEIP ALONSO DE ALCAL\u00c1<\/a><\/p>\n<p><img decoding=\"async\" class=\"alignnone wp-image-356\" src=\"https:\/\/blogsaverroes.juntadeandalucia.es\/plurilinguismocordoba\/files\/2020\/10\/ALCALA-300x300.png\" alt=\"\" width=\"453\" height=\"453\" srcset=\"https:\/\/blogsaverroes.juntadeandalucia.es\/plurilinguismocordoba\/files\/2020\/10\/ALCALA-300x300.png 300w, https:\/\/blogsaverroes.juntadeandalucia.es\/plurilinguismocordoba\/files\/2020\/10\/ALCALA-1021x1024.png 1021w, https:\/\/blogsaverroes.juntadeandalucia.es\/plurilinguismocordoba\/files\/2020\/10\/ALCALA-150x150.png 150w, https:\/\/blogsaverroes.juntadeandalucia.es\/plurilinguismocordoba\/files\/2020\/10\/ALCALA-768x770.png 768w, https:\/\/blogsaverroes.juntadeandalucia.es\/plurilinguismocordoba\/files\/2020\/10\/ALCALA-100x100.png 100w, https:\/\/blogsaverroes.juntadeandalucia.es\/plurilinguismocordoba\/files\/2020\/10\/ALCALA-80x80.png 80w, https:\/\/blogsaverroes.juntadeandalucia.es\/plurilinguismocordoba\/files\/2020\/10\/ALCALA-320x320.png 320w, https:\/\/blogsaverroes.juntadeandalucia.es\/plurilinguismocordoba\/files\/2020\/10\/ALCALA-24x24.png 24w, https:\/\/blogsaverroes.juntadeandalucia.es\/plurilinguismocordoba\/files\/2020\/10\/ALCALA-36x36.png 36w, https:\/\/blogsaverroes.juntadeandalucia.es\/plurilinguismocordoba\/files\/2020\/10\/ALCALA-48x48.png 48w, https:\/\/blogsaverroes.juntadeandalucia.es\/plurilinguismocordoba\/files\/2020\/10\/ALCALA.png 1271w\" sizes=\"(max-width: 453px) 100vw, 453px\" \/><\/p>\n<p>&nbsp;<\/p>\n","protected":false},"excerpt":{"rendered":"<p>En este espacio, mostraremos a lo largo del curso escolar 2020-21 los diferentes espacios digitales en los que los centros biling\u00fces y pluriling\u00fces de la provincia de C\u00f3rdoba dan a conocer las actuaciones de su programa biling\u00fce, incluyendo propuestas did\u00e1cticas, actividades y recursos online que se puedan compartin en la red de centros de Infantil, &hellip; <\/p>\n<p><a class=\"more-link btn\" href=\"https:\/\/blogsaverroes.juntadeandalucia.es\/plurilinguismocordoba\/webs-y-blogs-de-centros-bilingues-y-plurilingues-informacion-del-programa-bilingue-a-la-comunidad-educativa\/\">Seguir leyendo<\/a><\/p>\n","protected":false},"author":530,"featured_media":0,"parent":0,"menu_order":0,"comment_status":"closed","ping_status":"closed","template":"","meta":{"ngg_post_thumbnail":0,"footnotes":""},"aioseo_notices":[],"post_mailing_queue_ids":[],"_links":{"self":[{"href":"https:\/\/blogsaverroes.juntadeandalucia.es\/plurilinguismocordoba\/wp-json\/wp\/v2\/pages\/322"}],"collection":[{"href":"https:\/\/blogsaverroes.juntadeandalucia.es\/plurilinguismocordoba\/wp-json\/wp\/v2\/pages"}],"about":[{"href":"https:\/\/blogsaverroes.juntadeandalucia.es\/plurilinguismocordoba\/wp-json\/wp\/v2\/types\/page"}],"author":[{"embeddable":true,"href":"https:\/\/blogsaverroes.juntadeandalucia.es\/plurilinguismocordoba\/wp-json\/wp\/v2\/users\/530"}],"replies":[{"embeddable":true,"href":"https:\/\/blogsaverroes.juntadeandalucia.es\/plurilinguismocordoba\/wp-json\/wp\/v2\/comments?post=322"}],"version-history":[{"count":4,"href":"https:\/\/blogsaverroes.juntadeandalucia.es\/plurilinguismocordoba\/wp-json\/wp\/v2\/pages\/322\/revisions"}],"predecessor-version":[{"id":357,"href":"https:\/\/blogsaverroes.juntadeandalucia.es\/plurilinguismocordoba\/wp-json\/wp\/v2\/pages\/322\/revisions\/357"}],"wp:attachment":[{"href":"https:\/\/blogsaverroes.juntadeandalucia.es\/plurilinguismocordoba\/wp-json\/wp\/v2\/media?parent=322"}],"curies":[{"name":"wp","href":"https:\/\/api.w.org\/{rel}","templated":true}]}}

Webs y Blogs de centros bilingües y plurilingües: Información del Programa Bilingüe a la Comunidad Educativa

<p>En este espacio, mostraremos a lo largo del curso escolar 2020-21 los diferentes espacios digitales en los que los centros bilingües y plurilingües de la provincia de Córdoba dan a conocer las actuaciones de su programa bilingüe, incluyendo propuestas didácticas, actividades y recursos online que se puedan compartin en la red de centros de Infantil, Primaria, Secundaria, Bachillerato y Formación Profesional</p>
<p>Estos son sólo ejemplos de otras provincias, y de diferentes etapas, en lso que se pueden apreciar con detalle aspectos organizativos y metodológicos para dar a conocer el proyecto entre los miembros de la comunidad educativa. La buena información es la clave de una buena acogida y la garantía de sostenibilidad del programa.</p>
<p><strong>WEBS DE CENTROS BILINGÜES</strong></p>
<p><a href="https://iesalhambra.es/bilinguismo/">IES ALHAMBRA</a></p>
<p><img fetchpriority="high" decoding="async" class="alignnone wp-image-355" src="https://blogsaverroes.juntadeandalucia.es/plurilinguismocordoba/files/2020/10/GRANADA-300x212.png" alt="" width="454" height="321" srcset="https://blogsaverroes.juntadeandalucia.es/plurilinguismocordoba/files/2020/10/GRANADA-300x212.png 300w, https://blogsaverroes.juntadeandalucia.es/plurilinguismocordoba/files/2020/10/GRANADA-1024x723.png 1024w, https://blogsaverroes.juntadeandalucia.es/plurilinguismocordoba/files/2020/10/GRANADA-768x542.png 768w, https://blogsaverroes.juntadeandalucia.es/plurilinguismocordoba/files/2020/10/GRANADA-1536x1084.png 1536w, https://blogsaverroes.juntadeandalucia.es/plurilinguismocordoba/files/2020/10/GRANADA-24x17.png 24w, https://blogsaverroes.juntadeandalucia.es/plurilinguismocordoba/files/2020/10/GRANADA-36x25.png 36w, https://blogsaverroes.juntadeandalucia.es/plurilinguismocordoba/files/2020/10/GRANADA-48x34.png 48w, https://blogsaverroes.juntadeandalucia.es/plurilinguismocordoba/files/2020/10/GRANADA.png 1634w" sizes="(max-width: 454px) 100vw, 454px" /></p>
<p><strong>BLOGS DE CENTROS BILINGÜES</strong></p>
<p><a href="https://ceipalonsoalcala.wordpress.com/">CEIP ALONSO DE ALCALÁ</a></p>
<p><img decoding="async" class="alignnone wp-image-356" src="https://blogsaverroes.juntadeandalucia.es/plurilinguismocordoba/files/2020/10/ALCALA-300x300.png" alt="" width="453" height="453" srcset="https://blogsaverroes.juntadeandalucia.es/plurilinguismocordoba/files/2020/10/ALCALA-300x300.png 300w, https://blogsaverroes.juntadeandalucia.es/plurilinguismocordoba/files/2020/10/ALCALA-1021x1024.png 1021w, https://blogsaverroes.juntadeandalucia.es/plurilinguismocordoba/files/2020/10/ALCALA-150x150.png 150w, https://blogsaverroes.juntadeandalucia.es/plurilinguismocordoba/files/2020/10/ALCALA-768x770.png 768w, https://blogsaverroes.juntadeandalucia.es/plurilinguismocordoba/files/2020/10/ALCALA-100x100.png 100w, https://blogsaverroes.juntadeandalucia.es/plurilinguismocordoba/files/2020/10/ALCALA-80x80.png 80w, https://blogsaverroes.juntadeandalucia.es/plurilinguismocordoba/files/2020/10/ALCALA-320x320.png 320w, https://blogsaverroes.juntadeandalucia.es/plurilinguismocordoba/files/2020/10/ALCALA-24x24.png 24w, https://blogsaverroes.juntadeandalucia.es/plurilinguismocordoba/files/2020/10/ALCALA-36x36.png 36w, https://blogsaverroes.juntadeandalucia.es/plurilinguismocordoba/files/2020/10/ALCALA-48x48.png 48w, https://blogsaverroes.juntadeandalucia.es/plurilinguismocordoba/files/2020/10/ALCALA.png 1271w" sizes="(max-width: 453px) 100vw, 453px" /></p>
<p>&nbsp;</p>

<p>En este espacio, mostraremos a lo largo del curso escolar 2020-21 los diferentes espacios digitales en los que los centros bilingües y plurilingües de la provincia de Córdoba dan a conocer las actuaciones de su programa bilingüe, incluyendo propuestas didácticas, actividades y recursos online que se puedan compartin en la red de centros de Infantil, &hellip; </p>
<p><a class="more-link btn" href="https://blogsaverroes.juntadeandalucia.es/plurilinguismocordoba/webs-y-blogs-de-centros-bilingues-y-plurilingues-informacion-del-programa-bilingue-a-la-comunidad-educativa/">Seguir leyendo</a></p>
