{"id":1014,"date":"2021-07-13T12:52:06","date_gmt":"2021-07-13T10:52:06","guid":{"rendered":"https:\/\/blogsaverroes.juntadeandalucia.es\/plurilinguismodelegacioncadiz\/?page_id=1014"},"modified":"2021-09-07T19:13:52","modified_gmt":"2021-09-07T17:13:52","slug":"2021-2022","status":"publish","type":"page","link":"https:\/\/blogsaverroes.juntadeandalucia.es\/plurilinguismodelegacioncadiz\/2021-2022\/","title":{"rendered":"2021\/22"},"content":{"rendered":"<p><span style=\"color: #000000\"><strong><span style=\"font-size: 14pt\">AUXILIARES DE CONVERSACI\u00d3N<\/span><\/strong><\/span><\/p>\n<p><span style=\"color: #000000\"><a style=\"color: #000000\" href=\"https:\/\/blogsaverroes.juntadeandalucia.es\/plurilinguismodelegacioncadiz\/files\/2021\/09\/Instrucciones-de-Auxiliares-de-Conversaci\u00f3n-Curso-2021_2022F.pdf\"><strong>Instrucci\u00f3n 15\/2021 de 7 de septiembre<\/strong>,<\/a> de la Direcci\u00f3n General de Ordenaci\u00f3n y Evaluaci\u00f3n Educativa sobre auxiliares de conversaci\u00f3n para el curso escolar 2021\/22.<\/span><\/p>\n<p>&nbsp;<\/p>\n<p><span style=\"color: #000000;font-size: 14pt\"><strong>ENSE\u00d1ANZA BILING\u00dcE<\/strong><\/span><\/p>\n<p><span style=\"color: #000000\"><a style=\"color: #000000\" href=\"https:\/\/blogsaverroes.juntadeandalucia.es\/plurilinguismodelegacioncadiz\/files\/2021\/07\/Instrucci\u00f3n-12_2021-ense\u00f1anza-biling\u00fceF.pdf\"><strong>Instrucci\u00f3n 12\/2021 de 15 de julio,<\/strong> <\/a>&nbsp;de la Direcci\u00f3n General de Ordenaci\u00f3n y Evaluaci\u00f3n Educativa, sobre la Organizaci\u00f3n y Funcionamiento de la ense\u00f1anza biling\u00fce en los centros andaluces para el curso 2021\/22.<\/span><\/p>\n<p><span style=\"color: #000000\"><a style=\"color: #000000\" href=\"https:\/\/blogsaverroes.juntadeandalucia.es\/plurilinguismodelegacioncadiz\/files\/2021\/07\/Instrucci\u00f3n-12\uf0222021_Ense\u00f1anza_Biling\u00fce_.pdf\"><em>Presentaci\u00f3n.<\/em><\/a><\/span><\/p>\n<p>&nbsp;<\/p>\n<p><span style=\"font-size: 14pt\"><strong><span style=\"color: #000000\">AULA CONFUCIO<\/span><\/strong><\/span><\/p>\n<p><span style=\"color: #000000\"><strong><a style=\"color: #000000\" href=\"https:\/\/blogsaverroes.juntadeandalucia.es\/plurilinguismodelegacioncadiz\/files\/2021\/07\/INSTRUCCI\u00d3N-10_2021-DE-14-DE-JUNIO-PARA-EL-DESARROLLO-DEL-PROGRAMA-DE-AULAS-CONFUCIO-_21_22F.pdf\">Instrucci\u00f3n 10\/2021 de 14 de junio<\/a> <\/strong>de la Direcci\u00f3n General de Ordenaci\u00f3n y Evaluaci\u00f3n Educativa para el desarrollo del Programa de Aulas Confucio de ense\u00f1anza de la lengua, el arte y la cultura chinas en centros docentes p\u00fablicos andaluces de educaci\u00f3n primaria y secundaria para el curso 2021\/22.<\/span><\/p>\n<p>&nbsp;<\/p>\n<p><span style=\"color: #000000\"><strong><span style=\"font-size: 14pt\">BACHILLERATO INTERNACIONAL<\/span><\/strong><\/span><\/p>\n<p><span style=\"color: #000000\"><a style=\"color: #000000\" href=\"https:\/\/blogsaverroes.juntadeandalucia.es\/plurilinguismodelegacioncadiz\/files\/2021\/07\/Bach_Internacional_Instrucciones21_22.pdf\"><strong>Resoluci\u00f3n de 29 de enero de 2021<\/strong>,<\/a> conjunta de la Direcci\u00f3n General de Ordenaci\u00f3n y Evaluaci\u00f3n Educativa y de la Direcci\u00f3n General de Planificaci\u00f3n y Centros, por la que se dictan instrucciones para regular la compatibilidad de las ense\u00f1anzas de Bachillerato y el Programa del Diploma del Bachillerato Internacional en centros docentes de titularidad p\u00fablica en Andaluc\u00eda para el curso 2021\/2022.<\/span><\/p>\n<p>&nbsp;<\/p>\n<p>&nbsp;<\/p>\n<p>&nbsp;<\/p>\n","protected":false},"excerpt":{"rendered":"<p>AUXILIARES DE CONVERSACI\u00d3N Instrucci\u00f3n 15\/2021 de 7 de septiembre, de la Direcci\u00f3n General de Ordenaci\u00f3n y Evaluaci\u00f3n Educativa sobre auxiliares&#46;&#46;&#46;<\/p>\n","protected":false},"author":7804,"featured_media":0,"parent":0,"menu_order":0,"comment_status":"closed","ping_status":"closed","template":"","meta":{"ngg_post_thumbnail":0,"footnotes":""},"aioseo_notices":[],"_links":{"self":[{"href":"https:\/\/blogsaverroes.juntadeandalucia.es\/plurilinguismodelegacioncadiz\/wp-json\/wp\/v2\/pages\/1014"}],"collection":[{"href":"https:\/\/blogsaverroes.juntadeandalucia.es\/plurilinguismodelegacioncadiz\/wp-json\/wp\/v2\/pages"}],"about":[{"href":"https:\/\/blogsaverroes.juntadeandalucia.es\/plurilinguismodelegacioncadiz\/wp-json\/wp\/v2\/types\/page"}],"author":[{"embeddable":true,"href":"https:\/\/blogsaverroes.juntadeandalucia.es\/plurilinguismodelegacioncadiz\/wp-json\/wp\/v2\/users\/7804"}],"replies":[{"embeddable":true,"href":"https:\/\/blogsaverroes.juntadeandalucia.es\/plurilinguismodelegacioncadiz\/wp-json\/wp\/v2\/comments?post=1014"}],"version-history":[{"count":12,"href":"https:\/\/blogsaverroes.juntadeandalucia.es\/plurilinguismodelegacioncadiz\/wp-json\/wp\/v2\/pages\/1014\/revisions"}],"predecessor-version":[{"id":1140,"href":"https:\/\/blogsaverroes.juntadeandalucia.es\/plurilinguismodelegacioncadiz\/wp-json\/wp\/v2\/pages\/1014\/revisions\/1140"}],"wp:attachment":[{"href":"https:\/\/blogsaverroes.juntadeandalucia.es\/plurilinguismodelegacioncadiz\/wp-json\/wp\/v2\/media?parent=1014"}],"curies":[{"name":"wp","href":"https:\/\/api.w.org\/{rel}","templated":true}]}}

<p><span style="color: #000000"><strong><span style="font-size: 14pt">AUXILIARES DE CONVERSACIÓN</span></strong></span></p>
<p><span style="color: #000000"><a style="color: #000000" href="https://blogsaverroes.juntadeandalucia.es/plurilinguismodelegacioncadiz/files/2021/09/Instrucciones-de-Auxiliares-de-Conversación-Curso-2021_2022F.pdf"><strong>Instrucción 15/2021 de 7 de septiembre</strong>,</a> de la Dirección General de Ordenación y Evaluación Educativa sobre auxiliares de conversación para el curso escolar 2021/22.</span></p>
<p>&nbsp;</p>
<p><span style="color: #000000;font-size: 14pt"><strong>ENSEÑANZA BILINGÜE</strong></span></p>
<p><span style="color: #000000"><a style="color: #000000" href="https://blogsaverroes.juntadeandalucia.es/plurilinguismodelegacioncadiz/files/2021/07/Instrucción-12_2021-enseñanza-bilingüeF.pdf"><strong>Instrucción 12/2021 de 15 de julio,</strong> </a>&nbsp;de la Dirección General de Ordenación y Evaluación Educativa, sobre la Organización y Funcionamiento de la enseñanza bilingüe en los centros andaluces para el curso 2021/22.</span></p>
<p><span style="color: #000000"><a style="color: #000000" href="https://blogsaverroes.juntadeandalucia.es/plurilinguismodelegacioncadiz/files/2021/07/Instrucción-122021_Enseñanza_Bilingüe_.pdf"><em>Presentación.</em></a></span></p>
<p>&nbsp;</p>
<p><span style="font-size: 14pt"><strong><span style="color: #000000">AULA CONFUCIO</span></strong></span></p>
<p><span style="color: #000000"><strong><a style="color: #000000" href="https://blogsaverroes.juntadeandalucia.es/plurilinguismodelegacioncadiz/files/2021/07/INSTRUCCIÓN-10_2021-DE-14-DE-JUNIO-PARA-EL-DESARROLLO-DEL-PROGRAMA-DE-AULAS-CONFUCIO-_21_22F.pdf">Instrucción 10/2021 de 14 de junio</a> </strong>de la Dirección General de Ordenación y Evaluación Educativa para el desarrollo del Programa de Aulas Confucio de enseñanza de la lengua, el arte y la cultura chinas en centros docentes públicos andaluces de educación primaria y secundaria para el curso 2021/22.</span></p>
<p>&nbsp;</p>
<p><span style="color: #000000"><strong><span style="font-size: 14pt">BACHILLERATO INTERNACIONAL</span></strong></span></p>
<p><span style="color: #000000"><a style="color: #000000" href="https://blogsaverroes.juntadeandalucia.es/plurilinguismodelegacioncadiz/files/2021/07/Bach_Internacional_Instrucciones21_22.pdf"><strong>Resolución de 29 de enero de 2021</strong>,</a> conjunta de la Dirección General de Ordenación y Evaluación Educativa y de la Dirección General de Planificación y Centros, por la que se dictan instrucciones para regular la compatibilidad de las enseñanzas de Bachillerato y el Programa del Diploma del Bachillerato Internacional en centros docentes de titularidad pública en Andalucía para el curso 2021/2022.</span></p>
<p>&nbsp;</p>
<p>&nbsp;</p>
<p>&nbsp;</p>

<p>AUXILIARES DE CONVERSACIÓN Instrucción 15/2021 de 7 de septiembre, de la Dirección General de Ordenación y Evaluación Educativa sobre auxiliares&#46;&#46;&#46;</p>
