{"id":1478,"date":"2022-05-20T11:23:30","date_gmt":"2022-05-20T09:23:30","guid":{"rendered":"https:\/\/blogsaverroes.juntadeandalucia.es\/plurilinguismodelegacioncadiz\/?page_id=1478"},"modified":"2023-11-10T13:16:18","modified_gmt":"2023-11-10T12:16:18","slug":"coordinacion-bilingue","status":"publish","type":"page","link":"https:\/\/blogsaverroes.juntadeandalucia.es\/plurilinguismodelegacioncadiz\/coordinacion-bilingue\/","title":{"rendered":"Coordinaci\u00f3n biling\u00fce"},"content":{"rendered":"<p><strong>NUEVAS L\u00cdENAS BILING\u00dcES\/ NUEVAS ETAPAS EDUCATIVAS\/ PLURILING\u00dcISMO<\/strong><\/p>\n<p>El m\u00f3dulo para solicitar <b>Ampliaci\u00f3n de l\u00edneas biling\u00fces, Nuevas Etapas Educativas Biling\u00fces o Pluriling\u00fcismo, est\u00e1 habilitado en S\u00e9neca. Ten\u00e9is que rellenar el Informe de viabilidad que se encuentra en:<br \/>\n<\/b><\/p>\n<p><b>Documentos que se pueden pedir\/Centro\/Planes y&nbsp; proyectos educativos\/Programa de Centro biling\u00fce\/ y eleg\u00eds el Informe que necesit\u00e9is: Informe de viabilidad de ESO, Informe de viabilidad de&#8230;.<\/b><\/p>\n<p>Una vez relleno ten\u00e9is que subirlo a S\u00e9neca en la siguiente<b> RUTA&nbsp; (firmado digitalmente por el director):<br \/>\n<\/b><\/p>\n<p><b>Ruta: Centro\/Planes y proyectos educativos\/Programa de centro Biling\u00fce (en el desplegable: Datos asociados\/ solicitud de nuevas etapas \/solicitud de Ampliaci\u00f3n de l\u00edneas)<\/b><\/p>\n<p>Una vez subida a S\u00e9neca enviadla a la Delegaci\u00f3n Territorial de C\u00e1diz por ventanilla electr\u00f3nica y enviadla tambi\u00e9n a:<\/p>\n<p><span style=\"font-family: Noto Sans HK\"><span style=\"color: #000080\"><span lang=\"zxx\"><span style=\"font-size: xx-small\">&nbsp; <\/span><\/span><\/span><span style=\"color: #000080;font-size: 14pt\"><span lang=\"zxx\"><a class=\"moz-txt-link-abbreviated\" href=\"mailto:plurilinguismo.dpca.ced@juntadeandalucia.es\">plurilinguismo.dpca.ced@juntadeandalucia.es<\/a><\/span><\/span><\/span><\/p>\n<p>&nbsp;<\/p>\n<p><strong>INICIATIVA IES MEDITERR\u00c1NEO<\/strong><\/p>\n<p>Nuestro compa\u00f1ero Daniel Antequera coordinador del IES MEDITERR\u00c1NEO de La L\u00ednea de la Concepci\u00f3n ha organizado para finales de este mes de noviembre una sesi\u00f3n de lectura con el alumnado, en la que participan varios centros de la zona. \u00a1\u00a1Bravo por la iniciativa!!&nbsp;<\/p>\n<p>No dud\u00e9is en comentarme cualquier iniciativa que teng\u00e1is para que todos estemos al tanto de el buen trabajo y las buenas pr\u00e1cticas que todos\/as practicamos en nuestros centros de la provincia.<\/p>\n<p><a href=\"https:\/\/blogsaverroes.juntadeandalucia.es\/plurilinguismodelegacioncadiz\/files\/2023\/11\/public-reading.png\"><img loading=\"lazy\" decoding=\"async\" class=\"alignnone size-thumbnail wp-image-1933\" src=\"https:\/\/blogsaverroes.juntadeandalucia.es\/plurilinguismodelegacioncadiz\/files\/2023\/11\/public-reading-150x150.png\" alt=\"\" width=\"150\" height=\"150\" srcset=\"https:\/\/blogsaverroes.juntadeandalucia.es\/plurilinguismodelegacioncadiz\/files\/2023\/11\/public-reading-150x150.png 150w, https:\/\/blogsaverroes.juntadeandalucia.es\/plurilinguismodelegacioncadiz\/files\/2023\/11\/public-reading-80x80.png 80w, https:\/\/blogsaverroes.juntadeandalucia.es\/plurilinguismodelegacioncadiz\/files\/2023\/11\/public-reading-320x320.png 320w\" sizes=\"(max-width: 150px) 100vw, 150px\" \/><\/a><\/p>\n<p><strong>PR\u00c1CTICAS ALUMNADO UNIVERSITARIO EXTRANJERO EN CENTROS BILING\u00dcES<\/strong><\/p>\n<p>Los centros biling\u00fces pueden disfrutar de alumnado universitario extranjero en pr\u00e1cticas sin necesidad de un convenio con la Universidad. Es posible cuando el centro andaluz se ofrece como centro de acogida. En el siguiente documento ten\u00e9is la informaci\u00f3n detallada.&nbsp;<\/p>\n<p><a href=\"https:\/\/blogsaverroes.juntadeandalucia.es\/plurilinguismodelegacioncadiz\/files\/2023\/11\/Practicas-aldo-univ-extranjero-en-centros-bilingues.pdf\">Practicas aldo univ extranjero en centros bilingues<\/a><\/p>\n<p>Para registraros como centro de acogida de este tipo de alumnado universitario en pr\u00e1cticas , ten\u00e9is que acceder a la siguiente plataforma<\/p>\n<p><a href=\"https:\/\/erasmusintern.org\/\">\u2297ERASMUS INTERN<\/a><\/p>\n<p><strong>2 de NOVIEMBRE de 2023. EVENTOS E-TWINNING<\/strong><\/p>\n<p>Os paso el correo que nos ha llegado para todos los que est\u00e9is interesados en las actividades eTwinning que en las reuniones me hab\u00e9is preguntado. La asistencia es libre.<\/p>\n<p>Dentro de las actividades de los <strong>Grupos eTwinning<\/strong> se van a celebrar los siguientes eventos online la pr\u00f3xima semana:<\/p>\n<ul>\n<li><strong> &#8211; <\/strong><strong>Pr\u00e1cticas sostenibles en \u00e1reas remotas. Creando comunidad <\/strong><\/li>\n<\/ul>\n<p>Fecha y hora: 7 Noviembre 2023 &#8211; 18:00h<\/p>\n<p>Link: <a href=\"https:\/\/join.skype.com\/CcBEVgOYqwio\">https:\/\/join.skype.com\/CcBEVgOYqwio<\/a><\/p>\n<p>Ponentes: Javier Ramos&nbsp; (Colegio San Gregorio, CYL) y Helena Valencia (IES Gallicum, ARAG\u00d3N)<\/p>\n<ul>\n<li>&#8211; <strong>Mesa Redonda STEAM\/ eTwinning Schools<\/strong><\/li>\n<\/ul>\n<p>&nbsp;&nbsp;&nbsp;&nbsp;&nbsp;&nbsp;&nbsp;&nbsp;&nbsp;&nbsp; Fecha y hora: 8 de Noviembre 2023 &#8211; 17:30 h<\/p>\n<p>Link: <a href=\"https:\/\/join.skype.com\/IP8NRZjyZ4YY\">https:\/\/join.skype.com\/IP8NRZjyZ4YY<\/a><\/p>\n<p>Ponentes: Mar\u00eda Jes\u00fas Campos (IES Parque Lisboa, MADRID), Neli Hern\u00e1ndez (IES Las Maretas, CANARIAS) y&nbsp; Clara Elizabeth Baez (ITE &nbsp;Raffaele Piria &#8211; Ferraris\/Da Empoli)<\/p>\n<ul>\n<li><strong>&#8211; Mesa Redonda <\/strong><strong>EOI\/FP: Sinergias en proyectos eTwinning<\/strong><\/li>\n<\/ul>\n<p>&nbsp;&nbsp;&nbsp;&nbsp;&nbsp;&nbsp;&nbsp;&nbsp; Fecha y hora: 10 Noviembre 2023 &#8211; 12:15 h<\/p>\n<p>&nbsp;&nbsp;&nbsp;&nbsp;&nbsp;&nbsp;&nbsp;&nbsp;&nbsp;&nbsp; Link: <a href=\"https:\/\/join.skype.com\/EGt3VoH95oiA\">https:\/\/join.skype.com\/EGt3VoH95oiA<\/a><\/p>\n<p>&nbsp;&nbsp;&nbsp;&nbsp;&nbsp;&nbsp;&nbsp;&nbsp;&nbsp; Ponentes: Patricia Conde (EOI \/GALICIA), M\u00aa Isabel P\u00e9rez, (IES Ba\u00f1aderos\/CANARIAS)&nbsp;<\/p>\n<p><strong>\u00daLTIMA SEMANA DE OCTUBRE DE 2023. REUNIONES DE COORDINACI\u00d3N<\/strong><\/p>\n<p>Aqu\u00ed ten\u00e9is la informaci\u00f3n que se facilit\u00f3 en la reuni\u00f3n celebrada con los coordinadores biling\u00fces de los centros de la provincia, la semana pasada.<\/p>\n<p><a href=\"https:\/\/blogsaverroes.juntadeandalucia.es\/plurilinguismodelegacioncadiz\/files\/2023\/10\/COORDINACI\u00d3N-BILING\u00dcE.-REUNI\u00d3N-OCTUBRE-2023.pdf\">COORDINACI\u00d3N BILING\u00dcE. REUNI\u00d3N OCTUBRE 2023<\/a><\/p>\n<p>Os dejo tambi\u00e9n la ficha de los centros por si alguien no la tiene.<\/p>\n<p><a href=\"https:\/\/blogsaverroes.juntadeandalucia.es\/plurilinguismodelegacioncadiz\/files\/2023\/10\/FICHA-INFORMATIVA-PARA-CENTROS-PRINCIPIO-DE-CURSO.pdf\">FICHA INFORMATIVA PARA CENTROS PRINCIPIO DE CURSO<\/a><\/p>\n<p>Os dejo tambi\u00e9n las Instrucciones de Auxiliares de Conversaci\u00f3n y unas Instrucciones Complementarias que acaban de salir hoy<\/p>\n<p><a href=\"https:\/\/blogsaverroes.juntadeandalucia.es\/plurilinguismodelegacioncadiz\/files\/2023\/09\/Instrucciones-de-29-de-agosto-sobre-Auxiliares-de-Conversaci\u00f3n-Curso-2023_2024F.pdf\">Instrucciones de 29 de agosto sobre Auxiliares de Conversaci\u00f3n Curso 2023_2024(F)<\/a><\/p>\n<p><a href=\"https:\/\/blogsaverroes.juntadeandalucia.es\/plurilinguismodelegacioncadiz\/files\/2023\/10\/271023_Instrucciones_Complementarias_Auxiliares_ConversacionF.pdf\">271023_Instrucciones_Complementarias_Auxiliares_Conversacion(F)<\/a><\/p>\n<p>Cronograma de Auxiliares de Conversaci\u00f3n<\/p>\n<p><a href=\"https:\/\/blogsaverroes.juntadeandalucia.es\/plurilinguismodelegacioncadiz\/files\/2023\/10\/2023-2024_cronograma_AUXILIARES-1.pdf\">2023 2024_cronograma_AUXILIARES<\/a><\/p>\n<p>&nbsp;<\/p>\n<p>&nbsp;<\/p>\n<p><span style=\"color: #000000\"><a style=\"color: #000000\" href=\"https:\/\/blogsaverroes.juntadeandalucia.es\/plurilinguismodelegacioncadiz\/files\/2022\/05\/Final-Programa-biling\u00fce-2.pdf\">Programa biling\u00fce: antes 30 junio<\/a><\/span><\/p>\n<p><span style=\"color: #000000\"><a style=\"color: #000000\" href=\"https:\/\/blogsaverroes.juntadeandalucia.es\/plurilinguismodelegacioncadiz\/files\/2022\/05\/CalendarioEfem\u00e9rides__.pdf\">Calendario Efem\u00e9rides 22\/23<\/a><\/span><\/p>\n<p><span style=\"color: #000000\"><a style=\"color: #000000\" href=\"https:\/\/blogsaverroes.juntadeandalucia.es\/plurilinguismodelegacioncadiz\/files\/2022\/05\/Cronograma_Coordinaci\u00f3nBiling\u00fce.pdf\">Cronograma Coordinaci\u00f3n Biling\u00fce 22\/23<\/a><\/span><\/p>\n<p><span style=\"color: #000000\"><a style=\"color: #000000\" href=\"https:\/\/blogsaverroes.juntadeandalucia.es\/plurilinguismodelegacioncadiz\/files\/2022\/05\/CALENDARIO-ESCOLAR-2022_2023.pdf\">Calendario escolar 2022\/23<\/a><\/span><\/p>\n<p><a href=\"https:\/\/blogsaverroes.juntadeandalucia.es\/plurilinguismodelegacioncadiz\/files\/2022\/05\/1.png\"><img loading=\"lazy\" decoding=\"async\" class=\"alignnone size-thumbnail wp-image-1523\" src=\"https:\/\/blogsaverroes.juntadeandalucia.es\/plurilinguismodelegacioncadiz\/files\/2022\/05\/1-150x150.png\" alt=\"\" width=\"150\" height=\"150\" srcset=\"https:\/\/blogsaverroes.juntadeandalucia.es\/plurilinguismodelegacioncadiz\/files\/2022\/05\/1-150x150.png 150w, https:\/\/blogsaverroes.juntadeandalucia.es\/plurilinguismodelegacioncadiz\/files\/2022\/05\/1-80x80.png 80w, https:\/\/blogsaverroes.juntadeandalucia.es\/plurilinguismodelegacioncadiz\/files\/2022\/05\/1-320x320.png 320w\" sizes=\"(max-width: 150px) 100vw, 150px\" \/><\/a><\/p>\n<p><a href=\"https:\/\/blogsaverroes.juntadeandalucia.es\/plurilinguismodelegacioncadiz\/files\/2022\/05\/2.png\"><img loading=\"lazy\" decoding=\"async\" class=\"alignnone size-thumbnail wp-image-1524\" src=\"https:\/\/blogsaverroes.juntadeandalucia.es\/plurilinguismodelegacioncadiz\/files\/2022\/05\/2-150x150.png\" alt=\"\" width=\"150\" height=\"150\" srcset=\"https:\/\/blogsaverroes.juntadeandalucia.es\/plurilinguismodelegacioncadiz\/files\/2022\/05\/2-150x150.png 150w, https:\/\/blogsaverroes.juntadeandalucia.es\/plurilinguismodelegacioncadiz\/files\/2022\/05\/2-80x80.png 80w, https:\/\/blogsaverroes.juntadeandalucia.es\/plurilinguismodelegacioncadiz\/files\/2022\/05\/2-320x320.png 320w\" sizes=\"(max-width: 150px) 100vw, 150px\" \/><\/a><\/p>\n<p><a href=\"https:\/\/blogsaverroes.juntadeandalucia.es\/plurilinguismodelegacioncadiz\/files\/2022\/05\/OfertaFormativaProfesoradoBiling\u00fce.png\"><img loading=\"lazy\" decoding=\"async\" class=\"alignnone size-thumbnail wp-image-1481\" src=\"https:\/\/blogsaverroes.juntadeandalucia.es\/plurilinguismodelegacioncadiz\/files\/2022\/05\/OfertaFormativaProfesoradoBiling\u00fce-150x150.png\" alt=\"\" width=\"150\" height=\"150\" srcset=\"https:\/\/blogsaverroes.juntadeandalucia.es\/plurilinguismodelegacioncadiz\/files\/2022\/05\/OfertaFormativaProfesoradoBiling\u00fce-150x150.png 150w, https:\/\/blogsaverroes.juntadeandalucia.es\/plurilinguismodelegacioncadiz\/files\/2022\/05\/OfertaFormativaProfesoradoBiling\u00fce-80x80.png 80w, https:\/\/blogsaverroes.juntadeandalucia.es\/plurilinguismodelegacioncadiz\/files\/2022\/05\/OfertaFormativaProfesoradoBiling\u00fce-320x320.png 320w\" sizes=\"(max-width: 150px) 100vw, 150px\" \/><\/a><\/p>\n","protected":false},"excerpt":{"rendered":"<p>NUEVAS L\u00cdENAS BILING\u00dcES\/ NUEVAS ETAPAS EDUCATIVAS\/ PLURILING\u00dcISMO El m\u00f3dulo para solicitar Ampliaci\u00f3n de l\u00edneas biling\u00fces, Nuevas Etapas Educativas Biling\u00fces o&#46;&#46;&#46;<\/p>\n","protected":false},"author":7804,"featured_media":0,"parent":0,"menu_order":0,"comment_status":"closed","ping_status":"closed","template":"","meta":{"ngg_post_thumbnail":0,"footnotes":""},"aioseo_notices":[],"_links":{"self":[{"href":"https:\/\/blogsaverroes.juntadeandalucia.es\/plurilinguismodelegacioncadiz\/wp-json\/wp\/v2\/pages\/1478"}],"collection":[{"href":"https:\/\/blogsaverroes.juntadeandalucia.es\/plurilinguismodelegacioncadiz\/wp-json\/wp\/v2\/pages"}],"about":[{"href":"https:\/\/blogsaverroes.juntadeandalucia.es\/plurilinguismodelegacioncadiz\/wp-json\/wp\/v2\/types\/page"}],"author":[{"embeddable":true,"href":"https:\/\/blogsaverroes.juntadeandalucia.es\/plurilinguismodelegacioncadiz\/wp-json\/wp\/v2\/users\/7804"}],"replies":[{"embeddable":true,"href":"https:\/\/blogsaverroes.juntadeandalucia.es\/plurilinguismodelegacioncadiz\/wp-json\/wp\/v2\/comments?post=1478"}],"version-history":[{"count":15,"href":"https:\/\/blogsaverroes.juntadeandalucia.es\/plurilinguismodelegacioncadiz\/wp-json\/wp\/v2\/pages\/1478\/revisions"}],"predecessor-version":[{"id":1943,"href":"https:\/\/blogsaverroes.juntadeandalucia.es\/plurilinguismodelegacioncadiz\/wp-json\/wp\/v2\/pages\/1478\/revisions\/1943"}],"wp:attachment":[{"href":"https:\/\/blogsaverroes.juntadeandalucia.es\/plurilinguismodelegacioncadiz\/wp-json\/wp\/v2\/media?parent=1478"}],"curies":[{"name":"wp","href":"https:\/\/api.w.org\/{rel}","templated":true}]}}

Coordinación bilingüe

<p><strong>NUEVAS LÍENAS BILINGÜES/ NUEVAS ETAPAS EDUCATIVAS/ PLURILINGÜISMO</strong></p>
<p>El módulo para solicitar <b>Ampliación de líneas bilingües, Nuevas Etapas Educativas Bilingües o Plurilingüismo, está habilitado en Séneca. Tenéis que rellenar el Informe de viabilidad que se encuentra en:<br />
</b></p>
<p><b>Documentos que se pueden pedir/Centro/Planes y&nbsp; proyectos educativos/Programa de Centro bilingüe/ y elegís el Informe que necesitéis: Informe de viabilidad de ESO, Informe de viabilidad de&#8230;.</b></p>
<p>Una vez relleno tenéis que subirlo a Séneca en la siguiente<b> RUTA&nbsp; (firmado digitalmente por el director):<br />
</b></p>
<p><b>Ruta: Centro/Planes y proyectos educativos/Programa de centro Bilingüe (en el desplegable: Datos asociados/ solicitud de nuevas etapas /solicitud de Ampliación de líneas)</b></p>
<p>Una vez subida a Séneca enviadla a la Delegación Territorial de Cádiz por ventanilla electrónica y enviadla también a:</p>
<p><span style="font-family: Noto Sans HK"><span style="color: #000080"><span lang="zxx"><span style="font-size: xx-small">&nbsp; </span></span></span><span style="color: #000080;font-size: 14pt"><span lang="zxx"><a class="moz-txt-link-abbreviated" href="mailto:plurilinguismo.dpca.ced@juntadeandalucia.es">plurilinguismo.dpca.ced@juntadeandalucia.es</a></span></span></span></p>
<p>&nbsp;</p>
<p><strong>INICIATIVA IES MEDITERRÁNEO</strong></p>
<p>Nuestro compañero Daniel Antequera coordinador del IES MEDITERRÁNEO de La Línea de la Concepción ha organizado para finales de este mes de noviembre una sesión de lectura con el alumnado, en la que participan varios centros de la zona. ¡¡Bravo por la iniciativa!!&nbsp;</p>
<p>No dudéis en comentarme cualquier iniciativa que tengáis para que todos estemos al tanto de el buen trabajo y las buenas prácticas que todos/as practicamos en nuestros centros de la provincia.</p>
<p><a href="https://blogsaverroes.juntadeandalucia.es/plurilinguismodelegacioncadiz/files/2023/11/public-reading.png"><img loading="lazy" decoding="async" class="alignnone size-thumbnail wp-image-1933" src="https://blogsaverroes.juntadeandalucia.es/plurilinguismodelegacioncadiz/files/2023/11/public-reading-150x150.png" alt="" width="150" height="150" srcset="https://blogsaverroes.juntadeandalucia.es/plurilinguismodelegacioncadiz/files/2023/11/public-reading-150x150.png 150w, https://blogsaverroes.juntadeandalucia.es/plurilinguismodelegacioncadiz/files/2023/11/public-reading-80x80.png 80w, https://blogsaverroes.juntadeandalucia.es/plurilinguismodelegacioncadiz/files/2023/11/public-reading-320x320.png 320w" sizes="(max-width: 150px) 100vw, 150px" /></a></p>
<p><strong>PRÁCTICAS ALUMNADO UNIVERSITARIO EXTRANJERO EN CENTROS BILINGÜES</strong></p>
<p>Los centros bilingües pueden disfrutar de alumnado universitario extranjero en prácticas sin necesidad de un convenio con la Universidad. Es posible cuando el centro andaluz se ofrece como centro de acogida. En el siguiente documento tenéis la información detallada.&nbsp;</p>
<p><a href="https://blogsaverroes.juntadeandalucia.es/plurilinguismodelegacioncadiz/files/2023/11/Practicas-aldo-univ-extranjero-en-centros-bilingues.pdf">Practicas aldo univ extranjero en centros bilingues</a></p>
<p>Para registraros como centro de acogida de este tipo de alumnado universitario en prácticas , tenéis que acceder a la siguiente plataforma</p>
<p><a href="https://erasmusintern.org/">⊗ERASMUS INTERN</a></p>
<p><strong>2 de NOVIEMBRE de 2023. EVENTOS E-TWINNING</strong></p>
<p>Os paso el correo que nos ha llegado para todos los que estéis interesados en las actividades eTwinning que en las reuniones me habéis preguntado. La asistencia es libre.</p>
<p>Dentro de las actividades de los <strong>Grupos eTwinning</strong> se van a celebrar los siguientes eventos online la próxima semana:</p>
<ul>
<li><strong> &#8211; </strong><strong>Prácticas sostenibles en áreas remotas. Creando comunidad </strong></li>
</ul>
<p>Fecha y hora: 7 Noviembre 2023 &#8211; 18:00h</p>
<p>Link: <a href="https://join.skype.com/CcBEVgOYqwio">https://join.skype.com/CcBEVgOYqwio</a></p>
<p>Ponentes: Javier Ramos&nbsp; (Colegio San Gregorio, CYL) y Helena Valencia (IES Gallicum, ARAGÓN)</p>
<ul>
<li>&#8211; <strong>Mesa Redonda STEAM/ eTwinning Schools</strong></li>
</ul>
<p>&nbsp;&nbsp;&nbsp;&nbsp;&nbsp;&nbsp;&nbsp;&nbsp;&nbsp;&nbsp; Fecha y hora: 8 de Noviembre 2023 &#8211; 17:30 h</p>
<p>Link: <a href="https://join.skype.com/IP8NRZjyZ4YY">https://join.skype.com/IP8NRZjyZ4YY</a></p>
<p>Ponentes: María Jesús Campos (IES Parque Lisboa, MADRID), Neli Hernández (IES Las Maretas, CANARIAS) y&nbsp; Clara Elizabeth Baez (ITE &nbsp;Raffaele Piria &#8211; Ferraris/Da Empoli)</p>
<ul>
<li><strong>&#8211; Mesa Redonda </strong><strong>EOI/FP: Sinergias en proyectos eTwinning</strong></li>
</ul>
<p>&nbsp;&nbsp;&nbsp;&nbsp;&nbsp;&nbsp;&nbsp;&nbsp; Fecha y hora: 10 Noviembre 2023 &#8211; 12:15 h</p>
<p>&nbsp;&nbsp;&nbsp;&nbsp;&nbsp;&nbsp;&nbsp;&nbsp;&nbsp;&nbsp; Link: <a href="https://join.skype.com/EGt3VoH95oiA">https://join.skype.com/EGt3VoH95oiA</a></p>
<p>&nbsp;&nbsp;&nbsp;&nbsp;&nbsp;&nbsp;&nbsp;&nbsp;&nbsp; Ponentes: Patricia Conde (EOI /GALICIA), Mª Isabel Pérez, (IES Bañaderos/CANARIAS)&nbsp;</p>
<p><strong>ÚLTIMA SEMANA DE OCTUBRE DE 2023. REUNIONES DE COORDINACIÓN</strong></p>
<p>Aquí tenéis la información que se facilitó en la reunión celebrada con los coordinadores bilingües de los centros de la provincia, la semana pasada.</p>
<p><a href="https://blogsaverroes.juntadeandalucia.es/plurilinguismodelegacioncadiz/files/2023/10/COORDINACIÓN-BILINGÜE.-REUNIÓN-OCTUBRE-2023.pdf">COORDINACIÓN BILINGÜE. REUNIÓN OCTUBRE 2023</a></p>
<p>Os dejo también la ficha de los centros por si alguien no la tiene.</p>
<p><a href="https://blogsaverroes.juntadeandalucia.es/plurilinguismodelegacioncadiz/files/2023/10/FICHA-INFORMATIVA-PARA-CENTROS-PRINCIPIO-DE-CURSO.pdf">FICHA INFORMATIVA PARA CENTROS PRINCIPIO DE CURSO</a></p>
<p>Os dejo también las Instrucciones de Auxiliares de Conversación y unas Instrucciones Complementarias que acaban de salir hoy</p>
<p><a href="https://blogsaverroes.juntadeandalucia.es/plurilinguismodelegacioncadiz/files/2023/09/Instrucciones-de-29-de-agosto-sobre-Auxiliares-de-Conversación-Curso-2023_2024F.pdf">Instrucciones de 29 de agosto sobre Auxiliares de Conversación Curso 2023_2024(F)</a></p>
<p><a href="https://blogsaverroes.juntadeandalucia.es/plurilinguismodelegacioncadiz/files/2023/10/271023_Instrucciones_Complementarias_Auxiliares_ConversacionF.pdf">271023_Instrucciones_Complementarias_Auxiliares_Conversacion(F)</a></p>
<p>Cronograma de Auxiliares de Conversación</p>
<p><a href="https://blogsaverroes.juntadeandalucia.es/plurilinguismodelegacioncadiz/files/2023/10/2023-2024_cronograma_AUXILIARES-1.pdf">2023 2024_cronograma_AUXILIARES</a></p>
<p>&nbsp;</p>
<p>&nbsp;</p>
<p><span style="color: #000000"><a style="color: #000000" href="https://blogsaverroes.juntadeandalucia.es/plurilinguismodelegacioncadiz/files/2022/05/Final-Programa-bilingüe-2.pdf">Programa bilingüe: antes 30 junio</a></span></p>
<p><span style="color: #000000"><a style="color: #000000" href="https://blogsaverroes.juntadeandalucia.es/plurilinguismodelegacioncadiz/files/2022/05/CalendarioEfemérides__.pdf">Calendario Efemérides 22/23</a></span></p>
<p><span style="color: #000000"><a style="color: #000000" href="https://blogsaverroes.juntadeandalucia.es/plurilinguismodelegacioncadiz/files/2022/05/Cronograma_CoordinaciónBilingüe.pdf">Cronograma Coordinación Bilingüe 22/23</a></span></p>
<p><span style="color: #000000"><a style="color: #000000" href="https://blogsaverroes.juntadeandalucia.es/plurilinguismodelegacioncadiz/files/2022/05/CALENDARIO-ESCOLAR-2022_2023.pdf">Calendario escolar 2022/23</a></span></p>
<p><a href="https://blogsaverroes.juntadeandalucia.es/plurilinguismodelegacioncadiz/files/2022/05/1.png"><img loading="lazy" decoding="async" class="alignnone size-thumbnail wp-image-1523" src="https://blogsaverroes.juntadeandalucia.es/plurilinguismodelegacioncadiz/files/2022/05/1-150x150.png" alt="" width="150" height="150" srcset="https://blogsaverroes.juntadeandalucia.es/plurilinguismodelegacioncadiz/files/2022/05/1-150x150.png 150w, https://blogsaverroes.juntadeandalucia.es/plurilinguismodelegacioncadiz/files/2022/05/1-80x80.png 80w, https://blogsaverroes.juntadeandalucia.es/plurilinguismodelegacioncadiz/files/2022/05/1-320x320.png 320w" sizes="(max-width: 150px) 100vw, 150px" /></a></p>
<p><a href="https://blogsaverroes.juntadeandalucia.es/plurilinguismodelegacioncadiz/files/2022/05/2.png"><img loading="lazy" decoding="async" class="alignnone size-thumbnail wp-image-1524" src="https://blogsaverroes.juntadeandalucia.es/plurilinguismodelegacioncadiz/files/2022/05/2-150x150.png" alt="" width="150" height="150" srcset="https://blogsaverroes.juntadeandalucia.es/plurilinguismodelegacioncadiz/files/2022/05/2-150x150.png 150w, https://blogsaverroes.juntadeandalucia.es/plurilinguismodelegacioncadiz/files/2022/05/2-80x80.png 80w, https://blogsaverroes.juntadeandalucia.es/plurilinguismodelegacioncadiz/files/2022/05/2-320x320.png 320w" sizes="(max-width: 150px) 100vw, 150px" /></a></p>
<p><a href="https://blogsaverroes.juntadeandalucia.es/plurilinguismodelegacioncadiz/files/2022/05/OfertaFormativaProfesoradoBilingüe.png"><img loading="lazy" decoding="async" class="alignnone size-thumbnail wp-image-1481" src="https://blogsaverroes.juntadeandalucia.es/plurilinguismodelegacioncadiz/files/2022/05/OfertaFormativaProfesoradoBilingüe-150x150.png" alt="" width="150" height="150" srcset="https://blogsaverroes.juntadeandalucia.es/plurilinguismodelegacioncadiz/files/2022/05/OfertaFormativaProfesoradoBilingüe-150x150.png 150w, https://blogsaverroes.juntadeandalucia.es/plurilinguismodelegacioncadiz/files/2022/05/OfertaFormativaProfesoradoBilingüe-80x80.png 80w, https://blogsaverroes.juntadeandalucia.es/plurilinguismodelegacioncadiz/files/2022/05/OfertaFormativaProfesoradoBilingüe-320x320.png 320w" sizes="(max-width: 150px) 100vw, 150px" /></a></p>

<p>NUEVAS LÍENAS BILINGÜES/ NUEVAS ETAPAS EDUCATIVAS/ PLURILINGÜISMO El módulo para solicitar Ampliación de líneas bilingües, Nuevas Etapas Educativas Bilingües o&#46;&#46;&#46;</p>
