{"id":965,"date":"2021-07-13T09:51:58","date_gmt":"2021-07-13T07:51:58","guid":{"rendered":"https:\/\/blogsaverroes.juntadeandalucia.es\/plurilinguismodelegacioncadiz\/?page_id=965"},"modified":"2021-07-13T09:51:58","modified_gmt":"2021-07-13T07:51:58","slug":"manual-grabacion-en-seneca-horario-auxiliar-de-conversacion-fse","status":"publish","type":"page","link":"https:\/\/blogsaverroes.juntadeandalucia.es\/plurilinguismodelegacioncadiz\/manual-grabacion-en-seneca-horario-auxiliar-de-conversacion-fse\/","title":{"rendered":"Manual grabaci\u00f3n en S\u00e9neca horario auxiliar de conversaci\u00f3n FSE"},"content":{"rendered":"<p><span style=\"font-size: 14pt;color: #000000\"><strong><a style=\"color: #000000\" href=\"https:\/\/blogsaverroes.juntadeandalucia.es\/plurilinguismodelegacioncadiz\/files\/2021\/07\/Manual_Grabaci\u00f3n-horario_Auxiliar_conversacion.pdf\">Manual grabaci\u00f3n en S\u00e9neca horario auxiliar de conversaci\u00f3n FSE<\/a><\/strong><\/span><\/p>\n","protected":false},"excerpt":{"rendered":"<p>Manual grabaci\u00f3n en S\u00e9neca horario auxiliar de conversaci\u00f3n FSE<\/p>\n","protected":false},"author":7804,"featured_media":0,"parent":0,"menu_order":0,"comment_status":"closed","ping_status":"closed","template":"","meta":{"ngg_post_thumbnail":0,"footnotes":""},"aioseo_notices":[],"_links":{"self":[{"href":"https:\/\/blogsaverroes.juntadeandalucia.es\/plurilinguismodelegacioncadiz\/wp-json\/wp\/v2\/pages\/965"}],"collection":[{"href":"https:\/\/blogsaverroes.juntadeandalucia.es\/plurilinguismodelegacioncadiz\/wp-json\/wp\/v2\/pages"}],"about":[{"href":"https:\/\/blogsaverroes.juntadeandalucia.es\/plurilinguismodelegacioncadiz\/wp-json\/wp\/v2\/types\/page"}],"author":[{"embeddable":true,"href":"https:\/\/blogsaverroes.juntadeandalucia.es\/plurilinguismodelegacioncadiz\/wp-json\/wp\/v2\/users\/7804"}],"replies":[{"embeddable":true,"href":"https:\/\/blogsaverroes.juntadeandalucia.es\/plurilinguismodelegacioncadiz\/wp-json\/wp\/v2\/comments?post=965"}],"version-history":[{"count":1,"href":"https:\/\/blogsaverroes.juntadeandalucia.es\/plurilinguismodelegacioncadiz\/wp-json\/wp\/v2\/pages\/965\/revisions"}],"predecessor-version":[{"id":966,"href":"https:\/\/blogsaverroes.juntadeandalucia.es\/plurilinguismodelegacioncadiz\/wp-json\/wp\/v2\/pages\/965\/revisions\/966"}],"wp:attachment":[{"href":"https:\/\/blogsaverroes.juntadeandalucia.es\/plurilinguismodelegacioncadiz\/wp-json\/wp\/v2\/media?parent=965"}],"curies":[{"name":"wp","href":"https:\/\/api.w.org\/{rel}","templated":true}]}}

Manual grabación en Séneca horario auxiliar de conversación FSE

<p><span style="font-size: 14pt;color: #000000"><strong><a style="color: #000000" href="https://blogsaverroes.juntadeandalucia.es/plurilinguismodelegacioncadiz/files/2021/07/Manual_Grabación-horario_Auxiliar_conversacion.pdf">Manual grabación en Séneca horario auxiliar de conversación FSE</a></strong></span></p>

<p>Manual grabación en Séneca horario auxiliar de conversación FSE</p>
