{"id":2241,"date":"2016-06-02T11:22:58","date_gmt":"2016-06-02T11:22:58","guid":{"rendered":"http:\/\/blogsaverroes.juntadeandalucia.es\/plurilinguismodelegaciongranada\/?page_id=2241"},"modified":"2018-09-26T06:44:47","modified_gmt":"2018-09-26T06:44:47","slug":"oferta-educativa-bilingue-y-plurilingue-en-granada","status":"publish","type":"page","link":"https:\/\/blogsaverroes.juntadeandalucia.es\/plurilinguismodelegaciongranada\/oferta-educativa-bilingue-y-plurilingue-en-granada\/","title":{"rendered":"OFERTA EDUCATIVA BILING\u00dcE Y PLURILING\u00dcE EN GRANADA"},"content":{"rendered":"<table>\n<tbody>\n<tr>\n<td>\n<h4 style=\"text-align: center\">CENTROS P\u00daBLICOS QUE OFERTAN ENSE\u00d1ANZA BILING\u00dcE Y\/O PLURILING\u00dcE<\/h4>\n<h6 style=\"text-align: center\"><a href=\"https:\/\/blogsaverroes.juntadeandalucia.es\/plurilinguismodelegaciongranada\/educacion-infantil-y-primaria\/\">&#8211; Educaci\u00f3n Infantil y Primaria<\/a><\/h6>\n<h6 style=\"text-align: center\"><a href=\"https:\/\/blogsaverroes.juntadeandalucia.es\/plurilinguismodelegaciongranada\/educacion-secundaria-y-bachillerato\/\">&#8211; Educaci\u00f3n Secundaria y Bachillerato<\/a><\/h6>\n<h6 style=\"text-align: center\"><a href=\"https:\/\/blogsaverroes.juntadeandalucia.es\/plurilinguismodelegaciongranada\/ciclos-formativos-bilingues\/\">&#8211; Ciclos Formativos<\/a><\/h6>\n<\/td>\n<\/tr>\n<tr>\n<td>\n<h4 style=\"text-align: center\"><a href=\"https:\/\/blogsaverroes.juntadeandalucia.es\/plurilinguismodelegaciongranada\/centros-de-titularidad-privada\/\">CENTROS DE TITULARIDAD PRIVADA QUE OFERTAN ENSE\u00d1ANZA BILING\u00dcE Y\/O PLURILING\u00dcE<\/a><\/h4>\n<\/td>\n<\/tr>\n<\/tbody>\n<\/table>\n<p>&nbsp;<\/p>\n","protected":false},"excerpt":{"rendered":"<p>CENTROS P\u00daBLICOS QUE OFERTAN ENSE\u00d1ANZA BILING\u00dcE Y\/O PLURILING\u00dcE &#8211; Educaci\u00f3n Infantil y Primaria &#8211; Educaci\u00f3n Secundaria y Bachillerato &#8211; Ciclos Formativos CENTROS DE TITULARIDAD PRIVADA QUE OFERTAN ENSE\u00d1ANZA BILING\u00dcE Y\/O PLURILING\u00dcE &nbsp;<\/p>\n","protected":false},"author":3720,"featured_media":0,"parent":0,"menu_order":0,"comment_status":"closed","ping_status":"open","template":"","meta":{"ngg_post_thumbnail":0,"footnotes":"","_mc_calendar":[]},"aioseo_notices":[],"_links":{"self":[{"href":"https:\/\/blogsaverroes.juntadeandalucia.es\/plurilinguismodelegaciongranada\/wp-json\/wp\/v2\/pages\/2241"}],"collection":[{"href":"https:\/\/blogsaverroes.juntadeandalucia.es\/plurilinguismodelegaciongranada\/wp-json\/wp\/v2\/pages"}],"about":[{"href":"https:\/\/blogsaverroes.juntadeandalucia.es\/plurilinguismodelegaciongranada\/wp-json\/wp\/v2\/types\/page"}],"author":[{"embeddable":true,"href":"https:\/\/blogsaverroes.juntadeandalucia.es\/plurilinguismodelegaciongranada\/wp-json\/wp\/v2\/users\/3720"}],"replies":[{"embeddable":true,"href":"https:\/\/blogsaverroes.juntadeandalucia.es\/plurilinguismodelegaciongranada\/wp-json\/wp\/v2\/comments?post=2241"}],"version-history":[{"count":5,"href":"https:\/\/blogsaverroes.juntadeandalucia.es\/plurilinguismodelegaciongranada\/wp-json\/wp\/v2\/pages\/2241\/revisions"}],"predecessor-version":[{"id":4559,"href":"https:\/\/blogsaverroes.juntadeandalucia.es\/plurilinguismodelegaciongranada\/wp-json\/wp\/v2\/pages\/2241\/revisions\/4559"}],"wp:attachment":[{"href":"https:\/\/blogsaverroes.juntadeandalucia.es\/plurilinguismodelegaciongranada\/wp-json\/wp\/v2\/media?parent=2241"}],"curies":[{"name":"wp","href":"https:\/\/api.w.org\/{rel}","templated":true}]}}