{"id":2267,"date":"2016-06-02T11:49:35","date_gmt":"2016-06-02T11:49:35","guid":{"rendered":"http:\/\/blogsaverroes.juntadeandalucia.es\/plurilinguismodelegaciongranada\/?page_id=2267"},"modified":"2016-06-08T21:15:03","modified_gmt":"2016-06-08T21:15:03","slug":"centros-de-titularidad-privada-2","status":"publish","type":"page","link":"https:\/\/blogsaverroes.juntadeandalucia.es\/plurilinguismodelegaciongranada\/centros-de-titularidad-privada-2\/","title":{"rendered":"CENTROS DE TITULARIDAD PRIVADA"},"content":{"rendered":"<h5 style=\"text-align: justify\">\u00a0 \u00a0 \u00a0 \u00a0 \u00a0La\u00a0<em>Orden de 29 de junio de 2011<\/em> contempla\u00a0la impartici\u00f3n de ense\u00f1anza biling\u00fce en centros privados y concertados, regulando aspectos relativos al proceso de solicitud. Por lo dem\u00e1s, la ense\u00f1anza biling\u00fce en los centros de titularidad privada es regulada por la propia <em>Orden de 28 de junio de 2011<\/em>, con la excepci\u00f3n de determinados art\u00edculos aplicables \u00fanicamente a centros p\u00fablicos.<\/h5>\n<h5 style=\"text-align: justify\">\u00a0 \u00a0 \u00a0 \u00a0 \u00a0 \u00a0En el caso de los centros privados y concertados los procedimientos de solicitud como nuevos centros biling\u00fces y de autorizaci\u00f3n de profesorado siguen dos procesos diferentes que se explican a continuaci\u00f3n:<\/h5>\n<table>\n<tbody>\n<tr>\n<td>\n<h3><a href=\"http:\/\/blogsaverroes.juntadeandalucia.es\/plurilinguismodelegaciongranada\/solicitud-de-nueva-etapa\/\">SOLICITUD DE NUEVA ETAPA<\/a><\/h3>\n<\/td>\n<\/tr>\n<tr>\n<td>\n<h3><a href=\"http:\/\/blogsaverroes.juntadeandalucia.es\/plurilinguismodelegaciongranada\/solicitud-autorizacion-de-profesorado\/\">SOLICITUD AUTORIZACI\u00d3N DE PROFESORADO<\/a><\/h3>\n<\/td>\n<\/tr>\n<\/tbody>\n<\/table>\n<p>&nbsp;<\/p>\n","protected":false},"excerpt":{"rendered":"<p>\u00a0 \u00a0 \u00a0 \u00a0 \u00a0La\u00a0Orden de 29 de junio de 2011 contempla\u00a0la impartici\u00f3n de ense\u00f1anza biling\u00fce en centros privados y concertados, regulando aspectos relativos al proceso de solicitud. Por lo dem\u00e1s, la ense\u00f1anza&#46;&#46;&#46;<\/p>\n","protected":false},"author":3720,"featured_media":0,"parent":0,"menu_order":0,"comment_status":"closed","ping_status":"open","template":"","meta":{"ngg_post_thumbnail":0,"footnotes":"","_mc_calendar":[]},"aioseo_notices":[],"_links":{"self":[{"href":"https:\/\/blogsaverroes.juntadeandalucia.es\/plurilinguismodelegaciongranada\/wp-json\/wp\/v2\/pages\/2267"}],"collection":[{"href":"https:\/\/blogsaverroes.juntadeandalucia.es\/plurilinguismodelegaciongranada\/wp-json\/wp\/v2\/pages"}],"about":[{"href":"https:\/\/blogsaverroes.juntadeandalucia.es\/plurilinguismodelegaciongranada\/wp-json\/wp\/v2\/types\/page"}],"author":[{"embeddable":true,"href":"https:\/\/blogsaverroes.juntadeandalucia.es\/plurilinguismodelegaciongranada\/wp-json\/wp\/v2\/users\/3720"}],"replies":[{"embeddable":true,"href":"https:\/\/blogsaverroes.juntadeandalucia.es\/plurilinguismodelegaciongranada\/wp-json\/wp\/v2\/comments?post=2267"}],"version-history":[{"count":7,"href":"https:\/\/blogsaverroes.juntadeandalucia.es\/plurilinguismodelegaciongranada\/wp-json\/wp\/v2\/pages\/2267\/revisions"}],"predecessor-version":[{"id":2720,"href":"https:\/\/blogsaverroes.juntadeandalucia.es\/plurilinguismodelegaciongranada\/wp-json\/wp\/v2\/pages\/2267\/revisions\/2720"}],"wp:attachment":[{"href":"https:\/\/blogsaverroes.juntadeandalucia.es\/plurilinguismodelegaciongranada\/wp-json\/wp\/v2\/media?parent=2267"}],"curies":[{"name":"wp","href":"https:\/\/api.w.org\/{rel}","templated":true}]}}