{"id":2304,"date":"2016-06-02T12:00:20","date_gmt":"2016-06-02T12:00:20","guid":{"rendered":"http:\/\/blogsaverroes.juntadeandalucia.es\/plurilinguismodelegaciongranada\/?page_id=2304"},"modified":"2018-09-26T09:46:56","modified_gmt":"2018-09-26T09:46:56","slug":"materiales","status":"publish","type":"page","link":"https:\/\/blogsaverroes.juntadeandalucia.es\/plurilinguismodelegaciongranada\/materiales\/","title":{"rendered":"MATERIALES"},"content":{"rendered":"<table style=\"height: 360px;width: 728px\">\n<tbody>\n<tr>\n<td style=\"width: 235px;text-align: center\"><a href=\"http:\/\/www.juntadeandalucia.es\/educacion\/webportal\/web\/aicle\"><img loading=\"lazy\" decoding=\"async\" class=\" size-medium wp-image-2426 aligncenter\" src=\"http:\/\/blogsaverroes.juntadeandalucia.es\/plurilinguismodelegaciongranada\/files\/2016\/06\/secuencias-did\u00e1cticas-AICLE-300x164.jpg\" alt=\"secuencias did\u00e1cticas AICLE\" width=\"300\" height=\"164\" srcset=\"https:\/\/blogsaverroes.juntadeandalucia.es\/plurilinguismodelegaciongranada\/files\/2016\/06\/secuencias-did\u00e1cticas-AICLE-300x164.jpg 300w, https:\/\/blogsaverroes.juntadeandalucia.es\/plurilinguismodelegaciongranada\/files\/2016\/06\/secuencias-did\u00e1cticas-AICLE.jpg 694w\" sizes=\"(max-width: 300px) 100vw, 300px\" \/><\/a>130 secuencias did\u00e1cticas en ingl\u00e9s, franc\u00e9s y alem\u00e1n de \u00e1reas no ling\u00fc\u00edsticas de Educaci\u00f3n Primaria y Secundaria.<\/td>\n<td style=\"width: 235.7px;text-align: center\"><a href=\"http:\/\/www.juntadeandalucia.es\/educacion\/webportal\/web\/portal-de-plurilinguismo\/recursos-materiales\/actividades-pel\"><img loading=\"lazy\" decoding=\"async\" class=\"aligncenter wp-image-2427 size-medium\" src=\"http:\/\/blogsaverroes.juntadeandalucia.es\/plurilinguismodelegaciongranada\/files\/2016\/06\/MICROACTIVIDADES-PEL-300x118.jpg\" alt=\"MICROACTIVIDADES PEL\" width=\"300\" height=\"118\" srcset=\"https:\/\/blogsaverroes.juntadeandalucia.es\/plurilinguismodelegaciongranada\/files\/2016\/06\/MICROACTIVIDADES-PEL-300x118.jpg 300w, https:\/\/blogsaverroes.juntadeandalucia.es\/plurilinguismodelegaciongranada\/files\/2016\/06\/MICROACTIVIDADES-PEL.jpg 700w\" sizes=\"(max-width: 300px) 100vw, 300px\" \/><\/a>&nbsp;&nbsp;&nbsp;&nbsp; 452 actividades comunicativas siguiendo las recomendaciones del Marco Com\u00fan Europeo de Referencia para las Lenguas (MCERL), gradadas desde el nivel A1 al B1.<\/td>\n<td style=\"width: 234.3px;text-align: center\"><a href=\"http:\/\/www.juntadeandalucia.es\/educacion\/webportal\/web\/aicle\/secuencias-aicle-elaboradas-por-el-profesorado-en-los-cep\"><img loading=\"lazy\" decoding=\"async\" class=\"aligncenter wp-image-2428 size-medium\" src=\"https:\/\/blogsaverroes.juntadeandalucia.es\/plurilinguismodelegaciongranada\/files\/2016\/06\/secuencias-profesorado-300x44.jpg\" alt=\"secuencias profesorado\" width=\"300\" height=\"44\" srcset=\"https:\/\/blogsaverroes.juntadeandalucia.es\/plurilinguismodelegaciongranada\/files\/2016\/06\/secuencias-profesorado-300x44.jpg 300w, https:\/\/blogsaverroes.juntadeandalucia.es\/plurilinguismodelegaciongranada\/files\/2016\/06\/secuencias-profesorado.jpg 654w\" sizes=\"(max-width: 300px) 100vw, 300px\" \/><\/a><\/p>\n<p>60 unidades AICLE en ingl\u00e9s elaboradas por el Profesorado de distintas ense\u00f1anzas en los Centros del Profesorado. Incluye materiales de Ciclos Formativos y de Ense\u00f1anzas de R\u00e9gimen Especial.<\/td>\n<\/tr>\n<\/tbody>\n<\/table>\n<h6>&nbsp; &nbsp; &nbsp;&nbsp;<\/h6>\n<h6>&nbsp;<\/h6>\n<h6>&nbsp;&nbsp;&nbsp;&nbsp;&nbsp;&nbsp;&nbsp;&nbsp;&nbsp;&nbsp;&nbsp;<\/h6>\n<p>&nbsp;<\/p>\n","protected":false},"excerpt":{"rendered":"<p>130 secuencias did\u00e1cticas en ingl\u00e9s, franc\u00e9s y alem\u00e1n de \u00e1reas no ling\u00fc\u00edsticas de Educaci\u00f3n Primaria y Secundaria. &nbsp;&nbsp;&nbsp;&nbsp; 452 actividades comunicativas siguiendo las recomendaciones del Marco Com\u00fan Europeo de Referencia para las Lenguas&#46;&#46;&#46;<\/p>\n","protected":false},"author":3720,"featured_media":0,"parent":0,"menu_order":0,"comment_status":"closed","ping_status":"open","template":"","meta":{"ngg_post_thumbnail":0,"footnotes":"","_mc_calendar":[]},"aioseo_notices":[],"_links":{"self":[{"href":"https:\/\/blogsaverroes.juntadeandalucia.es\/plurilinguismodelegaciongranada\/wp-json\/wp\/v2\/pages\/2304"}],"collection":[{"href":"https:\/\/blogsaverroes.juntadeandalucia.es\/plurilinguismodelegaciongranada\/wp-json\/wp\/v2\/pages"}],"about":[{"href":"https:\/\/blogsaverroes.juntadeandalucia.es\/plurilinguismodelegaciongranada\/wp-json\/wp\/v2\/types\/page"}],"author":[{"embeddable":true,"href":"https:\/\/blogsaverroes.juntadeandalucia.es\/plurilinguismodelegaciongranada\/wp-json\/wp\/v2\/users\/3720"}],"replies":[{"embeddable":true,"href":"https:\/\/blogsaverroes.juntadeandalucia.es\/plurilinguismodelegaciongranada\/wp-json\/wp\/v2\/comments?post=2304"}],"version-history":[{"count":10,"href":"https:\/\/blogsaverroes.juntadeandalucia.es\/plurilinguismodelegaciongranada\/wp-json\/wp\/v2\/pages\/2304\/revisions"}],"predecessor-version":[{"id":4592,"href":"https:\/\/blogsaverroes.juntadeandalucia.es\/plurilinguismodelegaciongranada\/wp-json\/wp\/v2\/pages\/2304\/revisions\/4592"}],"wp:attachment":[{"href":"https:\/\/blogsaverroes.juntadeandalucia.es\/plurilinguismodelegaciongranada\/wp-json\/wp\/v2\/media?parent=2304"}],"curies":[{"name":"wp","href":"https:\/\/api.w.org\/{rel}","templated":true}]}}