{"id":2361,"date":"2016-06-03T13:59:16","date_gmt":"2016-06-03T13:59:16","guid":{"rendered":"http:\/\/blogsaverroes.juntadeandalucia.es\/plurilinguismodelegaciongranada\/?page_id=2361"},"modified":"2018-09-27T14:20:53","modified_gmt":"2018-09-27T14:20:53","slug":"otros-tramites","status":"publish","type":"page","link":"https:\/\/blogsaverroes.juntadeandalucia.es\/plurilinguismodelegaciongranada\/otros-tramites\/","title":{"rendered":"OTROS TR\u00c1MITES"},"content":{"rendered":"<table style=\"border-color: #071a01;background-color: #d3f0c7\" cellpadding=\"1.25\">\n<tbody>\n<tr>\n<td style=\"text-align: center\">\n<h3><a href=\"https:\/\/blogsaverroes.juntadeandalucia.es\/plurilinguismodelegaciongranada\/solicitud-de-aumento-de-lineas-bilingues\/\">SOLICITUD DE AUMENTO DE L\u00cdNEAS BILING\u00dcES<\/a><\/h3>\n<\/td>\n<\/tr>\n<tr>\n<td style=\"text-align: center\">\n<h3><a href=\"https:\/\/drive.google.com\/file\/d\/1hNPxQCIEf3GlH2BzSl9wkX_l5DDHDTO7\/view\">NOMBRAMIENTO DE COORDINADOR\/A<\/a><\/h3>\n<\/td>\n<\/tr>\n<tr>\n<td style=\"text-align: center\">\n<h3><a href=\"https:\/\/blogsaverroes.juntadeandalucia.es\/plurilinguismodelegaciongranada\/nuevas-ensenanzas\/\">NUEVAS ENSE\u00d1ANZAS<\/a><\/h3>\n<h4><a href=\"https:\/\/blogsaverroes.juntadeandalucia.es\/plurilinguismodelegaciongranada\/bachillerato\/\">Bachillerato<\/a><\/h4>\n<h4><a href=\"https:\/\/blogsaverroes.juntadeandalucia.es\/plurilinguismodelegaciongranada\/ciclos-formativos\/\">Ciclos Formativos<\/a><\/h4>\n<\/td>\n<\/tr>\n<tr>\n<td style=\"text-align: center\">\n<h3><a href=\"https:\/\/blogsaverroes.juntadeandalucia.es\/plurilinguismodelegaciongranada\/solicitud-de-ensenanza-plurilingue\/\">SOLICITUD DE ENSE\u00d1ANZA PLURILING\u00dcE<\/a><\/h3>\n<\/td>\n<\/tr>\n<tr>\n<td style=\"text-align: center\">\n<h3><a href=\"https:\/\/blogsaverroes.juntadeandalucia.es\/plurilinguismodelegaciongranada\/justificacion-de-auxiliares\/\">JUSTIFICACI\u00d3N DE AUXILIARES<\/a><\/h3>\n<\/td>\n<\/tr>\n<tr>\n<td style=\"text-align: center\">\n<h3><a href=\"https:\/\/blogsaverroes.juntadeandalucia.es\/plurilinguismodelegaciongranada\/autorizacion-de-profesorado-para-imparticion-de-anls\/\">AUTORIZACI\u00d3N DE PROFESORADO PARA LA IMPARTICI\u00d3N DE ANLs<\/a><\/h3>\n<\/td>\n<\/tr>\n<\/tbody>\n<\/table>\n","protected":false},"excerpt":{"rendered":"<p>SOLICITUD DE AUMENTO DE L\u00cdNEAS BILING\u00dcES NOMBRAMIENTO DE COORDINADOR\/A NUEVAS ENSE\u00d1ANZAS Bachillerato Ciclos Formativos SOLICITUD DE ENSE\u00d1ANZA PLURILING\u00dcE JUSTIFICACI\u00d3N DE AUXILIARES AUTORIZACI\u00d3N DE PROFESORADO PARA LA IMPARTICI\u00d3N DE ANLs<\/p>\n","protected":false},"author":3720,"featured_media":0,"parent":0,"menu_order":0,"comment_status":"closed","ping_status":"open","template":"","meta":{"ngg_post_thumbnail":0,"footnotes":"","_mc_calendar":[]},"aioseo_notices":[],"_links":{"self":[{"href":"https:\/\/blogsaverroes.juntadeandalucia.es\/plurilinguismodelegaciongranada\/wp-json\/wp\/v2\/pages\/2361"}],"collection":[{"href":"https:\/\/blogsaverroes.juntadeandalucia.es\/plurilinguismodelegaciongranada\/wp-json\/wp\/v2\/pages"}],"about":[{"href":"https:\/\/blogsaverroes.juntadeandalucia.es\/plurilinguismodelegaciongranada\/wp-json\/wp\/v2\/types\/page"}],"author":[{"embeddable":true,"href":"https:\/\/blogsaverroes.juntadeandalucia.es\/plurilinguismodelegaciongranada\/wp-json\/wp\/v2\/users\/3720"}],"replies":[{"embeddable":true,"href":"https:\/\/blogsaverroes.juntadeandalucia.es\/plurilinguismodelegaciongranada\/wp-json\/wp\/v2\/comments?post=2361"}],"version-history":[{"count":10,"href":"https:\/\/blogsaverroes.juntadeandalucia.es\/plurilinguismodelegaciongranada\/wp-json\/wp\/v2\/pages\/2361\/revisions"}],"predecessor-version":[{"id":4670,"href":"https:\/\/blogsaverroes.juntadeandalucia.es\/plurilinguismodelegaciongranada\/wp-json\/wp\/v2\/pages\/2361\/revisions\/4670"}],"wp:attachment":[{"href":"https:\/\/blogsaverroes.juntadeandalucia.es\/plurilinguismodelegaciongranada\/wp-json\/wp\/v2\/media?parent=2361"}],"curies":[{"name":"wp","href":"https:\/\/api.w.org\/{rel}","templated":true}]}}