{"id":2373,"date":"2016-06-03T14:03:17","date_gmt":"2016-06-03T14:03:17","guid":{"rendered":"http:\/\/blogsaverroes.juntadeandalucia.es\/plurilinguismodelegaciongranada\/?page_id=2373"},"modified":"2016-09-09T11:29:56","modified_gmt":"2016-09-09T11:29:56","slug":"bachillerato","status":"publish","type":"page","link":"https:\/\/blogsaverroes.juntadeandalucia.es\/plurilinguismodelegaciongranada\/bachillerato\/","title":{"rendered":"Bachillerato"},"content":{"rendered":"<h5>\u00a0 \u00a0 \u00a0 \u00a0 \u00a0Aquellos centros biling\u00fces que hayan completado la ense\u00f1anza biling\u00fce en la etapa de E.S.O. podr\u00e1n solicitar la impartici\u00f3n del Bachillerato biling\u00fce en los plazos que contemplen las<em> Instrucciones Anuales de Organizaci\u00f3n y Funcionamiento de la Ense\u00f1anza Biling\u00fce<\/em>, a trav\u00e9s de la cumplimentaci\u00f3n del siguiente documento:<\/h5>\n<h3 style=\"text-align: center\"><a href=\"http:\/\/blogsaverroes.juntadeandalucia.es\/plurilinguismodelegaciongranada\/files\/2016\/06\/anexo-bachillerato.pdf\">ANEXO DE VIABILIDAD PARA BACHILLERATO BILING\u00dcE<\/a><\/h3>\n<h5 style=\"text-align: justify\">Para el presente curso escolar 2016-2017, las<em>\u00a0<a href=\"http:\/\/portals.ced.junta-andalucia.es\/educacion\/portals\/abaco-portlet\/content\/dd97531a-d6ef-4a0c-8f3b-80d7785aab04\">Instrucciones de 22 de julio de 2016 conjuntas de la Direcci\u00f3n General de Innovaci\u00f3n y de la Direcci\u00f3n General de Formaci\u00f3n Profesional Inicial y Educaci\u00f3n Permanente, sobre la Organizaci\u00f3n y Funcionamiento de la Ense\u00f1anza Biling\u00fce para el curso 2016\/17<\/a><\/em> fijan como fecha l\u00edmite para la presentaci\u00f3n de solicitudes para nuevas ense\u00f1anzas el <strong>14 de octubre de 2016<\/strong>.<\/h5>\n<h5 style=\"text-align: left\">* Si necesitase el archivo en un formato diferente puede solicitarlo a plurilinguismo.dpgr.ced@juntadeandalucia.es<\/h5>\n","protected":false},"excerpt":{"rendered":"<p>\u00a0 \u00a0 \u00a0 \u00a0 \u00a0Aquellos centros biling\u00fces que hayan completado la ense\u00f1anza biling\u00fce en la etapa de E.S.O. podr\u00e1n solicitar la impartici\u00f3n del Bachillerato biling\u00fce en los plazos que contemplen las Instrucciones Anuales&#46;&#46;&#46;<\/p>\n","protected":false},"author":3720,"featured_media":0,"parent":0,"menu_order":0,"comment_status":"closed","ping_status":"open","template":"","meta":{"ngg_post_thumbnail":0,"footnotes":"","_mc_calendar":[]},"aioseo_notices":[],"_links":{"self":[{"href":"https:\/\/blogsaverroes.juntadeandalucia.es\/plurilinguismodelegaciongranada\/wp-json\/wp\/v2\/pages\/2373"}],"collection":[{"href":"https:\/\/blogsaverroes.juntadeandalucia.es\/plurilinguismodelegaciongranada\/wp-json\/wp\/v2\/pages"}],"about":[{"href":"https:\/\/blogsaverroes.juntadeandalucia.es\/plurilinguismodelegaciongranada\/wp-json\/wp\/v2\/types\/page"}],"author":[{"embeddable":true,"href":"https:\/\/blogsaverroes.juntadeandalucia.es\/plurilinguismodelegaciongranada\/wp-json\/wp\/v2\/users\/3720"}],"replies":[{"embeddable":true,"href":"https:\/\/blogsaverroes.juntadeandalucia.es\/plurilinguismodelegaciongranada\/wp-json\/wp\/v2\/comments?post=2373"}],"version-history":[{"count":8,"href":"https:\/\/blogsaverroes.juntadeandalucia.es\/plurilinguismodelegaciongranada\/wp-json\/wp\/v2\/pages\/2373\/revisions"}],"predecessor-version":[{"id":3298,"href":"https:\/\/blogsaverroes.juntadeandalucia.es\/plurilinguismodelegaciongranada\/wp-json\/wp\/v2\/pages\/2373\/revisions\/3298"}],"wp:attachment":[{"href":"https:\/\/blogsaverroes.juntadeandalucia.es\/plurilinguismodelegaciongranada\/wp-json\/wp\/v2\/media?parent=2373"}],"curies":[{"name":"wp","href":"https:\/\/api.w.org\/{rel}","templated":true}]}}