{"id":2405,"date":"2016-06-05T13:17:24","date_gmt":"2016-06-05T13:17:24","guid":{"rendered":"http:\/\/blogsaverroes.juntadeandalucia.es\/plurilinguismodelegaciongranada\/?page_id=2405"},"modified":"2017-09-21T10:38:10","modified_gmt":"2017-09-21T10:38:10","slug":"educacion-infantil-2","status":"publish","type":"page","link":"https:\/\/blogsaverroes.juntadeandalucia.es\/plurilinguismodelegaciongranada\/educacion-infantil-2\/","title":{"rendered":"Educaci\u00f3n Infantil"},"content":{"rendered":"<h5 style=\"text-align: justify\">&nbsp; &nbsp; &nbsp; &nbsp; &nbsp; &nbsp; &nbsp;Aquellas Escuelas Infantiles&nbsp;que deseen&nbsp;cursar solicitud para incorporar&nbsp;estas ense\u00f1anzas en el Segundo Ciclo deber\u00e1n cumplimentar&nbsp;el siguiente anexo:<\/h5>\n<h3 style=\"text-align: center\"><a href=\"https:\/\/blogsaverroes.juntadeandalucia.es\/plurilinguismodelegaciongranada\/files\/2017\/09\/INFANTIL_NUEVOS_CENTROS_-2017-18.pdf\">ANEXO SOLICITUD EDUCACI\u00d3N INFANTIL<\/a><\/h3>\n<h5 class=\"encabezado-de-mensaje\" align=\"justify\">&nbsp;&nbsp;&nbsp;&nbsp;&nbsp;&nbsp;&nbsp;&nbsp;&nbsp; Seg\u00fan lo recogido en la instrucci\u00f3n segunda de las<em> <a href=\"https:\/\/blogsaverroes.juntadeandalucia.es\/plurilinguismodelegaciongranada\/files\/2017\/06\/INSTRUCCIONES-ENSE%C3%91ANZA-BILING%C3%9CE-2017-18.pdf\">Instrucciones de 7 de junio de 2017, de la Direcci\u00f3n General de Innovaci\u00f3n, sobre la organizaci\u00f3n y funcionamiento de la ense\u00f1anza biling\u00fce para el curso 2017\/2018<\/a><\/em>, \u201cLos centros p\u00fablicos que deseen solicitar ser centros biling\u00fces o pluriling\u00fces, as\u00ed como la autorizaci\u00f3n de nuevas etapas educativas, cursar\u00e1n sus peticiones de acuerdo con lo previsto en la Orden de 28 de junio de 2011, y deber\u00e1n hacerlo con anterioridad al <strong>20 de octubre de 2017<\/strong>, dirigiendo sus solicitudes a las correspondientes delegaciones territoriales con competencias en materia de educaci\u00f3n, que a su vez elaborar\u00e1n el preceptivo informe de viabilidad para su remisi\u00f3n a la direcci\u00f3n general competente en materia de biling\u00fcismo\u201d.<\/h5>\n<h5 style=\"text-align: left\">* Si necesitase el archivo en un formato diferente puede solicitarlo a <a href=\"mailto:plurilinguismo.dpgr.ced@juntadeandalucia.es\">plurilinguismo.dpgr.ced@juntadeandalucia.es<\/a><\/h5>\n","protected":false},"excerpt":{"rendered":"<p>&nbsp; &nbsp; &nbsp; &nbsp; &nbsp; &nbsp; &nbsp;Aquellas Escuelas Infantiles&nbsp;que deseen&nbsp;cursar solicitud para incorporar&nbsp;estas ense\u00f1anzas en el Segundo Ciclo deber\u00e1n cumplimentar&nbsp;el siguiente anexo: ANEXO SOLICITUD EDUCACI\u00d3N INFANTIL &nbsp;&nbsp;&nbsp;&nbsp;&nbsp;&nbsp;&nbsp;&nbsp;&nbsp; Seg\u00fan lo recogido en la instrucci\u00f3n&#46;&#46;&#46;<\/p>\n","protected":false},"author":3720,"featured_media":0,"parent":0,"menu_order":0,"comment_status":"closed","ping_status":"open","template":"","meta":{"ngg_post_thumbnail":0,"footnotes":"","_mc_calendar":[]},"aioseo_notices":[],"_links":{"self":[{"href":"https:\/\/blogsaverroes.juntadeandalucia.es\/plurilinguismodelegaciongranada\/wp-json\/wp\/v2\/pages\/2405"}],"collection":[{"href":"https:\/\/blogsaverroes.juntadeandalucia.es\/plurilinguismodelegaciongranada\/wp-json\/wp\/v2\/pages"}],"about":[{"href":"https:\/\/blogsaverroes.juntadeandalucia.es\/plurilinguismodelegaciongranada\/wp-json\/wp\/v2\/types\/page"}],"author":[{"embeddable":true,"href":"https:\/\/blogsaverroes.juntadeandalucia.es\/plurilinguismodelegaciongranada\/wp-json\/wp\/v2\/users\/3720"}],"replies":[{"embeddable":true,"href":"https:\/\/blogsaverroes.juntadeandalucia.es\/plurilinguismodelegaciongranada\/wp-json\/wp\/v2\/comments?post=2405"}],"version-history":[{"count":13,"href":"https:\/\/blogsaverroes.juntadeandalucia.es\/plurilinguismodelegaciongranada\/wp-json\/wp\/v2\/pages\/2405\/revisions"}],"predecessor-version":[{"id":3977,"href":"https:\/\/blogsaverroes.juntadeandalucia.es\/plurilinguismodelegaciongranada\/wp-json\/wp\/v2\/pages\/2405\/revisions\/3977"}],"wp:attachment":[{"href":"https:\/\/blogsaverroes.juntadeandalucia.es\/plurilinguismodelegaciongranada\/wp-json\/wp\/v2\/media?parent=2405"}],"curies":[{"name":"wp","href":"https:\/\/api.w.org\/{rel}","templated":true}]}}