{"id":2408,"date":"2016-06-05T13:17:38","date_gmt":"2016-06-05T13:17:38","guid":{"rendered":"http:\/\/blogsaverroes.juntadeandalucia.es\/plurilinguismodelegaciongranada\/?page_id=2408"},"modified":"2019-09-25T12:01:43","modified_gmt":"2019-09-25T12:01:43","slug":"educacion-primaria","status":"publish","type":"page","link":"https:\/\/blogsaverroes.juntadeandalucia.es\/plurilinguismodelegaciongranada\/educacion-primaria\/","title":{"rendered":"Educaci\u00f3n Infantil y Primaria"},"content":{"rendered":"<h6 style=\"text-align: justify\">&nbsp;El siguiente documento describe el procedimiento y los requisitos para los centros p\u00fablicos que imparten Educaci\u00f3n Infantil y Primaria que deseen formular solicitud para impartir ense\u00f1anza biling\u00fce, seg\u00fan lo regulado por el marco normativo vigente en el presente curso 2019-2020:<\/h6>\n<table style=\"height: 37px\" width=\"692\">\n<tbody>\n<tr>\n<td style=\"width: 681.533px;background-color: #f0f7e4\"><a href=\"https:\/\/blogsaverroes.juntadeandalucia.es\/plurilinguismodelegaciongranada\/files\/2019\/09\/Manual-solicitud-CEIPs-19-2019.pdf\"><img loading=\"lazy\" decoding=\"async\" class=\"aligncenter wp-image-5334 size-medium\" src=\"https:\/\/blogsaverroes.juntadeandalucia.es\/plurilinguismodelegaciongranada\/files\/2019\/09\/IMG_1593-214x300.jpg\" alt=\"\" width=\"214\" height=\"300\" srcset=\"https:\/\/blogsaverroes.juntadeandalucia.es\/plurilinguismodelegaciongranada\/files\/2019\/09\/IMG_1593-214x300.jpg 214w, https:\/\/blogsaverroes.juntadeandalucia.es\/plurilinguismodelegaciongranada\/files\/2019\/09\/IMG_1593-768x1078.jpg 768w, https:\/\/blogsaverroes.juntadeandalucia.es\/plurilinguismodelegaciongranada\/files\/2019\/09\/IMG_1593-730x1024.jpg 730w, https:\/\/blogsaverroes.juntadeandalucia.es\/plurilinguismodelegaciongranada\/files\/2019\/09\/IMG_1593-17x24.jpg 17w, https:\/\/blogsaverroes.juntadeandalucia.es\/plurilinguismodelegaciongranada\/files\/2019\/09\/IMG_1593-26x36.jpg 26w, https:\/\/blogsaverroes.juntadeandalucia.es\/plurilinguismodelegaciongranada\/files\/2019\/09\/IMG_1593-34x48.jpg 34w, https:\/\/blogsaverroes.juntadeandalucia.es\/plurilinguismodelegaciongranada\/files\/2019\/09\/IMG_1593.jpg 1083w\" sizes=\"(max-width: 214px) 100vw, 214px\" \/><\/a><\/td>\n<\/tr>\n<\/tbody>\n<\/table>\n<h5>&nbsp;&nbsp;&nbsp;&nbsp;&nbsp;&nbsp;&nbsp; Documento de recogida de informaci\u00f3n que deber\u00e1n cumplimentar los centros solicitantes:<\/h5>\n<h3 style=\"text-align: center\"><a href=\"https:\/\/blogsaverroes.juntadeandalucia.es\/plurilinguismodelegaciongranada\/files\/2019\/09\/INF_PRIMARIA_NUEVOS_CENTROS_-2020-2021.pdf\">ANEXO DE VIABILIDAD CENTROS EDUCACI\u00d3N INFANTIL Y PRIMARIA<\/a><\/h3>\n<h5>* Si necesitase el archivo en un formato diferente puede solicitarlo a <a href=\"mailto:plurilinguismo.dpgr.ced@juntadeandalucia.es\">plurilinguismo.dpgr.ced@juntadeandalucia.es<\/a><\/h5>\n","protected":false},"excerpt":{"rendered":"<p>&nbsp;El siguiente documento describe el procedimiento y los requisitos para los centros p\u00fablicos que imparten Educaci\u00f3n Infantil y Primaria que deseen formular solicitud para impartir ense\u00f1anza biling\u00fce, seg\u00fan lo regulado por el marco&#46;&#46;&#46;<\/p>\n","protected":false},"author":3720,"featured_media":0,"parent":0,"menu_order":0,"comment_status":"closed","ping_status":"open","template":"","meta":{"ngg_post_thumbnail":0,"footnotes":"","_mc_calendar":[]},"aioseo_notices":[],"_links":{"self":[{"href":"https:\/\/blogsaverroes.juntadeandalucia.es\/plurilinguismodelegaciongranada\/wp-json\/wp\/v2\/pages\/2408"}],"collection":[{"href":"https:\/\/blogsaverroes.juntadeandalucia.es\/plurilinguismodelegaciongranada\/wp-json\/wp\/v2\/pages"}],"about":[{"href":"https:\/\/blogsaverroes.juntadeandalucia.es\/plurilinguismodelegaciongranada\/wp-json\/wp\/v2\/types\/page"}],"author":[{"embeddable":true,"href":"https:\/\/blogsaverroes.juntadeandalucia.es\/plurilinguismodelegaciongranada\/wp-json\/wp\/v2\/users\/3720"}],"replies":[{"embeddable":true,"href":"https:\/\/blogsaverroes.juntadeandalucia.es\/plurilinguismodelegaciongranada\/wp-json\/wp\/v2\/comments?post=2408"}],"version-history":[{"count":26,"href":"https:\/\/blogsaverroes.juntadeandalucia.es\/plurilinguismodelegaciongranada\/wp-json\/wp\/v2\/pages\/2408\/revisions"}],"predecessor-version":[{"id":5338,"href":"https:\/\/blogsaverroes.juntadeandalucia.es\/plurilinguismodelegaciongranada\/wp-json\/wp\/v2\/pages\/2408\/revisions\/5338"}],"wp:attachment":[{"href":"https:\/\/blogsaverroes.juntadeandalucia.es\/plurilinguismodelegaciongranada\/wp-json\/wp\/v2\/media?parent=2408"}],"curies":[{"name":"wp","href":"https:\/\/api.w.org\/{rel}","templated":true}]}}