{"id":2411,"date":"2016-06-05T13:17:54","date_gmt":"2016-06-05T13:17:54","guid":{"rendered":"http:\/\/blogsaverroes.juntadeandalucia.es\/plurilinguismodelegaciongranada\/?page_id=2411"},"modified":"2019-11-20T10:57:16","modified_gmt":"2019-11-20T10:57:16","slug":"e-s-o","status":"publish","type":"page","link":"https:\/\/blogsaverroes.juntadeandalucia.es\/plurilinguismodelegaciongranada\/e-s-o\/","title":{"rendered":"E.S.O."},"content":{"rendered":"<h5 style=\"text-align: justify\">El siguiente documento describe el procedimiento y los requisitos para los centros p\u00fablicos que imparten Educaci\u00f3n Secundaria Obligatoria que deseen formular solicitud para impartir ense\u00f1anza biling\u00fce, seg\u00fan lo regulado por el marco normativo vigente en el presente curso 2019-2020:<\/h5>\n<p>&nbsp;<\/p>\n<table style=\"height: 291px\" width=\"644\">\n<tbody>\n<tr>\n<td style=\"width: 633.533px;background-color: #f5eedf\"><a href=\"https:\/\/blogsaverroes.juntadeandalucia.es\/plurilinguismodelegaciongranada\/files\/2019\/09\/Manual-solicitud-IES-19-20.pdf\"><img loading=\"lazy\" decoding=\"async\" class=\"aligncenter wp-image-5333 size-medium\" src=\"https:\/\/blogsaverroes.juntadeandalucia.es\/plurilinguismodelegaciongranada\/files\/2019\/09\/IMG_1592-208x300.jpg\" alt=\"\" width=\"208\" height=\"300\" srcset=\"https:\/\/blogsaverroes.juntadeandalucia.es\/plurilinguismodelegaciongranada\/files\/2019\/09\/IMG_1592-208x300.jpg 208w, https:\/\/blogsaverroes.juntadeandalucia.es\/plurilinguismodelegaciongranada\/files\/2019\/09\/IMG_1592-768x1109.jpg 768w, https:\/\/blogsaverroes.juntadeandalucia.es\/plurilinguismodelegaciongranada\/files\/2019\/09\/IMG_1592-709x1024.jpg 709w, https:\/\/blogsaverroes.juntadeandalucia.es\/plurilinguismodelegaciongranada\/files\/2019\/09\/IMG_1592-17x24.jpg 17w, https:\/\/blogsaverroes.juntadeandalucia.es\/plurilinguismodelegaciongranada\/files\/2019\/09\/IMG_1592-25x36.jpg 25w, https:\/\/blogsaverroes.juntadeandalucia.es\/plurilinguismodelegaciongranada\/files\/2019\/09\/IMG_1592-33x48.jpg 33w, https:\/\/blogsaverroes.juntadeandalucia.es\/plurilinguismodelegaciongranada\/files\/2019\/09\/IMG_1592.jpg 1064w\" sizes=\"(max-width: 208px) 100vw, 208px\" \/><\/a><\/td>\n<\/tr>\n<\/tbody>\n<\/table>\n<h5>Documento de recogida de informaci\u00f3n que deber\u00e1n cumplimentar los centros solicitantes:<\/h5>\n<h3 style=\"text-align: center\"><a href=\"https:\/\/blogsaverroes.juntadeandalucia.es\/plurilinguismodelegaciongranada\/files\/2019\/11\/INFORME-VIABILIDAD-SECUNDARIA_2020-21.pdf\">ANEXO DE VIABILIDAD EDUCACI\u00d3N&nbsp;SECUNDARIA OBLIGATORIA<\/a><\/h3>\n<h5>* Si necesitase el archivo en un formato diferente puede solicitarlo a <a href=\"mailto:plurilinguismo.dpgr.ced@juntadeandalucia.es\">plurilinguismo.dpgr.ced@juntadeandalucia.es<\/a><\/h5>\n","protected":false},"excerpt":{"rendered":"<p>El siguiente documento describe el procedimiento y los requisitos para los centros p\u00fablicos que imparten Educaci\u00f3n Secundaria Obligatoria que deseen formular solicitud para impartir ense\u00f1anza biling\u00fce, seg\u00fan lo regulado por el marco normativo&#46;&#46;&#46;<\/p>\n","protected":false},"author":3720,"featured_media":0,"parent":0,"menu_order":0,"comment_status":"closed","ping_status":"open","template":"","meta":{"ngg_post_thumbnail":0,"footnotes":"","_mc_calendar":[]},"aioseo_notices":[],"_links":{"self":[{"href":"https:\/\/blogsaverroes.juntadeandalucia.es\/plurilinguismodelegaciongranada\/wp-json\/wp\/v2\/pages\/2411"}],"collection":[{"href":"https:\/\/blogsaverroes.juntadeandalucia.es\/plurilinguismodelegaciongranada\/wp-json\/wp\/v2\/pages"}],"about":[{"href":"https:\/\/blogsaverroes.juntadeandalucia.es\/plurilinguismodelegaciongranada\/wp-json\/wp\/v2\/types\/page"}],"author":[{"embeddable":true,"href":"https:\/\/blogsaverroes.juntadeandalucia.es\/plurilinguismodelegaciongranada\/wp-json\/wp\/v2\/users\/3720"}],"replies":[{"embeddable":true,"href":"https:\/\/blogsaverroes.juntadeandalucia.es\/plurilinguismodelegaciongranada\/wp-json\/wp\/v2\/comments?post=2411"}],"version-history":[{"count":19,"href":"https:\/\/blogsaverroes.juntadeandalucia.es\/plurilinguismodelegaciongranada\/wp-json\/wp\/v2\/pages\/2411\/revisions"}],"predecessor-version":[{"id":5427,"href":"https:\/\/blogsaverroes.juntadeandalucia.es\/plurilinguismodelegaciongranada\/wp-json\/wp\/v2\/pages\/2411\/revisions\/5427"}],"wp:attachment":[{"href":"https:\/\/blogsaverroes.juntadeandalucia.es\/plurilinguismodelegaciongranada\/wp-json\/wp\/v2\/media?parent=2411"}],"curies":[{"name":"wp","href":"https:\/\/api.w.org\/{rel}","templated":true}]}}