{"id":2556,"date":"2016-06-05T22:27:40","date_gmt":"2016-06-05T22:27:40","guid":{"rendered":"http:\/\/blogsaverroes.juntadeandalucia.es\/plurilinguismodelegaciongranada\/?page_id=2556"},"modified":"2018-01-30T23:49:10","modified_gmt":"2018-01-30T23:49:10","slug":"ensenanza-bilingueplurilingue-en-granada","status":"publish","type":"page","link":"https:\/\/blogsaverroes.juntadeandalucia.es\/plurilinguismodelegaciongranada\/ensenanza-bilingueplurilingue-en-granada\/","title":{"rendered":"ENSE\u00d1ANZA BILING\u00dcE Y PLURILING\u00dcE EN GRANADA"},"content":{"rendered":"<table>\n<tbody>\n<tr>\n<td>\n<h3><a href=\"http:\/\/www.calameo.com\/read\/0032713538a7a79215c44\">EVOLUCI\u00d3N DEL BILING\u00dcISMO Y PLURILING\u00dcISMO EN GRANADA<\/a><\/h3>\n<\/td>\n<\/tr>\n<tr>\n<td>\n<h3><a href=\"http:\/\/blogsaverroes.juntadeandalucia.es\/plurilinguismodelegaciongranada\/mapa-de-centros-bilingues-y-plurilingues\/\">MAPA DE CENTROS BILING\u00dcES Y PLURILING\u00dcES<\/a><\/h3>\n<\/td>\n<\/tr>\n<tr>\n<td>\n<h3><a href=\"http:\/\/blogsaverroes.juntadeandalucia.es\/plurilinguismodelegaciongranada\/oferta-educativa-bilingue-y-plurilingue-en-granada\/\">OFERTA EDUCATIVA BILING\u00dcE Y PLURILING\u00dcE EN GRANADA<\/a><\/h3>\n<\/td>\n<\/tr>\n<\/tbody>\n<\/table>\n<p>&nbsp;<\/p>\n","protected":false},"excerpt":{"rendered":"<p>EVOLUCI\u00d3N DEL BILING\u00dcISMO Y PLURILING\u00dcISMO EN GRANADA MAPA DE CENTROS BILING\u00dcES Y PLURILING\u00dcES OFERTA EDUCATIVA BILING\u00dcE Y PLURILING\u00dcE EN GRANADA &nbsp;<\/p>\n","protected":false},"author":3720,"featured_media":0,"parent":0,"menu_order":0,"comment_status":"closed","ping_status":"open","template":"","meta":{"ngg_post_thumbnail":0,"footnotes":"","_mc_calendar":[]},"aioseo_notices":[],"_links":{"self":[{"href":"https:\/\/blogsaverroes.juntadeandalucia.es\/plurilinguismodelegaciongranada\/wp-json\/wp\/v2\/pages\/2556"}],"collection":[{"href":"https:\/\/blogsaverroes.juntadeandalucia.es\/plurilinguismodelegaciongranada\/wp-json\/wp\/v2\/pages"}],"about":[{"href":"https:\/\/blogsaverroes.juntadeandalucia.es\/plurilinguismodelegaciongranada\/wp-json\/wp\/v2\/types\/page"}],"author":[{"embeddable":true,"href":"https:\/\/blogsaverroes.juntadeandalucia.es\/plurilinguismodelegaciongranada\/wp-json\/wp\/v2\/users\/3720"}],"replies":[{"embeddable":true,"href":"https:\/\/blogsaverroes.juntadeandalucia.es\/plurilinguismodelegaciongranada\/wp-json\/wp\/v2\/comments?post=2556"}],"version-history":[{"count":6,"href":"https:\/\/blogsaverroes.juntadeandalucia.es\/plurilinguismodelegaciongranada\/wp-json\/wp\/v2\/pages\/2556\/revisions"}],"predecessor-version":[{"id":4274,"href":"https:\/\/blogsaverroes.juntadeandalucia.es\/plurilinguismodelegaciongranada\/wp-json\/wp\/v2\/pages\/2556\/revisions\/4274"}],"wp:attachment":[{"href":"https:\/\/blogsaverroes.juntadeandalucia.es\/plurilinguismodelegaciongranada\/wp-json\/wp\/v2\/media?parent=2556"}],"curies":[{"name":"wp","href":"https:\/\/api.w.org\/{rel}","templated":true}]}}