{"id":2580,"date":"2016-06-05T22:45:53","date_gmt":"2016-06-05T22:45:53","guid":{"rendered":"http:\/\/blogsaverroes.juntadeandalucia.es\/plurilinguismodelegaciongranada\/?page_id=2580"},"modified":"2016-06-15T10:48:19","modified_gmt":"2016-06-15T10:48:19","slug":"experiencias","status":"publish","type":"page","link":"https:\/\/blogsaverroes.juntadeandalucia.es\/plurilinguismodelegaciongranada\/experiencias\/","title":{"rendered":"EXPERIENCIAS"},"content":{"rendered":"<p style=\"text-align: justify\">Este espacio re\u00fane experiencias y actividades que van desarrollando los centros biling\u00fces y pluriling\u00fces de la provincia:<\/p>\n<p><a href=\"https:\/\/padlet.com\/plurilinguismo_granada\/Bookmarks\"><img loading=\"lazy\" decoding=\"async\" class=\"alignnone wp-image-3146 size-full aligncenter\" src=\"http:\/\/blogsaverroes.juntadeandalucia.es\/plurilinguismodelegaciongranada\/files\/2016\/06\/actividades.jpg\" alt=\"actividades\" width=\"953\" height=\"501\" srcset=\"https:\/\/blogsaverroes.juntadeandalucia.es\/plurilinguismodelegaciongranada\/files\/2016\/06\/actividades.jpg 953w, https:\/\/blogsaverroes.juntadeandalucia.es\/plurilinguismodelegaciongranada\/files\/2016\/06\/actividades-300x158.jpg 300w, https:\/\/blogsaverroes.juntadeandalucia.es\/plurilinguismodelegaciongranada\/files\/2016\/06\/actividades-700x368.jpg 700w\" sizes=\"(max-width: 953px) 100vw, 953px\" \/><\/a><\/p>\n<p style=\"text-align: justify\">Cumplimente el siguiente formulario si desea compartir experiencias relacionadas con el biling\u00fcismo que se est\u00e9n desarrollando en su centro, indicando en el Asunto \u201cEXPERIENCIAS-Nombre del centro\u201d, y describiendo en el cuerpo del mensaje la experiencia que desea compartir:<\/p>\n<p>[contact_form]<\/p>\n","protected":false},"excerpt":{"rendered":"<p>Este espacio re\u00fane experiencias y actividades que van desarrollando los centros biling\u00fces y pluriling\u00fces de la provincia: Cumplimente el siguiente formulario si desea compartir experiencias relacionadas con el biling\u00fcismo que se est\u00e9n desarrollando&#46;&#46;&#46;<\/p>\n","protected":false},"author":3720,"featured_media":0,"parent":0,"menu_order":0,"comment_status":"closed","ping_status":"open","template":"","meta":{"ngg_post_thumbnail":0,"footnotes":"","_mc_calendar":[]},"aioseo_notices":[],"_links":{"self":[{"href":"https:\/\/blogsaverroes.juntadeandalucia.es\/plurilinguismodelegaciongranada\/wp-json\/wp\/v2\/pages\/2580"}],"collection":[{"href":"https:\/\/blogsaverroes.juntadeandalucia.es\/plurilinguismodelegaciongranada\/wp-json\/wp\/v2\/pages"}],"about":[{"href":"https:\/\/blogsaverroes.juntadeandalucia.es\/plurilinguismodelegaciongranada\/wp-json\/wp\/v2\/types\/page"}],"author":[{"embeddable":true,"href":"https:\/\/blogsaverroes.juntadeandalucia.es\/plurilinguismodelegaciongranada\/wp-json\/wp\/v2\/users\/3720"}],"replies":[{"embeddable":true,"href":"https:\/\/blogsaverroes.juntadeandalucia.es\/plurilinguismodelegaciongranada\/wp-json\/wp\/v2\/comments?post=2580"}],"version-history":[{"count":8,"href":"https:\/\/blogsaverroes.juntadeandalucia.es\/plurilinguismodelegaciongranada\/wp-json\/wp\/v2\/pages\/2580\/revisions"}],"predecessor-version":[{"id":3149,"href":"https:\/\/blogsaverroes.juntadeandalucia.es\/plurilinguismodelegaciongranada\/wp-json\/wp\/v2\/pages\/2580\/revisions\/3149"}],"wp:attachment":[{"href":"https:\/\/blogsaverroes.juntadeandalucia.es\/plurilinguismodelegaciongranada\/wp-json\/wp\/v2\/media?parent=2580"}],"curies":[{"name":"wp","href":"https:\/\/api.w.org\/{rel}","templated":true}]}}