{"id":2740,"date":"2016-06-09T08:37:32","date_gmt":"2016-06-09T08:37:32","guid":{"rendered":"http:\/\/blogsaverroes.juntadeandalucia.es\/plurilinguismodelegaciongranada\/?page_id=2740"},"modified":"2019-11-25T12:46:50","modified_gmt":"2019-11-25T12:46:50","slug":"educacion-primaria-2","status":"publish","type":"page","link":"https:\/\/blogsaverroes.juntadeandalucia.es\/plurilinguismodelegaciongranada\/educacion-primaria-2\/","title":{"rendered":"Educaci\u00f3n Primaria"},"content":{"rendered":"<p style=\"text-align: justify\">Los centros docentes de titularidad privada que soliciten impartir ense\u00f1anza biling\u00fce en la etapa de Educaci\u00f3n Primaria deber\u00e1n acreditar las siguientes condiciones:<\/p>\n<h4 style=\"text-align: center\"><strong>Maestros\/as Especialidad de Educaci\u00f3n Primaria<\/strong><\/h4>\n<p style=\"text-align: justify\">Contar con el n\u00famero adecuado de maestros\/as en posesi\u00f3n de alguna de las titulaciones recogidas en los art\u00edculos 3, 4 y 5 del <strong><a href=\"https:\/\/www.boe.es\/buscar\/pdf\/2013\/BOE-A-2013-7708-consolidado.pdf\"><em>Real Decreto 476\/2013, de 21 de junio, por el que se regulan las condiciones de cualificaci\u00f3n y formaci\u00f3n que deben poseer los&nbsp;maestros de los centros privados de Educaci\u00f3n Infantil y de Educaci\u00f3n Primaria<\/em> <\/a><\/strong>(BOE n\u00ba 167 de 13 de julio).<\/p>\n<h4 style=\"text-align: center\"><strong>Certificaci\u00f3n Ling\u00fc\u00edstica<\/strong><\/h4>\n<p style=\"text-align: justify\">El personal propuesto deber\u00e1 estar en posesi\u00f3n de Certificaci\u00f3n ling\u00fc\u00edstica oficial expedida por el organismo competente que justifique estar en posesi\u00f3n del nivel de competencia ling\u00fc\u00edstica adecuado, m\u00ednimo B2, del Marco Com\u00fan Europeo de Referencia para las Lenguas (MCERL) (Disposici\u00f3n adicional tercera del<em> Real Decreto 476\/2013, de 21 de junio, BOE n\u00ba 167 de 13 de julio.<\/em><\/p>\n<p style=\"text-align: justify\">En Andaluc\u00eda las titulaciones v\u00e1lidas para la impartici\u00f3n de ense\u00f1anza biling\u00fce quedan recogidas en el siguiente marco normativo:<\/p>\n<p style=\"text-align: justify\"><strong><em><a href=\"http:\/\/juntadeandalucia.es\/eboja\/2013\/44\/BOJA13-044-00002-3550-01_00022594.pdf\" rel=\"nofollow\">* ORDEN DE 18 DE FEBRERO DE 2013, por la que se modifican la de 28 de junio y 29 de junio de 2011, en la que se explican cu\u00e1les son las titulaciones v\u00e1lidas para impartir docencia biling\u00fce<\/a>.<\/em><\/strong><\/p>\n<p style=\"text-align: justify\"><strong><em><a href=\"http:\/\/juntadeandalucia.es\/eboja\/2016\/65\/BOJA16-065-00003-5941-01_00088522.pdf\">* Orden de 31 de marzo de 2016, por la que se resuelve el procedimiento para el reconocimiento de la acreditaci\u00f3n de los niveles de competencia ling\u00fc\u00edstica en lenguas extranjeras para el profesorado de ense\u00f1anza biling\u00fce en el \u00e1mbito de la Comunidad Aut\u00f3noma de Andaluc\u00eda, correspondiente a la convocatoria de 2015.<\/a><\/em><\/strong><\/p>\n<p style=\"text-align: justify\"><strong><em><a href=\"https:\/\/blogsaverroes.juntadeandalucia.es\/plurilinguismodelegaciongranada\/files\/2018\/04\/Orden-21-marzo-2018-Resoluci\u00f3n-Reconocimiento-de-Niveles-Competencia-Ling\u00fc\u00edstica.pdf\">* Orden de 21 de marzo de 2018, por la que se resuelve el procedimiento para el&nbsp; reconocimiento de la acreditaci\u00f3n de los niveles de competencia ling\u00fc\u00edstica en lenguas extranjeras para el profesorado de ense\u00f1anza biling\u00fce en el \u00e1mbito de la Comunidad Aut\u00f3noma de Andaluc\u00eda, correspondiente a la convocatoria de 2017<\/a>.<\/em><\/strong><\/p>\n<p style=\"text-align: justify\"><em>* <a href=\"https:\/\/juntadeandalucia.es\/boja\/2019\/4\/BOJA19-004-00003-47-01_00148497.pdf\"><strong>Orden de 21 de diciembre de 2018<\/strong>, por la que se resuelve el procedimiento para el reconocimiento de la acreditaci\u00f3n de los niveles de competencia ling\u00fc\u00edstica en lenguas extranjeras para el profesorado de ense\u00f1anza biling\u00fce en el \u00e1mbito de la Comunidad Aut\u00f3noma de Andaluc\u00eda, correspondiente a la convocatoria de 2018<\/a><\/em><\/p>\n<p style=\"text-align: justify\">En todo caso, deber\u00e1 garantizarse la impartici\u00f3n de los siguientes m\u00ednimos:<\/p>\n<p style=\"text-align: justify\">* Debe garantizarse la impartici\u00f3n en toda la etapa, ya que aunque la implantaci\u00f3n es progresiva, debe garantizarse que el alumnado que inicia ense\u00f1anzas biling\u00fces podr\u00e1 acabarlas en 6\u00ba habiendo cubierto los m\u00ednimos normativos en cada curso. Dichos m\u00ednimos normativos contemplan de forma <strong>obligatoria<\/strong> las <strong>Ciencias Sociales y las Ciencias Naturales<\/strong> durante toda la etapa. La <em>Orden de 28 de junio de 2011, por la que se regula la ense\u00f1anza biling\u00fce en los centros docentes de la Comunidad Aut\u00f3noma de Andaluc\u00eda,<\/em> establec\u00eda de forma obligatoria la ense\u00f1anza de Conocimiento del Medio, y posteriormente, las Instrucciones anuales sobre Organizaci\u00f3n y funcionamiento de la ense\u00f1anza biling\u00fce especifican que en modelo LOMCE las asignaturas obligatorias ser\u00e1n Ciencias Sociales y Ciencias Naturales<\/p>\n<div style=\"text-align: justify\">&nbsp;<\/div>\n<h3 style=\"text-align: center\"><strong>PROCESO DE SOLICITUD<\/strong><\/h3>\n<p style=\"text-align: justify\">&nbsp;Para formular la solicitud, el CDP deber\u00e1 seguir el siguiente procedimiento:<\/p>\n<p style=\"text-align: justify\">&nbsp;Los documentos que debe cumplimentar el CDP son los que siguen:<\/p>\n<p style=\"text-align: justify\">1.<strong>&nbsp;<a href=\"https:\/\/blogsaverroes.juntadeandalucia.es\/plurilinguismodelegaciongranada\/files\/2016\/06\/Anexo-I-Orden-29-de-junio-de-2011.pdf\">Anexo de la&nbsp;ORDEN de 29 de junio de 2011,<\/a><\/strong>&nbsp;por la que se establece el procedimiento para la autorizaci\u00f3n de la ense\u00f1anza biling\u00fce en los centros docentes de titularidad privada (BOJA 12-07-2011)<\/p>\n<p style=\"text-align: justify\">2. Anexo de<strong> <a href=\"https:\/\/blogsaverroes.juntadeandalucia.es\/plurilinguismodelegaciongranada\/files\/2016\/06\/Solicitud-Primaria-Informaci\u00f3n-complementaria.pdf\">Solicitud Primaria-Informaci\u00f3n complementaria<\/a>&nbsp;<\/strong>cumplimentado.<\/p>\n<p>&nbsp;<\/p>\n","protected":false},"excerpt":{"rendered":"<p>Los centros docentes de titularidad privada que soliciten impartir ense\u00f1anza biling\u00fce en la etapa de Educaci\u00f3n Primaria deber\u00e1n acreditar las siguientes condiciones: Maestros\/as Especialidad de Educaci\u00f3n Primaria Contar con el n\u00famero adecuado de&#46;&#46;&#46;<\/p>\n","protected":false},"author":3720,"featured_media":0,"parent":0,"menu_order":0,"comment_status":"closed","ping_status":"open","template":"","meta":{"ngg_post_thumbnail":0,"footnotes":"","_mc_calendar":[]},"aioseo_notices":[],"_links":{"self":[{"href":"https:\/\/blogsaverroes.juntadeandalucia.es\/plurilinguismodelegaciongranada\/wp-json\/wp\/v2\/pages\/2740"}],"collection":[{"href":"https:\/\/blogsaverroes.juntadeandalucia.es\/plurilinguismodelegaciongranada\/wp-json\/wp\/v2\/pages"}],"about":[{"href":"https:\/\/blogsaverroes.juntadeandalucia.es\/plurilinguismodelegaciongranada\/wp-json\/wp\/v2\/types\/page"}],"author":[{"embeddable":true,"href":"https:\/\/blogsaverroes.juntadeandalucia.es\/plurilinguismodelegaciongranada\/wp-json\/wp\/v2\/users\/3720"}],"replies":[{"embeddable":true,"href":"https:\/\/blogsaverroes.juntadeandalucia.es\/plurilinguismodelegaciongranada\/wp-json\/wp\/v2\/comments?post=2740"}],"version-history":[{"count":10,"href":"https:\/\/blogsaverroes.juntadeandalucia.es\/plurilinguismodelegaciongranada\/wp-json\/wp\/v2\/pages\/2740\/revisions"}],"predecessor-version":[{"id":5435,"href":"https:\/\/blogsaverroes.juntadeandalucia.es\/plurilinguismodelegaciongranada\/wp-json\/wp\/v2\/pages\/2740\/revisions\/5435"}],"wp:attachment":[{"href":"https:\/\/blogsaverroes.juntadeandalucia.es\/plurilinguismodelegaciongranada\/wp-json\/wp\/v2\/media?parent=2740"}],"curies":[{"name":"wp","href":"https:\/\/api.w.org\/{rel}","templated":true}]}}

Educación Primaria

<p style="text-align: justify">Los centros docentes de titularidad privada que soliciten impartir enseñanza bilingüe en la etapa de Educación Primaria deberán acreditar las siguientes condiciones:</p>
<h4 style="text-align: center"><strong>Maestros/as Especialidad de Educación Primaria</strong></h4>
<p style="text-align: justify">Contar con el número adecuado de maestros/as en posesión de alguna de las titulaciones recogidas en los artículos 3, 4 y 5 del <strong><a href="https://www.boe.es/buscar/pdf/2013/BOE-A-2013-7708-consolidado.pdf"><em>Real Decreto 476/2013, de 21 de junio, por el que se regulan las condiciones de cualificación y formación que deben poseer los&nbsp;maestros de los centros privados de Educación Infantil y de Educación Primaria</em> </a></strong>(BOE nº 167 de 13 de julio).</p>
<h4 style="text-align: center"><strong>Certificación Lingüística</strong></h4>
<p style="text-align: justify">El personal propuesto deberá estar en posesión de Certificación lingüística oficial expedida por el organismo competente que justifique estar en posesión del nivel de competencia lingüística adecuado, mínimo B2, del Marco Común Europeo de Referencia para las Lenguas (MCERL) (Disposición adicional tercera del<em> Real Decreto 476/2013, de 21 de junio, BOE nº 167 de 13 de julio.</em></p>
<p style="text-align: justify">En Andalucía las titulaciones válidas para la impartición de enseñanza bilingüe quedan recogidas en el siguiente marco normativo:</p>
<p style="text-align: justify"><strong><em><a href="http://juntadeandalucia.es/eboja/2013/44/BOJA13-044-00002-3550-01_00022594.pdf" rel="nofollow">* ORDEN DE 18 DE FEBRERO DE 2013, por la que se modifican la de 28 de junio y 29 de junio de 2011, en la que se explican cuáles son las titulaciones válidas para impartir docencia bilingüe</a>.</em></strong></p>
<p style="text-align: justify"><strong><em><a href="http://juntadeandalucia.es/eboja/2016/65/BOJA16-065-00003-5941-01_00088522.pdf">* Orden de 31 de marzo de 2016, por la que se resuelve el procedimiento para el reconocimiento de la acreditación de los niveles de competencia lingüística en lenguas extranjeras para el profesorado de enseñanza bilingüe en el ámbito de la Comunidad Autónoma de Andalucía, correspondiente a la convocatoria de 2015.</a></em></strong></p>
<p style="text-align: justify"><strong><em><a href="https://blogsaverroes.juntadeandalucia.es/plurilinguismodelegaciongranada/files/2018/04/Orden-21-marzo-2018-Resolución-Reconocimiento-de-Niveles-Competencia-Lingüística.pdf">* Orden de 21 de marzo de 2018, por la que se resuelve el procedimiento para el&nbsp; reconocimiento de la acreditación de los niveles de competencia lingüística en lenguas extranjeras para el profesorado de enseñanza bilingüe en el ámbito de la Comunidad Autónoma de Andalucía, correspondiente a la convocatoria de 2017</a>.</em></strong></p>
<p style="text-align: justify"><em>* <a href="https://juntadeandalucia.es/boja/2019/4/BOJA19-004-00003-47-01_00148497.pdf"><strong>Orden de 21 de diciembre de 2018</strong>, por la que se resuelve el procedimiento para el reconocimiento de la acreditación de los niveles de competencia lingüística en lenguas extranjeras para el profesorado de enseñanza bilingüe en el ámbito de la Comunidad Autónoma de Andalucía, correspondiente a la convocatoria de 2018</a></em></p>
<p style="text-align: justify">En todo caso, deberá garantizarse la impartición de los siguientes mínimos:</p>
<p style="text-align: justify">* Debe garantizarse la impartición en toda la etapa, ya que aunque la implantación es progresiva, debe garantizarse que el alumnado que inicia enseñanzas bilingües podrá acabarlas en 6º habiendo cubierto los mínimos normativos en cada curso. Dichos mínimos normativos contemplan de forma <strong>obligatoria</strong> las <strong>Ciencias Sociales y las Ciencias Naturales</strong> durante toda la etapa. La <em>Orden de 28 de junio de 2011, por la que se regula la enseñanza bilingüe en los centros docentes de la Comunidad Autónoma de Andalucía,</em> establecía de forma obligatoria la enseñanza de Conocimiento del Medio, y posteriormente, las Instrucciones anuales sobre Organización y funcionamiento de la enseñanza bilingüe especifican que en modelo LOMCE las asignaturas obligatorias serán Ciencias Sociales y Ciencias Naturales</p>
<div style="text-align: justify">&nbsp;</div>
<h3 style="text-align: center"><strong>PROCESO DE SOLICITUD</strong></h3>
<p style="text-align: justify">&nbsp;Para formular la solicitud, el CDP deberá seguir el siguiente procedimiento:</p>
<p style="text-align: justify">&nbsp;Los documentos que debe cumplimentar el CDP son los que siguen:</p>
<p style="text-align: justify">1.<strong>&nbsp;<a href="https://blogsaverroes.juntadeandalucia.es/plurilinguismodelegaciongranada/files/2016/06/Anexo-I-Orden-29-de-junio-de-2011.pdf">Anexo de la&nbsp;ORDEN de 29 de junio de 2011,</a></strong>&nbsp;por la que se establece el procedimiento para la autorización de la enseñanza bilingüe en los centros docentes de titularidad privada (BOJA 12-07-2011)</p>
<p style="text-align: justify">2. Anexo de<strong> <a href="https://blogsaverroes.juntadeandalucia.es/plurilinguismodelegaciongranada/files/2016/06/Solicitud-Primaria-Información-complementaria.pdf">Solicitud Primaria-Información complementaria</a>&nbsp;</strong>cumplimentado.</p>
<p>&nbsp;</p>

<p>Los centros docentes de titularidad privada que soliciten impartir enseñanza bilingüe en la etapa de Educación Primaria deberán acreditar las siguientes condiciones: Maestros/as Especialidad de Educación Primaria Contar con el número adecuado de&#46;&#46;&#46;</p>
