{"id":2831,"date":"2016-06-09T14:54:57","date_gmt":"2016-06-09T14:54:57","guid":{"rendered":"http:\/\/blogsaverroes.juntadeandalucia.es\/plurilinguismodelegaciongranada\/?page_id=2831"},"modified":"2016-06-09T16:07:28","modified_gmt":"2016-06-09T16:07:28","slug":"2013-2","status":"publish","type":"page","link":"https:\/\/blogsaverroes.juntadeandalucia.es\/plurilinguismodelegaciongranada\/2013-2\/","title":{"rendered":"2013"},"content":{"rendered":"<h3 style=\"text-align: center\">\u00a0 \u00a0<strong> \u00a025 DE ABRIL DE 2013. \u00abLOS CUENTOS DE ALHAMBRA\u00bb EN LA FERIA DEL LIBRO<\/strong><\/h3>\n<h5 style=\"text-align: justify\">\u00a0 \u00a0 \u00a0 \u00a0 \u00a0 \u00a0El primer Encuentro Lector tuvo lugar el d\u00eda 25 de abril de 2013, y en esa ocasi\u00f3n nos acompa\u00f1aron los siguientes centros, con las siguientes actividades relacionadas con <em>Los cuentos de Alhambra<\/em> de Washington Irving, junto al acompa\u00f1amiento musical del IES \u00c1ngel Ganivet de Granada:<\/h5>\n<table width=\"100%\" cellspacing=\"0\" cellpadding=\"5\">\n<colgroup>\n<col width=\"128*\" \/>\n<col width=\"128*\" \/> <\/colgroup>\n<tbody>\n<tr valign=\"top\">\n<td bgcolor=\"#c0c0c0\" width=\"50%\">\n<h4 align=\"center\"><span style=\"color: #000000\"><span style=\"font-family: 'Eras Bd BT', sans-serif\"><span style=\"font-size: large\"><b>CENTROS PARTICIPANTES<\/b><\/span><\/span><\/span><\/h4>\n<\/td>\n<td bgcolor=\"#c0c0c0\" width=\"50%\">\n<h4 align=\"center\"><span style=\"color: #000000\"><span style=\"font-family: 'Eras Bd BT', sans-serif\"><span style=\"font-size: large\"><b>ACTIVIDAD <\/b><\/span><\/span><\/span><\/h4>\n<\/td>\n<\/tr>\n<tr valign=\"top\">\n<td width=\"50%\"><span style=\"font-family: Calibri, sans-serif\">IES MONTES ORIENTALES (Iznalloz)<\/span><\/td>\n<td width=\"50%\"><span style=\"font-family: Calibri, sans-serif\">Presentaci\u00f3n de c\u00f3mics sobre <i>Cuentos de la Alhambra<\/i><\/span><\/td>\n<\/tr>\n<tr valign=\"top\">\n<td width=\"50%\"><span style=\"font-family: Calibri, sans-serif\">IES PEDRO JIM\u00c9NEZ MONTOYA (Baza)<\/span><\/td>\n<td width=\"50%\"><span style=\"font-family: Calibri, sans-serif\">Proyecci\u00f3n de reflexiones sobre lecturas por parte del alumnado biling\u00fce<\/span><\/td>\n<\/tr>\n<tr valign=\"top\">\n<td width=\"50%\"><span style=\"font-family: Calibri, sans-serif\">IES \u00c1NGEL GANIVET <\/span><\/td>\n<td width=\"50%\"><span style=\"font-family: Calibri, sans-serif\">Representaci\u00f3n de \u201cEl principito\u201d en franc\u00e9s<\/span><\/td>\n<\/tr>\n<tr valign=\"top\">\n<td width=\"50%\"><span style=\"font-family: Calibri, sans-serif\">IES ALPUJARRA (\u00d3rgiva)<\/span><\/td>\n<td width=\"50%\"><span style=\"font-family: Calibri, sans-serif\">Lectura de <i>Cuentos de la Alhambra<\/i><\/span><\/td>\n<\/tr>\n<tr valign=\"top\">\n<td width=\"50%\"><span style=\"font-family: Calibri, sans-serif\">IES ARABULEILA (C\u00fallar-Vega)<\/span><\/td>\n<td width=\"50%\"><span style=\"font-family: Calibri, sans-serif\">Lectura-representaci\u00f3n de <i>Cuentos de la Alhambra<\/i><\/span><\/td>\n<\/tr>\n<tr valign=\"top\">\n<td width=\"50%\"><span style=\"font-family: Calibri, sans-serif\">IES MIGUEL DE CERVANTES<\/span><\/td>\n<td width=\"50%\"><span style=\"font-family: Calibri, sans-serif\">Exposici\u00f3n-explicaci\u00f3n sobre lecturas <\/span><\/td>\n<\/tr>\n<tr valign=\"top\">\n<td width=\"50%\"><span style=\"font-family: Calibri, sans-serif\">IES GENERALIFE<\/span><\/td>\n<td width=\"50%\"><span style=\"font-family: Calibri, sans-serif\">Reflexiones sobre la lectura, acompa\u00f1ada de proyecci\u00f3n<\/span><\/td>\n<\/tr>\n<tr valign=\"top\">\n<td width=\"50%\"><span style=\"font-family: Calibri, sans-serif\">IES PADRE SU\u00c1REZ<\/span><\/td>\n<td width=\"50%\"><span style=\"font-family: Calibri, sans-serif\">Lectura de <i>The Alhambra Tales<\/i><\/span><\/td>\n<\/tr>\n<\/tbody>\n<\/table>\n","protected":false},"excerpt":{"rendered":"<p>\u00a0 \u00a0 \u00a025 DE ABRIL DE 2013. \u00abLOS CUENTOS DE ALHAMBRA\u00bb EN LA FERIA DEL LIBRO \u00a0 \u00a0 \u00a0 \u00a0 \u00a0 \u00a0El primer Encuentro Lector tuvo lugar el d\u00eda 25 de abril de&#46;&#46;&#46;<\/p>\n","protected":false},"author":3720,"featured_media":0,"parent":0,"menu_order":0,"comment_status":"closed","ping_status":"open","template":"","meta":{"ngg_post_thumbnail":0,"footnotes":"","_mc_calendar":[]},"aioseo_notices":[],"_links":{"self":[{"href":"https:\/\/blogsaverroes.juntadeandalucia.es\/plurilinguismodelegaciongranada\/wp-json\/wp\/v2\/pages\/2831"}],"collection":[{"href":"https:\/\/blogsaverroes.juntadeandalucia.es\/plurilinguismodelegaciongranada\/wp-json\/wp\/v2\/pages"}],"about":[{"href":"https:\/\/blogsaverroes.juntadeandalucia.es\/plurilinguismodelegaciongranada\/wp-json\/wp\/v2\/types\/page"}],"author":[{"embeddable":true,"href":"https:\/\/blogsaverroes.juntadeandalucia.es\/plurilinguismodelegaciongranada\/wp-json\/wp\/v2\/users\/3720"}],"replies":[{"embeddable":true,"href":"https:\/\/blogsaverroes.juntadeandalucia.es\/plurilinguismodelegaciongranada\/wp-json\/wp\/v2\/comments?post=2831"}],"version-history":[{"count":11,"href":"https:\/\/blogsaverroes.juntadeandalucia.es\/plurilinguismodelegaciongranada\/wp-json\/wp\/v2\/pages\/2831\/revisions"}],"predecessor-version":[{"id":2867,"href":"https:\/\/blogsaverroes.juntadeandalucia.es\/plurilinguismodelegaciongranada\/wp-json\/wp\/v2\/pages\/2831\/revisions\/2867"}],"wp:attachment":[{"href":"https:\/\/blogsaverroes.juntadeandalucia.es\/plurilinguismodelegaciongranada\/wp-json\/wp\/v2\/media?parent=2831"}],"curies":[{"name":"wp","href":"https:\/\/api.w.org\/{rel}","templated":true}]}}