{"id":3126,"date":"2016-06-14T10:01:20","date_gmt":"2016-06-14T10:01:20","guid":{"rendered":"http:\/\/blogsaverroes.juntadeandalucia.es\/plurilinguismodelegaciongranada\/?page_id=3126"},"modified":"2020-10-02T09:25:16","modified_gmt":"2020-10-02T09:25:16","slug":"nombramiento-de-coordinadora","status":"publish","type":"page","link":"https:\/\/blogsaverroes.juntadeandalucia.es\/plurilinguismodelegaciongranada\/nombramiento-de-coordinadora\/","title":{"rendered":"Nombramiento de coordinador\/a"},"content":{"rendered":"<p><strong><em>La Orden de 28 de junio de 2011, por la que se regula la ense\u00f1anza biling\u00fce en los centros docentes de la Comunidad Aut\u00f3noma de Andaluc\u00eda<\/em><\/strong>, regula, en su art\u00edculo 20, el nombramiento de la persona encargada de la coordinaci\u00f3n de la ense\u00f1anza biling\u00fce en los centros p\u00fablicos, en los siguientes t\u00e9rminos:<\/p>\n<ol>\n<li>El\/la coordinador\/a, ha sido designado\/a de entre el profesorado participante de lenguas, preferentemente de lengua extranjera, con destino definitivo en este centro.<\/li>\n<li>Dicho nombramiento tendr\u00e1 car\u00e1cter bianual, siempre que durante dicho per\u00edodo el\/la coordinador\/a contin\u00fae prestando servicios en el centro y no se produzca el cese del\/la director\/directora en dicho per\u00edodo.<\/li>\n<\/ol>\n<p align=\"justify\">Para hacer efectivo este nombramiento, los centros p\u00fablicos deber\u00e1n remitir cumplimentado al \u00c1rea de Pluriling\u00fcismo en el Servicio de Ordenaci\u00f3n Educativa de esta Delegaci\u00f3n Territorial el siguiente <strong>DOCUMENTO<\/strong> <strong><a href=\"https:\/\/blogsaverroes.juntadeandalucia.es\/plurilinguismodelegaciongranada\/files\/2016\/06\/NOMBRAMIENTO-DE-COORDINADORES-Modelo-de-propuesta-de-los-centros.pdf\">NOMBRAMIENTO DE COORDINADOR-A<\/a> <\/strong>en los siguientes casos:<\/p>\n<p align=\"justify\">&#8211; Cuando se produzca nuevo nombramiento.<\/p>\n<p align=\"justify\">&#8211; En el caso de renovaci\u00f3n en el nombramiento de la persona que haya coordinado la ense\u00f1anza biling\u00fce durante dos a\u00f1os.<\/p>\n<p align=\"justify\">Desde el Servicio de Ordenaci\u00f3n Educativa se dar\u00e1 traslado a Inspecci\u00f3n Educativa, que velar\u00e1 por el correcto nombramiento de la persona que coordina la ense\u00f1anza biling\u00fce o pluriling\u00fce.<\/p>\n<p>* Si necesitase el archivo en un formato diferente puede solicitarlo a <a href=\"mailto:plurilinguismo.dpgr.ced@juntadeandalucia.es\">plurilinguismo.dpgr.ced@juntadeandalucia.es<\/a><\/p>\n<p>&nbsp;<\/p>\n","protected":false},"excerpt":{"rendered":"<p>La Orden de 28 de junio de 2011, por la que se regula la ense\u00f1anza biling\u00fce en los centros docentes de la Comunidad Aut\u00f3noma de Andaluc\u00eda, regula, en su art\u00edculo 20, el nombramiento&#46;&#46;&#46;<\/p>\n","protected":false},"author":3720,"featured_media":0,"parent":0,"menu_order":0,"comment_status":"closed","ping_status":"open","template":"","meta":{"ngg_post_thumbnail":0,"footnotes":"","_mc_calendar":[]},"aioseo_notices":[],"_links":{"self":[{"href":"https:\/\/blogsaverroes.juntadeandalucia.es\/plurilinguismodelegaciongranada\/wp-json\/wp\/v2\/pages\/3126"}],"collection":[{"href":"https:\/\/blogsaverroes.juntadeandalucia.es\/plurilinguismodelegaciongranada\/wp-json\/wp\/v2\/pages"}],"about":[{"href":"https:\/\/blogsaverroes.juntadeandalucia.es\/plurilinguismodelegaciongranada\/wp-json\/wp\/v2\/types\/page"}],"author":[{"embeddable":true,"href":"https:\/\/blogsaverroes.juntadeandalucia.es\/plurilinguismodelegaciongranada\/wp-json\/wp\/v2\/users\/3720"}],"replies":[{"embeddable":true,"href":"https:\/\/blogsaverroes.juntadeandalucia.es\/plurilinguismodelegaciongranada\/wp-json\/wp\/v2\/comments?post=3126"}],"version-history":[{"count":8,"href":"https:\/\/blogsaverroes.juntadeandalucia.es\/plurilinguismodelegaciongranada\/wp-json\/wp\/v2\/pages\/3126\/revisions"}],"predecessor-version":[{"id":5734,"href":"https:\/\/blogsaverroes.juntadeandalucia.es\/plurilinguismodelegaciongranada\/wp-json\/wp\/v2\/pages\/3126\/revisions\/5734"}],"wp:attachment":[{"href":"https:\/\/blogsaverroes.juntadeandalucia.es\/plurilinguismodelegaciongranada\/wp-json\/wp\/v2\/media?parent=3126"}],"curies":[{"name":"wp","href":"https:\/\/api.w.org\/{rel}","templated":true}]}}