{"id":4424,"date":"2018-05-28T11:54:35","date_gmt":"2018-05-28T11:54:35","guid":{"rendered":"http:\/\/blogsaverroes.juntadeandalucia.es\/plurilinguismodelegaciongranada\/?page_id=4424"},"modified":"2021-06-02T10:48:24","modified_gmt":"2021-06-02T10:48:24","slug":"autorizacion-para-impartir-ensenanza-bilingue","status":"publish","type":"page","link":"https:\/\/blogsaverroes.juntadeandalucia.es\/plurilinguismodelegaciongranada\/autorizacion-para-impartir-ensenanza-bilingue\/","title":{"rendered":"AUTORIZACI\u00d3N PARA IMPARTIR ENSE\u00d1ANZA BILING\u00dcE"},"content":{"rendered":"<p style=\"text-align: justify\">H<strong>asta el d\u00eda 15 de junio<\/strong> podr\u00e1n formularse las solicitudes de autorizaci\u00f3n del profesorado que tenga <strong>destino definitivo<\/strong> en el centro y <strong>acredite un nivel B2<\/strong> seg\u00fan cualquiera de las titulaciones recogidas en el siguiente marco normativo:<\/p>\n<p style=\"text-align: justify\"><em><a href=\"http:\/\/juntadeandalucia.es\/eboja\/2013\/44\/BOJA13-044-00002-3550-01_00022594.pdf\" target=\"_blank\" rel=\"nofollow noopener noreferrer\">ORDEN DE 18 DE FEBRERO DE 2013, por la que se modifican la de 28 de junio y 29 de junio de 2011, en la que se explican cu\u00e1les son las titulaciones v\u00e1lidas para impartir docencia biling\u00fce<\/a><\/em><\/p>\n<p style=\"text-align: justify\"><em> <a href=\"http:\/\/juntadeandalucia.es\/eboja\/2016\/65\/BOJA16-065-00003-5941-01_00088522.pdf\" target=\"_blank\" rel=\"noopener noreferrer\">Orden de 31 de marzo de 2016, por la que se resuelve el procedimiento para el reconocimiento de la acreditaci\u00f3n de los niveles de competencia ling\u00fc\u00edstica en lenguas extranjeras para el profesorado de ense\u00f1anza biling\u00fce en el \u00e1mbito de la Comunidad Aut\u00f3noma de Andaluc\u00eda, correspondiente a la convocatoria de 2015.<\/a><\/em><\/p>\n<p style=\"text-align: justify\"><em> <a href=\"https:\/\/blogsaverroes.juntadeandalucia.es\/plurilinguismodelegaciongranada\/files\/2018\/04\/Orden-21-marzo-2018-Resoluci%C3%B3n-Reconocimiento-de-Niveles-Competencia-Ling%C3%BC%C3%ADstica.pdf\" target=\"_blank\" rel=\"noopener noreferrer\">Orden de 21 de marzo de 2018, por la que se resuelve el procedimiento para el&nbsp; reconocimiento de la acreditaci\u00f3n de los niveles de competencia ling\u00fc\u00edstica en lenguas extranjeras para el profesorado de ense\u00f1anza biling\u00fce en el \u00e1mbito de la Comunidad Aut\u00f3noma de Andaluc\u00eda, correspondiente a la convocatoria de 2017<\/a>. <\/em><\/p>\n<p style=\"text-align: justify\"><em><a href=\"https:\/\/juntadeandalucia.es\/boja\/2019\/4\/BOJA19-004-00003-47-01_00148497.pdf\">Orden de 21 de diciembre de 2018, por la que se resuelve el procedimiento para el reconocimiento de la acreditaci\u00f3n de los niveles de competencia ling\u00fc\u00edstica en lenguas extranjeras para el profesorado de ense\u00f1anza biling\u00fce en el \u00e1mbito de la Comunidad Aut\u00f3noma de Andaluc\u00eda, correspondiente a la convocatoria de 2018.<\/a><\/em><\/p>\n<p>*<a href=\"https:\/\/blogsaverroes.juntadeandalucia.es\/plurilinguismodelegaciongranada\/files\/2020\/01\/BOJA19-249-00003-19207-01_001673143.pdf\"><em> <strong>Orden de 20 de diciembre de 2019<\/strong>, por la que se resuelve el procedimiento para el reconocimiento de la acreditaci\u00f3n de los niveles de competencia ling\u00fc\u00edstica en lenguas extranjeras para el profesorado de ense\u00f1anza biling\u00fce en el \u00e1mbito de la Comunidad Aut\u00f3noma de Andaluc\u00eda, correspondiente a la convocatoria de 2019.<\/em><\/a><\/p>\n<p>*<a href=\"https:\/\/www.juntadeandalucia.es\/educacion\/portals\/delegate\/content\/05fac561-b0eb-4344-9ab2-f68833d65558\"><em><strong>Orden de 15 de diciembre de 2020<\/strong>, por la que se resuelve el procedimiento para el reconocimiento de la acreditaci\u00f3n de los niveles de competencia ling\u00fc\u00edstica en lenguas extranjeras para el profesorado de ense\u00f1anza biling\u00fce en el \u00e1mbito de la Comunidad Aut\u00f3noma de Andaluc\u00eda, correspondiente a la convocatoria de 2020.<\/em><\/a><\/p>\n<h3 style=\"text-align: center\"><strong><em>DOCUMENTACI\u00d3N Y PRESENTACI\u00d3N DE SOLICITUDES<\/em><\/strong>&nbsp;<\/h3>\n<div>\n<p style=\"text-align: justify\">La solicitud deber\u00e1 ser formulada mediante oficio remitido por la Direcci\u00f3n del centro educativo, y contendr\u00e1 la siguiente documentaci\u00f3n:<\/p>\n<p style=\"text-align: justify\"><strong>1. Documento de la Direcci\u00f3n del centro de solicitud de autorizaci\u00f3n para el personal propuesto &#8211; <\/strong>DISPONIBLE EN<strong> <a href=\"https:\/\/blogsaverroes.juntadeandalucia.es\/plurilinguismodelegaciongranada\/files\/2021\/06\/DIRECCI\u00d3N-AUTORIZACI\u00d3N-PROFESORADO-ENSE\u00d1ANZA-BILING\u00dcE.pdf\"><span style=\"text-decoration: underline\">ESTE ENLACE<\/span><\/a>.<\/strong><\/p>\n<p style=\"text-align: justify\"><strong>2. Anexo(s) de solicitud individual de autorizaci\u00f3n.<\/strong> &#8211; DISPONIBLE EN <span style=\"text-decoration: underline\"><strong><a href=\"https:\/\/blogsaverroes.juntadeandalucia.es\/plurilinguismodelegaciongranada\/files\/2021\/06\/DOCENTE-ANEXO-AUTORIZACI\u00d3N.pdf\">ESTE ENLACE<\/a><\/strong><\/span>.<\/p>\n<p style=\"text-align: justify\">Para poder dar curso a la solicitud, cada uno\/a de los\/as docentes propuestos\/as deber\u00e1 cumplimentar esta solicitud de forma individual, por lo que deber\u00e1n remitirse adjuntos tantos Anexos como docentes solicitantes.<\/p>\n<p style=\"text-align: justify\">3. <span style=\"text-decoration: underline\"><strong>Copia de la titulaci\u00f3n ling\u00fc\u00edstica acreditativa<\/strong><\/span> con firma y leyenda en el lateral \u201cEs copia fiel del original\u201d de cada uno\/a de los\/as docentes solicitantes.<\/p>\n<p style=\"text-align: justify\">Las solicitudes y la documentaci\u00f3n complementaria ser\u00e1n remitidas por el Director o Directora del centro educativo mediante cualquiera de los siguientes medios:<\/p>\n<p style=\"text-align: center\"><em>&#8211; Ventanilla electr\u00f3nica, dirigi\u00e9ndose al \u00abServicio de Ordenaci\u00f3n Educativa\u00bb -&gt; \u00abPluriling\u00fcismo\u00bb<\/em><\/p>\n<p style=\"text-align: center\"><em>&#8211; Registro General de esta Delegaci\u00f3n Territorial<\/em><\/p>\n<p style=\"text-align: center\"><em>&#8211; Cualquiera de las v\u00edas expuestas en el art\u00edculo 16 de la Ley 39\/2015, de 1 de octubre, del Procedimiento Administrativo Com\u00fan de las Administraciones P\u00fablicas. En el caso de que se optara por presentar la documentaci\u00f3n ante la Oficina de Correos, se har\u00e1 en sobre abierto para que la solicitud sea fechada y sellada por el personal de Correos, antes de ser certificada.&nbsp;<\/em><\/p>\n<\/div>\n","protected":false},"excerpt":{"rendered":"<p>Hasta el d\u00eda 15 de junio podr\u00e1n formularse las solicitudes de autorizaci\u00f3n del profesorado que tenga destino definitivo en el centro y acredite un nivel B2 seg\u00fan cualquiera de las titulaciones recogidas en&#46;&#46;&#46;<\/p>\n","protected":false},"author":3720,"featured_media":0,"parent":0,"menu_order":0,"comment_status":"closed","ping_status":"closed","template":"","meta":{"ngg_post_thumbnail":0,"footnotes":"","_mc_calendar":[]},"aioseo_notices":[],"_links":{"self":[{"href":"https:\/\/blogsaverroes.juntadeandalucia.es\/plurilinguismodelegaciongranada\/wp-json\/wp\/v2\/pages\/4424"}],"collection":[{"href":"https:\/\/blogsaverroes.juntadeandalucia.es\/plurilinguismodelegaciongranada\/wp-json\/wp\/v2\/pages"}],"about":[{"href":"https:\/\/blogsaverroes.juntadeandalucia.es\/plurilinguismodelegaciongranada\/wp-json\/wp\/v2\/types\/page"}],"author":[{"embeddable":true,"href":"https:\/\/blogsaverroes.juntadeandalucia.es\/plurilinguismodelegaciongranada\/wp-json\/wp\/v2\/users\/3720"}],"replies":[{"embeddable":true,"href":"https:\/\/blogsaverroes.juntadeandalucia.es\/plurilinguismodelegaciongranada\/wp-json\/wp\/v2\/comments?post=4424"}],"version-history":[{"count":31,"href":"https:\/\/blogsaverroes.juntadeandalucia.es\/plurilinguismodelegaciongranada\/wp-json\/wp\/v2\/pages\/4424\/revisions"}],"predecessor-version":[{"id":5847,"href":"https:\/\/blogsaverroes.juntadeandalucia.es\/plurilinguismodelegaciongranada\/wp-json\/wp\/v2\/pages\/4424\/revisions\/5847"}],"wp:attachment":[{"href":"https:\/\/blogsaverroes.juntadeandalucia.es\/plurilinguismodelegaciongranada\/wp-json\/wp\/v2\/media?parent=4424"}],"curies":[{"name":"wp","href":"https:\/\/api.w.org\/{rel}","templated":true}]}}