{"id":4600,"date":"2022-06-13T16:13:08","date_gmt":"2022-06-13T16:13:08","guid":{"rendered":"https:\/\/blogsaverroes.juntadeandalucia.es\/plurilinguismodelegaciongranada\/?page_id=4600"},"modified":"2024-06-10T10:05:39","modified_gmt":"2024-06-10T10:05:39","slug":"inmersion-linguistica-para-docentes-anl","status":"publish","type":"page","link":"https:\/\/blogsaverroes.juntadeandalucia.es\/plurilinguismodelegaciongranada\/inmersion-linguistica-para-docentes-anl\/","title":{"rendered":"INMERSI\u00d3N LING\u00dc\u00cdSTICA PARA DOCENTES ANL"},"content":{"rendered":"<div>&nbsp;<\/div>\n<div class=\"addtoany_share_save_container addtoany_content_bottom\">\n<div><img loading=\"lazy\" decoding=\"async\" class=\"aligncenter\" src=\"https:\/\/blogsaverroes.juntadeandalucia.es\/plurilinguismodelegaciongranada\/files\/2023\/02\/inmersion-ling_JA.png\" alt=\"\" width=\"668\" height=\"280\"><\/div>\n<div>&nbsp;<\/div>\n<div class=\"separacionCapas\">Convocatoria dirigida a profesorado ANL de centros biling\u00fces y pluriling\u00fces.<\/div>\n<div>\n<p>Se trata de inmersi\u00f3n ling\u00fc\u00edstica que se desarrollar\u00e1 durante el verano de 2024 en Reino Unido \/ Irlanda y Francia.<\/p>\n<p>Las estancias tendr\u00e1n una duraci\u00f3n de dos semanas durante los meses de julio y agosto de 2023<\/p>\n<p>El n\u00famero total de plazas es de 240, con la siguiente distribuci\u00f3n:<\/p>\n<ul>\n<li>220 estancias de inmersi\u00f3n en lengua inglesa<\/li>\n<li>20 estancias de inmersi\u00f3n en lengua francesa<\/li>\n<\/ul>\n<p>Presentaci\u00f3n de Solicitudes a trav\u00e9s del<strong>&nbsp;<a href=\"https:\/\/www.juntadeandalucia.es\/educacion\/portaldocente\/\">Portal Docente<\/a><\/strong><\/p>\n<p>Plazo, 10 d\u00edas h\u00e1biles desde el 9 de marzo de 2024.<\/p>\n<p>Baremo:<\/p>\n<p><img loading=\"lazy\" decoding=\"async\" class=\"\" src=\"https:\/\/blogsaverroes.juntadeandalucia.es\/plurilinguismodelegaciongranada\/files\/2023\/03\/Baremo.png\" alt=\"\" width=\"713\" height=\"441\"><\/p>\n<\/div>\n<div id=\"aui_3_2_0_1121\" class=\"contenido_detalle\">\n<h3 class=\"tituloCaja\">Resoluci\u00f3n Definitiva<\/h3>\n<p style=\"text-align: justify\"><a href=\"https:\/\/portals.ced.junta-andalucia.es\/educacion\/portals\/web\/ced\/novedades\/-\/contenidos\/detalle\/resolucion-de-29-de-mayo-de-2024-de-la-direccion-general-de-tecnologias-avanzadas-y-transformacion-educativa-por-la-que-17hbfwwocb1pw\">Resoluci\u00f3n de 29 de mayo de 2024, de la Direcci\u00f3n General de Tecnolog\u00edas Avanzadas y Transformaci\u00f3n Educativa, por la que se publican los listados definitivos de personas admitidas, excluidas, adjudicadas y en reserva de los idiomas franc\u00e9s e ingl\u00e9s correspondientes a la convocatoria de plazas para realizar estancias de inmersi\u00f3n ling\u00fc\u00edstica para el profesorado con destino en los centros p\u00fablicos biling\u00fces dependientes de la Consejer\u00eda de Desarrollo Educativo y Formaci\u00f3n Profesional de la Comunidad Aut\u00f3noma de Andaluc\u00eda, de la convocatoria para el a\u00f1o 2024<\/a><\/p>\n<h3 class=\"tituloCaja\">Resoluci\u00f3n Provisional<\/h3>\n<p style=\"text-align: justify\"><a title=\"Pulse para visualizar el documento:&nbsp;Texto de la Resoluci\u00f3n de 18 de abril de 2024 de listado solicitudes admitidas en cada uno de los idiomas y los listados de solicitudes excluidas correspondiente a la Resoluci\u00f3n de 4 de marzo de 2024\" href=\"https:\/\/portals.ced.junta-andalucia.es\/educacion\/portals\/web\/ced\/novedades\/-\/contenidos\/detalle\/resolucion-de-18-de-abril-de-2024-de-la-direccion-general-de-tecnologias-avanzadas-y-transformacion-educativa-por-la\" target=\"_blank\" rel=\"noopener\">Texto de la Resoluci\u00f3n de 18 de abril de 2024 de listado solicitudes admitidas en cada uno de los idiomas y los listados de solicitudes excluidas correspondiente a la Resoluci\u00f3n de 4 de marzo de 2024&nbsp;<\/a><\/p>\n<h3 class=\"tituloCaja\">\u00daltima convocatoria<\/h3>\n<p style=\"text-align: justify\"><a href=\"https:\/\/blogsaverroes.juntadeandalucia.es\/plurilinguismodelegaciongranada\/files\/2023\/03\/BOJA24-048-00005-41605-01_00298232.pdf\"><strong>Resoluci\u00f3n de 8 de marzo de 2024, de la Direcci\u00f3n General de Tecnolog\u00edas Avanzadas y Transformaci\u00f3n Educativa, por la que se convocan plazas para realizar estancias de inmersi\u00f3n ling\u00fc\u00edstica para el profesorado con destino en los Centros P\u00fablicos Biling\u00fces dependientes de la Consejer\u00eda de Desarrollo Educativo y Formaci\u00f3n Profesional de la Comunidad Aut\u00f3noma de Andaluc\u00eda para el a\u00f1o 2024.<\/strong><\/a><\/p>\n<\/div>\n<\/div>\n","protected":false},"excerpt":{"rendered":"<p>&nbsp; &nbsp; Convocatoria dirigida a profesorado ANL de centros biling\u00fces y pluriling\u00fces. Se trata de inmersi\u00f3n ling\u00fc\u00edstica que se desarrollar\u00e1 durante el verano de 2024 en Reino Unido \/ Irlanda y Francia. Las&#46;&#46;&#46;<\/p>\n","protected":false},"author":3720,"featured_media":5992,"parent":0,"menu_order":0,"comment_status":"closed","ping_status":"closed","template":"","meta":{"ngg_post_thumbnail":0,"footnotes":"","_mc_calendar":[]},"aioseo_notices":[],"_links":{"self":[{"href":"https:\/\/blogsaverroes.juntadeandalucia.es\/plurilinguismodelegaciongranada\/wp-json\/wp\/v2\/pages\/4600"}],"collection":[{"href":"https:\/\/blogsaverroes.juntadeandalucia.es\/plurilinguismodelegaciongranada\/wp-json\/wp\/v2\/pages"}],"about":[{"href":"https:\/\/blogsaverroes.juntadeandalucia.es\/plurilinguismodelegaciongranada\/wp-json\/wp\/v2\/types\/page"}],"author":[{"embeddable":true,"href":"https:\/\/blogsaverroes.juntadeandalucia.es\/plurilinguismodelegaciongranada\/wp-json\/wp\/v2\/users\/3720"}],"replies":[{"embeddable":true,"href":"https:\/\/blogsaverroes.juntadeandalucia.es\/plurilinguismodelegaciongranada\/wp-json\/wp\/v2\/comments?post=4600"}],"version-history":[{"count":13,"href":"https:\/\/blogsaverroes.juntadeandalucia.es\/plurilinguismodelegaciongranada\/wp-json\/wp\/v2\/pages\/4600\/revisions"}],"predecessor-version":[{"id":6327,"href":"https:\/\/blogsaverroes.juntadeandalucia.es\/plurilinguismodelegaciongranada\/wp-json\/wp\/v2\/pages\/4600\/revisions\/6327"}],"wp:featuredmedia":[{"embeddable":true,"href":"https:\/\/blogsaverroes.juntadeandalucia.es\/plurilinguismodelegaciongranada\/wp-json\/wp\/v2\/media\/5992"}],"wp:attachment":[{"href":"https:\/\/blogsaverroes.juntadeandalucia.es\/plurilinguismodelegaciongranada\/wp-json\/wp\/v2\/media?parent=4600"}],"curies":[{"name":"wp","href":"https:\/\/api.w.org\/{rel}","templated":true}]}}