{"id":4856,"date":"2019-02-05T11:51:21","date_gmt":"2019-02-05T11:51:21","guid":{"rendered":"https:\/\/blogsaverroes.juntadeandalucia.es\/plurilinguismodelegaciongranada\/?page_id=4856"},"modified":"2023-05-05T10:08:57","modified_gmt":"2023-05-05T10:08:57","slug":"labelfranceducation","status":"publish","type":"page","link":"https:\/\/blogsaverroes.juntadeandalucia.es\/plurilinguismodelegaciongranada\/labelfranceducation\/","title":{"rendered":"LABELFRANC\u00c9DUCATION"},"content":{"rendered":"<p><a href=\"https:\/\/blogsaverroes.juntadeandalucia.es\/plurilinguismodelegaciongranada\/files\/2019\/02\/arton2839.jpg\"><img loading=\"lazy\" decoding=\"async\" class=\"wp-image-4854 aligncenter\" src=\"https:\/\/blogsaverroes.juntadeandalucia.es\/plurilinguismodelegaciongranada\/files\/2019\/02\/arton2839-300x300.jpg\" alt=\"\" width=\"210\" height=\"210\" srcset=\"https:\/\/blogsaverroes.juntadeandalucia.es\/plurilinguismodelegaciongranada\/files\/2019\/02\/arton2839-300x300.jpg 300w, https:\/\/blogsaverroes.juntadeandalucia.es\/plurilinguismodelegaciongranada\/files\/2019\/02\/arton2839-150x150.jpg 150w, https:\/\/blogsaverroes.juntadeandalucia.es\/plurilinguismodelegaciongranada\/files\/2019\/02\/arton2839-768x768.jpg 768w, https:\/\/blogsaverroes.juntadeandalucia.es\/plurilinguismodelegaciongranada\/files\/2019\/02\/arton2839-1024x1024.jpg 1024w, https:\/\/blogsaverroes.juntadeandalucia.es\/plurilinguismodelegaciongranada\/files\/2019\/02\/arton2839-100x100.jpg 100w, https:\/\/blogsaverroes.juntadeandalucia.es\/plurilinguismodelegaciongranada\/files\/2019\/02\/arton2839-160x160.jpg 160w, https:\/\/blogsaverroes.juntadeandalucia.es\/plurilinguismodelegaciongranada\/files\/2019\/02\/arton2839-320x320.jpg 320w, https:\/\/blogsaverroes.juntadeandalucia.es\/plurilinguismodelegaciongranada\/files\/2019\/02\/arton2839-24x24.jpg 24w, https:\/\/blogsaverroes.juntadeandalucia.es\/plurilinguismodelegaciongranada\/files\/2019\/02\/arton2839-36x36.jpg 36w, https:\/\/blogsaverroes.juntadeandalucia.es\/plurilinguismodelegaciongranada\/files\/2019\/02\/arton2839-48x48.jpg 48w, https:\/\/blogsaverroes.juntadeandalucia.es\/plurilinguismodelegaciongranada\/files\/2019\/02\/arton2839.jpg 1181w\" sizes=\"(max-width: 210px) 100vw, 210px\" \/><\/a><\/p>\n<p>La campa\u00f1a \u201cLabelFranc\u00c9ducation\u201d 2023 est\u00e1 abierta.<\/p>\n<p style=\"text-align: justify\">El Ministerio de Asuntos Exteriores de Francia otorga el sello \u00abLabelFrancEducation\u00bb a los centros educativos que ofrecen una ense\u00f1anza biling\u00fce en franc\u00e9s de excelencia. Los centros que tienen el sello \u00abLabelFrancEducation\u00bb forman parte de una red mundial y tienen acceso a nuevos recursos educativos as\u00ed como a una oferta de herramientas pedag\u00f3gicas adaptadas a las necesidades de los centros biling\u00fces en el extranjero.<\/p>\n<p>Todas las solicitudes (primera solicitud, renovaci\u00f3n, extensi\u00f3n) deben presentarse&nbsp;<a href=\"https:\/\/cascade.aefe.fr\/login.jsp\">en esta plataforma:&nbsp;<\/a><\/p>\n<p>y las distintas informaciones relativas a esta campa\u00f1a pueden consultarse en&nbsp;<a href=\"https:\/\/www.labelfranceducation.fr\/fr\/campagne-2023\">esta p\u00e1gina<\/a><br \/>\nEl calendario de la campa\u00f1a de 2023 es el siguiente:<\/p>\n<p>&nbsp;<\/p>\n<p>&#8211; Apertura de la campa\u00f1a: 24 de enero de 2023 (14h)<\/p>\n<p>&#8211; Cierre de la campa\u00f1a para los centros educativos: 24 de marzo de 2023<\/p>\n<p>&#8211; Comisi\u00f3n consultiva interministerial: junio de 2023<\/p>\n<p><a href=\"https:\/\/blogsaverroes.juntadeandalucia.es\/plurilinguismodelegaciongranada\/files\/2023\/05\/Canva-Inform-Campa\u00f1a2023.png\"><img loading=\"lazy\" decoding=\"async\" class=\"aligncenter  wp-image-6194\" src=\"https:\/\/blogsaverroes.juntadeandalucia.es\/plurilinguismodelegaciongranada\/files\/2023\/05\/Canva-Inform-Campa\u00f1a2023-300x169.png\" alt=\"\" width=\"584\" height=\"329\" srcset=\"https:\/\/blogsaverroes.juntadeandalucia.es\/plurilinguismodelegaciongranada\/files\/2023\/05\/Canva-Inform-Campa\u00f1a2023-300x169.png 300w, https:\/\/blogsaverroes.juntadeandalucia.es\/plurilinguismodelegaciongranada\/files\/2023\/05\/Canva-Inform-Campa\u00f1a2023-1024x576.png 1024w, https:\/\/blogsaverroes.juntadeandalucia.es\/plurilinguismodelegaciongranada\/files\/2023\/05\/Canva-Inform-Campa\u00f1a2023-768x432.png 768w, https:\/\/blogsaverroes.juntadeandalucia.es\/plurilinguismodelegaciongranada\/files\/2023\/05\/Canva-Inform-Campa\u00f1a2023-1536x864.png 1536w, https:\/\/blogsaverroes.juntadeandalucia.es\/plurilinguismodelegaciongranada\/files\/2023\/05\/Canva-Inform-Campa\u00f1a2023.png 1600w\" sizes=\"(max-width: 584px) 100vw, 584px\" \/><\/a><\/p>\n","protected":false},"excerpt":{"rendered":"<p>La campa\u00f1a \u201cLabelFranc\u00c9ducation\u201d 2023 est\u00e1 abierta. El Ministerio de Asuntos Exteriores de Francia otorga el sello \u00abLabelFrancEducation\u00bb a los centros educativos que ofrecen una ense\u00f1anza biling\u00fce en franc\u00e9s de excelencia. Los centros que&#46;&#46;&#46;<\/p>\n","protected":false},"author":3720,"featured_media":0,"parent":0,"menu_order":0,"comment_status":"closed","ping_status":"closed","template":"","meta":{"ngg_post_thumbnail":0,"footnotes":"","_mc_calendar":[]},"aioseo_notices":[],"_links":{"self":[{"href":"https:\/\/blogsaverroes.juntadeandalucia.es\/plurilinguismodelegaciongranada\/wp-json\/wp\/v2\/pages\/4856"}],"collection":[{"href":"https:\/\/blogsaverroes.juntadeandalucia.es\/plurilinguismodelegaciongranada\/wp-json\/wp\/v2\/pages"}],"about":[{"href":"https:\/\/blogsaverroes.juntadeandalucia.es\/plurilinguismodelegaciongranada\/wp-json\/wp\/v2\/types\/page"}],"author":[{"embeddable":true,"href":"https:\/\/blogsaverroes.juntadeandalucia.es\/plurilinguismodelegaciongranada\/wp-json\/wp\/v2\/users\/3720"}],"replies":[{"embeddable":true,"href":"https:\/\/blogsaverroes.juntadeandalucia.es\/plurilinguismodelegaciongranada\/wp-json\/wp\/v2\/comments?post=4856"}],"version-history":[{"count":5,"href":"https:\/\/blogsaverroes.juntadeandalucia.es\/plurilinguismodelegaciongranada\/wp-json\/wp\/v2\/pages\/4856\/revisions"}],"predecessor-version":[{"id":6195,"href":"https:\/\/blogsaverroes.juntadeandalucia.es\/plurilinguismodelegaciongranada\/wp-json\/wp\/v2\/pages\/4856\/revisions\/6195"}],"wp:attachment":[{"href":"https:\/\/blogsaverroes.juntadeandalucia.es\/plurilinguismodelegaciongranada\/wp-json\/wp\/v2\/media?parent=4856"}],"curies":[{"name":"wp","href":"https:\/\/api.w.org\/{rel}","templated":true}]}}