{"id":5191,"date":"2019-06-26T10:43:10","date_gmt":"2019-06-26T10:43:10","guid":{"rendered":"https:\/\/blogsaverroes.juntadeandalucia.es\/plurilinguismodelegaciongranada\/?page_id=5191"},"modified":"2023-05-19T09:51:09","modified_gmt":"2023-05-19T09:51:09","slug":"universite-dete","status":"publish","type":"page","link":"https:\/\/blogsaverroes.juntadeandalucia.es\/plurilinguismodelegaciongranada\/universite-dete\/","title":{"rendered":"UNIVERSIT\u00c9 D&#8217;ET\u00c9"},"content":{"rendered":"\r\n<p>&nbsp;<\/p>\r\n<p><a href=\"https:\/\/blogsaverroes.juntadeandalucia.es\/plurilinguismodelegaciongranada\/files\/2023\/05\/ete.png\"><img loading=\"lazy\" decoding=\"async\" class=\"aligncenter  wp-image-6239\" src=\"https:\/\/blogsaverroes.juntadeandalucia.es\/plurilinguismodelegaciongranada\/files\/2023\/05\/ete-1024x380.png\" alt=\"\" width=\"841\" height=\"312\" srcset=\"https:\/\/blogsaverroes.juntadeandalucia.es\/plurilinguismodelegaciongranada\/files\/2023\/05\/ete-1024x380.png 1024w, https:\/\/blogsaverroes.juntadeandalucia.es\/plurilinguismodelegaciongranada\/files\/2023\/05\/ete-300x111.png 300w, https:\/\/blogsaverroes.juntadeandalucia.es\/plurilinguismodelegaciongranada\/files\/2023\/05\/ete-768x285.png 768w, https:\/\/blogsaverroes.juntadeandalucia.es\/plurilinguismodelegaciongranada\/files\/2023\/05\/ete.png 1082w\" sizes=\"(max-width: 841px) 100vw, 841px\" \/><\/a><\/p>\r\n<p>En el marco de su acci\u00f3n para la difusi\u00f3n del franc\u00e9s y el apoyo a la formaci\u00f3n continua de los profesores, la Embajada de Francia en Espa\u00f1a organiza su nueva edici\u00f3n de la<strong> Universidad de verano 2023<\/strong>. El evento tendr\u00e1 lugar en el <strong>Liceo franc\u00e9s de Barcelona<\/strong>, del <strong>3 al 7 de julio de 2023<\/strong>.<\/p>\r\n\r\n\r\n\r\n<p style=\"text-align: justify\">Esta actividad formativa de una semana de duraci\u00f3n est\u00e1 dirigida a docentes de franc\u00e9s, as\u00ed como a docentes que imparten ense\u00f1anza biling\u00fce en franc\u00e9s (docentes ANL de centros biling\u00fces y pluriling\u00fces que imparten ense\u00f1anzas en este idioma)<\/p>\r\n\r\n\r\n\r\n<div class=\"block block--paragraph\">\r\n<div class=\"content\">\r\n<p style=\"text-align: justify\">Los participantes podr\u00e1n elegir dos m\u00f3dulos de doce horas cada uno, as\u00ed como asistir a una conferencia inaugural, a un encuentro con las editoriales de libros de textos de franc\u00e9s lengua extranjera (FLE), y otras actividades culturales propuestas a lo largo de la semana. Al acabar la formaci\u00f3n, cada participante habr\u00e1 realizado un total de 25 horas de formaci\u00f3n y recibir\u00e1 un certificado de participaci\u00f3n de la Embajada de Francia en Espa\u00f1a.&nbsp;<\/p>\r\n<\/div>\r\n<\/div>\r\n\r\n\r\n\r\n<p><img decoding=\"async\" src=\"https:\/\/www.institutfrancais.es\/wp-content\/uploads\/2023\/05\/affiche-uete-2023.png\"><\/p>\r\n<p><strong>M\u00c1S INFORMACI\u00d3N<\/strong><\/p>\r\n<p><a href=\"https:\/\/www.institutfrancais.es\/educacion\/universidad-de-verano-2023\/\" target=\"_blank\" rel=\"noreferrer noopener\">https:\/\/www.institutfrancais.es\/educacion\/universidad-de-verano-2023\/https:\/\/www.universite-ete.org\/<\/a><\/p>\r\n","protected":false},"excerpt":{"rendered":"<p>&nbsp; En el marco de su acci\u00f3n para la difusi\u00f3n del franc\u00e9s y el apoyo a la formaci\u00f3n continua de los profesores, la Embajada de Francia en Espa\u00f1a organiza su nueva edici\u00f3n de&#46;&#46;&#46;<\/p>\n","protected":false},"author":3720,"featured_media":0,"parent":0,"menu_order":0,"comment_status":"closed","ping_status":"closed","template":"","meta":{"ngg_post_thumbnail":0,"footnotes":"","_mc_calendar":[]},"aioseo_notices":[],"_links":{"self":[{"href":"https:\/\/blogsaverroes.juntadeandalucia.es\/plurilinguismodelegaciongranada\/wp-json\/wp\/v2\/pages\/5191"}],"collection":[{"href":"https:\/\/blogsaverroes.juntadeandalucia.es\/plurilinguismodelegaciongranada\/wp-json\/wp\/v2\/pages"}],"about":[{"href":"https:\/\/blogsaverroes.juntadeandalucia.es\/plurilinguismodelegaciongranada\/wp-json\/wp\/v2\/types\/page"}],"author":[{"embeddable":true,"href":"https:\/\/blogsaverroes.juntadeandalucia.es\/plurilinguismodelegaciongranada\/wp-json\/wp\/v2\/users\/3720"}],"replies":[{"embeddable":true,"href":"https:\/\/blogsaverroes.juntadeandalucia.es\/plurilinguismodelegaciongranada\/wp-json\/wp\/v2\/comments?post=5191"}],"version-history":[{"count":4,"href":"https:\/\/blogsaverroes.juntadeandalucia.es\/plurilinguismodelegaciongranada\/wp-json\/wp\/v2\/pages\/5191\/revisions"}],"predecessor-version":[{"id":6241,"href":"https:\/\/blogsaverroes.juntadeandalucia.es\/plurilinguismodelegaciongranada\/wp-json\/wp\/v2\/pages\/5191\/revisions\/6241"}],"wp:attachment":[{"href":"https:\/\/blogsaverroes.juntadeandalucia.es\/plurilinguismodelegaciongranada\/wp-json\/wp\/v2\/media?parent=5191"}],"curies":[{"name":"wp","href":"https:\/\/api.w.org\/{rel}","templated":true}]}}