{"id":5366,"date":"2019-10-24T12:26:32","date_gmt":"2019-10-24T12:26:32","guid":{"rendered":"https:\/\/blogsaverroes.juntadeandalucia.es\/plurilinguismodelegaciongranada\/?page_id=5366"},"modified":"2020-11-19T12:45:14","modified_gmt":"2020-11-19T12:45:14","slug":"fondo-social-europeo-fse","status":"publish","type":"page","link":"https:\/\/blogsaverroes.juntadeandalucia.es\/plurilinguismodelegaciongranada\/fondo-social-europeo-fse\/","title":{"rendered":"AUXILIARES &#8211; FONDO SOCIAL EUROPEO (FSE)"},"content":{"rendered":"<div><a href=\"https:\/\/blogsaverroes.juntadeandalucia.es\/plurilinguismodelegaciongranada\/files\/2019\/10\/fse-icono.gif\"><img loading=\"lazy\" decoding=\"async\" class=\"alignnone size-full wp-image-5372 aligncenter\" src=\"https:\/\/blogsaverroes.juntadeandalucia.es\/plurilinguismodelegaciongranada\/files\/2019\/10\/fse-icono.gif\" alt=\"\" width=\"235\" height=\"235\"><\/a><a href=\"https:\/\/blogsaverroes.juntadeandalucia.es\/plurilinguismodelegaciongranada\/files\/2019\/10\/Andaluc\u00eda-se-mueve-con-Europa.jpg\"><img loading=\"lazy\" decoding=\"async\" class=\"alignnone size-medium wp-image-5373 aligncenter\" src=\"https:\/\/blogsaverroes.juntadeandalucia.es\/plurilinguismodelegaciongranada\/files\/2019\/10\/Andaluc\u00eda-se-mueve-con-Europa-300x189.jpg\" alt=\"\" width=\"300\" height=\"189\" srcset=\"https:\/\/blogsaverroes.juntadeandalucia.es\/plurilinguismodelegaciongranada\/files\/2019\/10\/Andaluc\u00eda-se-mueve-con-Europa-300x189.jpg 300w, https:\/\/blogsaverroes.juntadeandalucia.es\/plurilinguismodelegaciongranada\/files\/2019\/10\/Andaluc\u00eda-se-mueve-con-Europa-24x15.jpg 24w, https:\/\/blogsaverroes.juntadeandalucia.es\/plurilinguismodelegaciongranada\/files\/2019\/10\/Andaluc\u00eda-se-mueve-con-Europa-36x23.jpg 36w, https:\/\/blogsaverroes.juntadeandalucia.es\/plurilinguismodelegaciongranada\/files\/2019\/10\/Andaluc\u00eda-se-mueve-con-Europa-48x30.jpg 48w, https:\/\/blogsaverroes.juntadeandalucia.es\/plurilinguismodelegaciongranada\/files\/2019\/10\/Andaluc\u00eda-se-mueve-con-Europa.jpg 670w\" sizes=\"(max-width: 300px) 100vw, 300px\" \/><\/a><\/div>\n<div>&nbsp;<\/div>\n<div>\n<p>En relaci\u00f3n a los<span class=\"gmail_default\">\/las auxiliares<\/span> de conversaci\u00f3n<span class=\"gmail_default\"> que<\/span> reciben cofinanciaci\u00f3n del Fondo Social Europeo, en cumplimiento de la normativa europea reguladora, as\u00ed como de la auton\u00f3mica que la desarrolla, durante el presente curso escolar deber\u00e1n atenderse las siguientes cuestiones:<\/p>\n<p><b>&nbsp;<\/b><\/p>\n<\/div>\n<div style=\"text-align: left\">\n<h4><strong>1. GRABACI\u00d3N DEL HORARIO EN S\u00c9NECA<\/strong><\/h4>\n<p align=\"justify\"><span style=\"font-family: NewsGotT\"><span style=\"font-size: small\"><br \/>\n<\/span><\/span>Una vez se habilite el m\u00f3dulo horario en S\u00e9neca, al que se podr\u00e1 acceder en la ruta: \u00abPersonal\u00bb -&gt; \u00abFondo Social Europeo\u00bb -&gt; \u00abHorario de auxiliar de conversaci\u00f3n\u00bb, la direcci\u00f3n del centro deber\u00e1 grabar desde el mes de octubre hasta mayo la asistencia del\/la auxiliar, as\u00ed como las ausencias y su recuperaci\u00f3n.<\/p>\n<p><span style=\"color: #990000\"><span style=\"font-family: NewsGotT\"><span style=\"font-size: small\"><b>Actualmente a\u00fan no se encuentra abierto el m\u00f3dulo, tan pronto se abra les ser\u00e1 comunicado para que puedan proceder a la grabaci\u00f3n. <\/b><\/span><\/span><\/span><\/p>\n<p align=\"left\"><span style=\"font-family: NewsGotT\"><span style=\"font-size: small\"><br \/>\n<\/span><\/span>Para facilitar el registro de la asistencia de los auxiliares de conversaci\u00f3n cofinanciados por el Fondo Social Europeo hay alojado a S\u00e9neca <strong><a href=\"https:\/\/drive.google.com\/file\/d\/11RoH25KaXs37HBO_HQbpnZ1k6gBaaNwK\/view?usp=sharing\" target=\"_blank\" rel=\"noopener noreferrer\">este<\/a><a href=\"https:\/\/drive.google.com\/file\/d\/11RoH25KaXs37HBO_HQbpnZ1k6gBaaNwK\/view?usp=sharing\" target=\"_blank\" rel=\"noopener noreferrer\"> tutorial<\/a><\/strong>, que est\u00e1 disponible asimismo siguiendo la siguiente ruta:<\/p>\n<p><em>Documentos\/Centro\/Manuales y Utilidades de S\u00e9neca\/Manuales\/Fondo Social Europeo\/Otros manuales e instrucciones de apoyo\/Manual de auxiliar de conversaci\u00f3n<\/em><\/p>\n<h4><strong>2. REGISTRO DOCUMENTAL<\/strong><\/h4>\n<p>Adem\u00e1s del registro en la aplicaci\u00f3n inform\u00e1tica S\u00e9neca, en lo concerniente al horario deber\u00e1n guardarse por escrito en el centro los siguientes documentos:<\/p>\n<p><strong>&#8211; REGISTRO SEMANAL<\/strong> firmado diariamente por el auxiliar, siguiendo el modelo disponible en <strong><a href=\"https:\/\/drive.google.com\/file\/d\/1kOYP5WIsmoxOqCW6HMamcK1SNzEdApVW\/view?usp=sharing\" target=\"_blank\" rel=\"noopener noreferrer\">este enlace<\/a>.<\/strong><\/p>\n<p><strong>&#8211; ANEXO I<\/strong> del horario del auxiliar de conversaci\u00f3n seg\u00fan modelo recogido en la <em><strong><a href=\"https:\/\/blogsaverroes.juntadeandalucia.es\/plurilinguismodelegaciongranada\/files\/2020\/07\/Instrucciones-Auxiliares-de-Conversaci%C3%B3n-2020_21-de-6-de-julio.pdf\" target=\"_blank\" rel=\"noopener noreferrer\">Instrucci\u00f3n 15\/2020, de 6 de julio,<\/a><\/strong><\/em> de la Direcci\u00f3n General de Ordenaci\u00f3n y Evaluaci\u00f3n Educativa, sobre auxiliares de conversaci\u00f3n para el curso escolar 2020\/2021, que incluye los logos de Fondo Social Europeo y Andaluc\u00eda se mueve con Europa.<\/p>\n<p>Si bien este Anexo ha sido enviado a la Delegaci\u00f3n Territorial para su visado por parte de Inspecci\u00f3n Educativa dentro del plazo contemplado en la mencionada Instrucci\u00f3n, la Direcci\u00f3n del Centro custodiar\u00e1 copia del mismo.<\/p>\n<p>Asimismo, se informa de que cualquier actuaci\u00f3n en la que intervenga el\/la auxiliar (ej. actividades complementarias en el centro, viajes con alumnado) deber\u00e1 ser documentada por el centro, y siempre deber\u00e1 incluir los logos de Fondo Social Europeo y Andaluc\u00eda se mueve con Europa, disponibles <strong><a href=\"https:\/\/drive.google.com\/drive\/folders\/1VdduE1PxPv3KNP_8_B0YQjuPcQAqMWXN?usp=sharing\" target=\"_blank\" rel=\"noopener noreferrer\">en este enlace<\/a> <\/strong>en formatos .png y .jpeg para su uso con y sin fondo transparente, seg\u00fan sea necesario.<\/p>\n<h4><strong>3. CARTELER\u00cdA Y SE\u00d1ALIZACI\u00d3N EN EL CENTRO<\/strong><\/h4>\n<p>Como medida de difusi\u00f3n y publicidad, se deber\u00e1 informar a la comunidad escolar sobre la cofinanciaci\u00f3n del Fondo Social Europeo que nos ocupa, as\u00ed como colocar en el centro en lugar visible y de forma permanente, en formato A3, la carteler\u00eda disponible en <strong><a href=\"https:\/\/drive.google.com\/file\/d\/1pVeJ9Zq_EZBzX8wCi3isvjTIviuF0IG_\/view?usp=sharing\" target=\"_blank\" rel=\"noopener noreferrer\">este enlace<\/a><\/strong><em>,<\/em> y que puede descargarse igualmente a trav\u00e9s de la siguiente ruta en S\u00e9neca:<\/p>\n<p><em>Documentos \/ Centro \/ Manuales y Utilidades de S\u00e9neca\/Manuales\/Fondo Social Europeo\/ Publicidad\/Carteler\u00eda para ense\u00f1anzas o actuaciones de F.P., Bachillerato biling\u00fces, Auxiliares de conversaci\u00f3n, PT, PROA\/PALI y Transporte<\/em><\/p>\n<p style=\"text-align: justify\">Entendiendo que este procedimiento puede plantear dudas, quedamos a su disposici\u00f3n para la aclaraci\u00f3n de cualquier consulta y\/o incidencia en el correo&nbsp;<a target=\"_blank\" rel=\"noopener noreferrer\">plurilinguismo.dpgr.ced@juntadeandalucia.es<\/a><\/p>\n<p style=\"text-align: justify\">Rogamos que, en el caso de dudas de tipo t\u00e9cnico, se hagan llegar pantallazos que permitan abordar el problema de la forma m\u00e1s eficiente.<\/p>\n<p style=\"text-align: justify\">Asimismo, para acompa\u00f1arles en esta labor, y dada la importancia que tiene seguir los procedimientos indicados en los plazos previstos, desde el \u00e1rea de Pluriling\u00fcismo llevaremos a cabo revisiones peri\u00f3dicas de los datos en S\u00e9neca una vez que habilite el apartado correspondiente para la grabaci\u00f3n del horario. A este respecto, se infomar\u00e1 tan pronto est\u00e9 disponible dicho m\u00f3dulo horario para que puedan proceder a la grabaci\u00f3n.<span style=\"font-family: NewsGotT\"><span style=\"font-size: small\"><br \/>\n<\/span><\/span><\/p>\n<\/div>\n<div>\n<p style=\"text-align: justify\">&nbsp;<\/p>\n<\/div>\n","protected":false},"excerpt":{"rendered":"<p>&nbsp; En relaci\u00f3n a los\/las auxiliares de conversaci\u00f3n que reciben cofinanciaci\u00f3n del Fondo Social Europeo, en cumplimiento de la normativa europea reguladora, as\u00ed como de la auton\u00f3mica que la desarrolla, durante el presente&#46;&#46;&#46;<\/p>\n","protected":false},"author":3720,"featured_media":0,"parent":0,"menu_order":0,"comment_status":"closed","ping_status":"closed","template":"","meta":{"ngg_post_thumbnail":0,"footnotes":"","_mc_calendar":[]},"aioseo_notices":[],"_links":{"self":[{"href":"https:\/\/blogsaverroes.juntadeandalucia.es\/plurilinguismodelegaciongranada\/wp-json\/wp\/v2\/pages\/5366"}],"collection":[{"href":"https:\/\/blogsaverroes.juntadeandalucia.es\/plurilinguismodelegaciongranada\/wp-json\/wp\/v2\/pages"}],"about":[{"href":"https:\/\/blogsaverroes.juntadeandalucia.es\/plurilinguismodelegaciongranada\/wp-json\/wp\/v2\/types\/page"}],"author":[{"embeddable":true,"href":"https:\/\/blogsaverroes.juntadeandalucia.es\/plurilinguismodelegaciongranada\/wp-json\/wp\/v2\/users\/3720"}],"replies":[{"embeddable":true,"href":"https:\/\/blogsaverroes.juntadeandalucia.es\/plurilinguismodelegaciongranada\/wp-json\/wp\/v2\/comments?post=5366"}],"version-history":[{"count":9,"href":"https:\/\/blogsaverroes.juntadeandalucia.es\/plurilinguismodelegaciongranada\/wp-json\/wp\/v2\/pages\/5366\/revisions"}],"predecessor-version":[{"id":5383,"href":"https:\/\/blogsaverroes.juntadeandalucia.es\/plurilinguismodelegaciongranada\/wp-json\/wp\/v2\/pages\/5366\/revisions\/5383"}],"wp:attachment":[{"href":"https:\/\/blogsaverroes.juntadeandalucia.es\/plurilinguismodelegaciongranada\/wp-json\/wp\/v2\/media?parent=5366"}],"curies":[{"name":"wp","href":"https:\/\/api.w.org\/{rel}","templated":true}]}}

<div><a href="https://blogsaverroes.juntadeandalucia.es/plurilinguismodelegaciongranada/files/2019/10/fse-icono.gif"><img loading="lazy" decoding="async" class="alignnone size-full wp-image-5372 aligncenter" src="https://blogsaverroes.juntadeandalucia.es/plurilinguismodelegaciongranada/files/2019/10/fse-icono.gif" alt="" width="235" height="235"></a><a href="https://blogsaverroes.juntadeandalucia.es/plurilinguismodelegaciongranada/files/2019/10/Andalucía-se-mueve-con-Europa.jpg"><img loading="lazy" decoding="async" class="alignnone size-medium wp-image-5373 aligncenter" src="https://blogsaverroes.juntadeandalucia.es/plurilinguismodelegaciongranada/files/2019/10/Andalucía-se-mueve-con-Europa-300x189.jpg" alt="" width="300" height="189" srcset="https://blogsaverroes.juntadeandalucia.es/plurilinguismodelegaciongranada/files/2019/10/Andalucía-se-mueve-con-Europa-300x189.jpg 300w, https://blogsaverroes.juntadeandalucia.es/plurilinguismodelegaciongranada/files/2019/10/Andalucía-se-mueve-con-Europa-24x15.jpg 24w, https://blogsaverroes.juntadeandalucia.es/plurilinguismodelegaciongranada/files/2019/10/Andalucía-se-mueve-con-Europa-36x23.jpg 36w, https://blogsaverroes.juntadeandalucia.es/plurilinguismodelegaciongranada/files/2019/10/Andalucía-se-mueve-con-Europa-48x30.jpg 48w, https://blogsaverroes.juntadeandalucia.es/plurilinguismodelegaciongranada/files/2019/10/Andalucía-se-mueve-con-Europa.jpg 670w" sizes="(max-width: 300px) 100vw, 300px" /></a></div>
<div>&nbsp;</div>
<div>
<p>En relación a los<span class="gmail_default">/las auxiliares</span> de conversación<span class="gmail_default"> que</span> reciben cofinanciación del Fondo Social Europeo, en cumplimiento de la normativa europea reguladora, así como de la autonómica que la desarrolla, durante el presente curso escolar deberán atenderse las siguientes cuestiones:</p>
<p><b>&nbsp;</b></p>
</div>
<div style="text-align: left">
<h4><strong>1. GRABACIÓN DEL HORARIO EN SÉNECA</strong></h4>
<p align="justify"><span style="font-family: NewsGotT"><span style="font-size: small"><br />
</span></span>Una vez se habilite el módulo horario en Séneca, al que se podrá acceder en la ruta: «Personal» -&gt; «Fondo Social Europeo» -&gt; «Horario de auxiliar de conversación», la dirección del centro deberá grabar desde el mes de octubre hasta mayo la asistencia del/la auxiliar, así como las ausencias y su recuperación.</p>
<p><span style="color: #990000"><span style="font-family: NewsGotT"><span style="font-size: small"><b>Actualmente aún no se encuentra abierto el módulo, tan pronto se abra les será comunicado para que puedan proceder a la grabación. </b></span></span></span></p>
<p align="left"><span style="font-family: NewsGotT"><span style="font-size: small"><br />
</span></span>Para facilitar el registro de la asistencia de los auxiliares de conversación cofinanciados por el Fondo Social Europeo hay alojado a Séneca <strong><a href="https://drive.google.com/file/d/11RoH25KaXs37HBO_HQbpnZ1k6gBaaNwK/view?usp=sharing" target="_blank" rel="noopener noreferrer">este</a><a href="https://drive.google.com/file/d/11RoH25KaXs37HBO_HQbpnZ1k6gBaaNwK/view?usp=sharing" target="_blank" rel="noopener noreferrer"> tutorial</a></strong>, que está disponible asimismo siguiendo la siguiente ruta:</p>
<p><em>Documentos/Centro/Manuales y Utilidades de Séneca/Manuales/Fondo Social Europeo/Otros manuales e instrucciones de apoyo/Manual de auxiliar de conversación</em></p>
<h4><strong>2. REGISTRO DOCUMENTAL</strong></h4>
<p>Además del registro en la aplicación informática Séneca, en lo concerniente al horario deberán guardarse por escrito en el centro los siguientes documentos:</p>
<p><strong>&#8211; REGISTRO SEMANAL</strong> firmado diariamente por el auxiliar, siguiendo el modelo disponible en <strong><a href="https://drive.google.com/file/d/1kOYP5WIsmoxOqCW6HMamcK1SNzEdApVW/view?usp=sharing" target="_blank" rel="noopener noreferrer">este enlace</a>.</strong></p>
<p><strong>&#8211; ANEXO I</strong> del horario del auxiliar de conversación según modelo recogido en la <em><strong><a href="https://blogsaverroes.juntadeandalucia.es/plurilinguismodelegaciongranada/files/2020/07/Instrucciones-Auxiliares-de-Conversaci%C3%B3n-2020_21-de-6-de-julio.pdf" target="_blank" rel="noopener noreferrer">Instrucción 15/2020, de 6 de julio,</a></strong></em> de la Dirección General de Ordenación y Evaluación Educativa, sobre auxiliares de conversación para el curso escolar 2020/2021, que incluye los logos de Fondo Social Europeo y Andalucía se mueve con Europa.</p>
<p>Si bien este Anexo ha sido enviado a la Delegación Territorial para su visado por parte de Inspección Educativa dentro del plazo contemplado en la mencionada Instrucción, la Dirección del Centro custodiará copia del mismo.</p>
<p>Asimismo, se informa de que cualquier actuación en la que intervenga el/la auxiliar (ej. actividades complementarias en el centro, viajes con alumnado) deberá ser documentada por el centro, y siempre deberá incluir los logos de Fondo Social Europeo y Andalucía se mueve con Europa, disponibles <strong><a href="https://drive.google.com/drive/folders/1VdduE1PxPv3KNP_8_B0YQjuPcQAqMWXN?usp=sharing" target="_blank" rel="noopener noreferrer">en este enlace</a> </strong>en formatos .png y .jpeg para su uso con y sin fondo transparente, según sea necesario.</p>
<h4><strong>3. CARTELERÍA Y SEÑALIZACIÓN EN EL CENTRO</strong></h4>
<p>Como medida de difusión y publicidad, se deberá informar a la comunidad escolar sobre la cofinanciación del Fondo Social Europeo que nos ocupa, así como colocar en el centro en lugar visible y de forma permanente, en formato A3, la cartelería disponible en <strong><a href="https://drive.google.com/file/d/1pVeJ9Zq_EZBzX8wCi3isvjTIviuF0IG_/view?usp=sharing" target="_blank" rel="noopener noreferrer">este enlace</a></strong><em>,</em> y que puede descargarse igualmente a través de la siguiente ruta en Séneca:</p>
<p><em>Documentos / Centro / Manuales y Utilidades de Séneca/Manuales/Fondo Social Europeo/ Publicidad/Cartelería para enseñanzas o actuaciones de F.P., Bachillerato bilingües, Auxiliares de conversación, PT, PROA/PALI y Transporte</em></p>
<p style="text-align: justify">Entendiendo que este procedimiento puede plantear dudas, quedamos a su disposición para la aclaración de cualquier consulta y/o incidencia en el correo&nbsp;<a target="_blank" rel="noopener noreferrer">plurilinguismo.dpgr.ced@juntadeandalucia.es</a></p>
<p style="text-align: justify">Rogamos que, en el caso de dudas de tipo técnico, se hagan llegar pantallazos que permitan abordar el problema de la forma más eficiente.</p>
<p style="text-align: justify">Asimismo, para acompañarles en esta labor, y dada la importancia que tiene seguir los procedimientos indicados en los plazos previstos, desde el área de Plurilingüismo llevaremos a cabo revisiones periódicas de los datos en Séneca una vez que habilite el apartado correspondiente para la grabación del horario. A este respecto, se infomará tan pronto esté disponible dicho módulo horario para que puedan proceder a la grabación.<span style="font-family: NewsGotT"><span style="font-size: small"><br />
</span></span></p>
</div>
<div>
<p style="text-align: justify">&nbsp;</p>
</div>

<p>&nbsp; En relación a los/las auxiliares de conversación que reciben cofinanciación del Fondo Social Europeo, en cumplimiento de la normativa europea reguladora, así como de la autonómica que la desarrolla, durante el presente&#46;&#46;&#46;</p>
