{"id":6182,"date":"2023-05-05T06:41:22","date_gmt":"2023-05-05T06:41:22","guid":{"rendered":"https:\/\/blogsaverroes.juntadeandalucia.es\/plurilinguismodelegaciongranada\/?page_id=6182"},"modified":"2023-05-05T06:41:22","modified_gmt":"2023-05-05T06:41:22","slug":"concurso-portavoz","status":"publish","type":"page","link":"https:\/\/blogsaverroes.juntadeandalucia.es\/plurilinguismodelegaciongranada\/concurso-portavoz\/","title":{"rendered":"Concurso Portavoz"},"content":{"rendered":"<p><a href=\"https:\/\/blogsaverroes.juntadeandalucia.es\/plurilinguismodelegaciongranada\/files\/2023\/05\/Imagen-PORTAVOZ-2023.jpg\"><img loading=\"lazy\" decoding=\"async\" class=\"aligncenter size-medium wp-image-6183\" src=\"https:\/\/blogsaverroes.juntadeandalucia.es\/plurilinguismodelegaciongranada\/files\/2023\/05\/Imagen-PORTAVOZ-2023-300x252.jpg\" alt=\"\" width=\"300\" height=\"252\" srcset=\"https:\/\/blogsaverroes.juntadeandalucia.es\/plurilinguismodelegaciongranada\/files\/2023\/05\/Imagen-PORTAVOZ-2023-300x252.jpg 300w, https:\/\/blogsaverroes.juntadeandalucia.es\/plurilinguismodelegaciongranada\/files\/2023\/05\/Imagen-PORTAVOZ-2023.jpg 357w\" sizes=\"(max-width: 300px) 100vw, 300px\" \/><\/a><\/p>\n<p style=\"text-align: justify\">Un a\u00f1o m\u00e1s, el equipo de cooperaci\u00f3n educativa y ling\u00fc\u00edstica de la Embajada de Francia en Espa\u00f1a convoca el concurso&nbsp; fotogr\u00e1fico <strong>Portavoz<\/strong>.<\/p>\n<p style=\"text-align: justify\"><a href=\"https:\/\/concursoportavoz.org\/\" target=\"_blank\" rel=\"noopener noreferrer\">Portavoz<\/a>&nbsp;es un proyecto educativo y cultural que, a trav\u00e9s de un&nbsp;<strong>concurso escolar de fotograf\u00eda,<\/strong>&nbsp;promueve el&nbsp; pluriling\u00fcismo, la igualdad y el respeto. El tema del concurso este a\u00f1o es&nbsp;<strong>el deporte y sus valores.<\/strong>&nbsp;El deporte es m\u00e1s que una actividad f\u00edsica: transmite valores positivos como el compa\u00f1erismo, el trabajo en equipo o el esfuerzo. Se invita a los alumnos a reflexionar sobre los valores vehiculados por el deporte en nuestra sociedad. \u00bfCu\u00e1les son los valores del deporte que nos permiten convivir? \u00bfC\u00f3mo podemos construir sociedades m\u00e1s inclusivas gracias al deporte?<\/p>\n<p style=\"text-align: justify\">Podr\u00e1 participar cualquier alumno de franc\u00e9s de 3\u00ba y 4\u00ba de ESO, 1\u00ba y 2\u00ba de Bachillerato y de FP. La recepci\u00f3n de&nbsp; fotograf\u00edas comenz\u00f3 el d\u00eda 24 de abril y terminar\u00e1 el 31 de mayo. Para participar, los alumnos deben presentar una \u00fanica fotograf\u00eda, realizada con un tel\u00e9fono m\u00f3vil y que no sea un&nbsp;<em>selfie.<\/em>&nbsp;Cada alumno enviar\u00e1 su fotograf\u00eda acompa\u00f1ada por una leyenda en 5 idiomas, incluido al menos el&nbsp;<strong>franc\u00e9s,<\/strong>&nbsp;para valorar el pluriling\u00fcismo y los idiomas que se aprenden en el aula, pero tambi\u00e9n los de la familia.<\/p>\n<p style=\"text-align: justify\">Todos los proyectos se publicar\u00e1n en l\u00ednea y estar\u00e1n accesibles al p\u00fablico durante todo el certamen. Se otorgar\u00e1n premios a las producciones m\u00e1s logradas y originales: una estancia ling\u00fc\u00edstica, tel\u00e9fonos m\u00f3viles, auriculares.&nbsp;<\/p>\n<p style=\"text-align: justify\">Informaci\u00f3n y formulario de participaci\u00f3n&nbsp;<a href=\"https:\/\/concursoportavoz.org\/\" target=\"_blank\" rel=\"noopener noreferrer\">aqu\u00ed<\/a><\/p>\n","protected":false},"excerpt":{"rendered":"<p>Un a\u00f1o m\u00e1s, el equipo de cooperaci\u00f3n educativa y ling\u00fc\u00edstica de la Embajada de Francia en Espa\u00f1a convoca el concurso&nbsp; fotogr\u00e1fico Portavoz. Portavoz&nbsp;es un proyecto educativo y cultural que, a trav\u00e9s de un&nbsp;concurso&#46;&#46;&#46;<\/p>\n","protected":false},"author":3720,"featured_media":0,"parent":0,"menu_order":0,"comment_status":"closed","ping_status":"closed","template":"","meta":{"ngg_post_thumbnail":0,"footnotes":"","_mc_calendar":[]},"aioseo_notices":[],"_links":{"self":[{"href":"https:\/\/blogsaverroes.juntadeandalucia.es\/plurilinguismodelegaciongranada\/wp-json\/wp\/v2\/pages\/6182"}],"collection":[{"href":"https:\/\/blogsaverroes.juntadeandalucia.es\/plurilinguismodelegaciongranada\/wp-json\/wp\/v2\/pages"}],"about":[{"href":"https:\/\/blogsaverroes.juntadeandalucia.es\/plurilinguismodelegaciongranada\/wp-json\/wp\/v2\/types\/page"}],"author":[{"embeddable":true,"href":"https:\/\/blogsaverroes.juntadeandalucia.es\/plurilinguismodelegaciongranada\/wp-json\/wp\/v2\/users\/3720"}],"replies":[{"embeddable":true,"href":"https:\/\/blogsaverroes.juntadeandalucia.es\/plurilinguismodelegaciongranada\/wp-json\/wp\/v2\/comments?post=6182"}],"version-history":[{"count":1,"href":"https:\/\/blogsaverroes.juntadeandalucia.es\/plurilinguismodelegaciongranada\/wp-json\/wp\/v2\/pages\/6182\/revisions"}],"predecessor-version":[{"id":6184,"href":"https:\/\/blogsaverroes.juntadeandalucia.es\/plurilinguismodelegaciongranada\/wp-json\/wp\/v2\/pages\/6182\/revisions\/6184"}],"wp:attachment":[{"href":"https:\/\/blogsaverroes.juntadeandalucia.es\/plurilinguismodelegaciongranada\/wp-json\/wp\/v2\/media?parent=6182"}],"curies":[{"name":"wp","href":"https:\/\/api.w.org\/{rel}","templated":true}]}}

<p><a href="https://blogsaverroes.juntadeandalucia.es/plurilinguismodelegaciongranada/files/2023/05/Imagen-PORTAVOZ-2023.jpg"><img loading="lazy" decoding="async" class="aligncenter size-medium wp-image-6183" src="https://blogsaverroes.juntadeandalucia.es/plurilinguismodelegaciongranada/files/2023/05/Imagen-PORTAVOZ-2023-300x252.jpg" alt="" width="300" height="252" srcset="https://blogsaverroes.juntadeandalucia.es/plurilinguismodelegaciongranada/files/2023/05/Imagen-PORTAVOZ-2023-300x252.jpg 300w, https://blogsaverroes.juntadeandalucia.es/plurilinguismodelegaciongranada/files/2023/05/Imagen-PORTAVOZ-2023.jpg 357w" sizes="(max-width: 300px) 100vw, 300px" /></a></p>
<p style="text-align: justify">Un año más, el equipo de cooperación educativa y lingüística de la Embajada de Francia en España convoca el concurso&nbsp; fotográfico <strong>Portavoz</strong>.</p>
<p style="text-align: justify"><a href="https://concursoportavoz.org/" target="_blank" rel="noopener noreferrer">Portavoz</a>&nbsp;es un proyecto educativo y cultural que, a través de un&nbsp;<strong>concurso escolar de fotografía,</strong>&nbsp;promueve el&nbsp; plurilingüismo, la igualdad y el respeto. El tema del concurso este año es&nbsp;<strong>el deporte y sus valores.</strong>&nbsp;El deporte es más que una actividad física: transmite valores positivos como el compañerismo, el trabajo en equipo o el esfuerzo. Se invita a los alumnos a reflexionar sobre los valores vehiculados por el deporte en nuestra sociedad. ¿Cuáles son los valores del deporte que nos permiten convivir? ¿Cómo podemos construir sociedades más inclusivas gracias al deporte?</p>
<p style="text-align: justify">Podrá participar cualquier alumno de francés de 3º y 4º de ESO, 1º y 2º de Bachillerato y de FP. La recepción de&nbsp; fotografías comenzó el día 24 de abril y terminará el 31 de mayo. Para participar, los alumnos deben presentar una única fotografía, realizada con un teléfono móvil y que no sea un&nbsp;<em>selfie.</em>&nbsp;Cada alumno enviará su fotografía acompañada por una leyenda en 5 idiomas, incluido al menos el&nbsp;<strong>francés,</strong>&nbsp;para valorar el plurilingüismo y los idiomas que se aprenden en el aula, pero también los de la familia.</p>
<p style="text-align: justify">Todos los proyectos se publicarán en línea y estarán accesibles al público durante todo el certamen. Se otorgarán premios a las producciones más logradas y originales: una estancia lingüística, teléfonos móviles, auriculares.&nbsp;</p>
<p style="text-align: justify">Información y formulario de participación&nbsp;<a href="https://concursoportavoz.org/" target="_blank" rel="noopener noreferrer">aquí</a></p>

<p>Un año más, el equipo de cooperación educativa y lingüística de la Embajada de Francia en España convoca el concurso&nbsp; fotográfico Portavoz. Portavoz&nbsp;es un proyecto educativo y cultural que, a través de un&nbsp;concurso&#46;&#46;&#46;</p>
