{"id":2784,"date":"2018-10-04T20:56:56","date_gmt":"2018-10-04T20:56:56","guid":{"rendered":"https:\/\/blogsaverroes.juntadeandalucia.es\/plurilinguismodelegacionhuelva\/?page_id=2784"},"modified":"2018-10-04T21:19:55","modified_gmt":"2018-10-04T21:19:55","slug":"jornadas-de-acogida-de-auxiliares-de-conversacion-20182019","status":"publish","type":"page","link":"https:\/\/blogsaverroes.juntadeandalucia.es\/plurilinguismodelegacionhuelva\/jornadas-de-acogida-de-auxiliares-de-conversacion-20182019\/","title":{"rendered":"Jornadas de Acogida de Auxiliares de Conversaci\u00f3n 2018\/2019"},"content":{"rendered":"<p><a href=\"https:\/\/blogsaverroes.juntadeandalucia.es\/plurilinguismodelegacionhuelva\/files\/2018\/10\/Jornadas-de-acogida.png\"><img loading=\"lazy\" decoding=\"async\" class=\"alignleft wp-image-2787\" src=\"https:\/\/blogsaverroes.juntadeandalucia.es\/plurilinguismodelegacionhuelva\/files\/2018\/10\/Jornadas-de-acogida-1024x594.png\" alt=\"\" width=\"326\" height=\"189\" srcset=\"https:\/\/blogsaverroes.juntadeandalucia.es\/plurilinguismodelegacionhuelva\/files\/2018\/10\/Jornadas-de-acogida-1024x594.png 1024w, https:\/\/blogsaverroes.juntadeandalucia.es\/plurilinguismodelegacionhuelva\/files\/2018\/10\/Jornadas-de-acogida-300x174.png 300w, https:\/\/blogsaverroes.juntadeandalucia.es\/plurilinguismodelegacionhuelva\/files\/2018\/10\/Jornadas-de-acogida-768x445.png 768w, https:\/\/blogsaverroes.juntadeandalucia.es\/plurilinguismodelegacionhuelva\/files\/2018\/10\/Jornadas-de-acogida-700x406.png 700w, https:\/\/blogsaverroes.juntadeandalucia.es\/plurilinguismodelegacionhuelva\/files\/2018\/10\/Jornadas-de-acogida-332x193.png 332w, https:\/\/blogsaverroes.juntadeandalucia.es\/plurilinguismodelegacionhuelva\/files\/2018\/10\/Jornadas-de-acogida-24x14.png 24w, https:\/\/blogsaverroes.juntadeandalucia.es\/plurilinguismodelegacionhuelva\/files\/2018\/10\/Jornadas-de-acogida-36x21.png 36w, https:\/\/blogsaverroes.juntadeandalucia.es\/plurilinguismodelegacionhuelva\/files\/2018\/10\/Jornadas-de-acogida-48x28.png 48w, https:\/\/blogsaverroes.juntadeandalucia.es\/plurilinguismodelegacionhuelva\/files\/2018\/10\/Jornadas-de-acogida.png 1295w\" sizes=\"(max-width: 326px) 100vw, 326px\" \/><\/a>El pasado 3 de octubre, en el Sal\u00f3n de actos de la Delegaci\u00f3n Territorial de Educaci\u00f3n en Huelva se celebraron las Jornadas de Acogida de Auxiliares de Conversaci\u00f3n 2018\/2019 con la presencia de aproximadamente 105 auxiliares de conversaci\u00f3n y los coordinadores y coordinadores de los centros educativos con ense\u00f1anza biling\u00fce.&nbsp;<\/p>\n<p>El Delegado provincial de Educaci\u00f3n en Huelva, Vicente Zarza abri\u00f3 el acto, junto con la Jefa del Servicio de Ordenaci\u00f3n Educativa, M\u00aa Paz Martos y la Jefa del Servicio de Programas Educativos Internacionales de la Consejer\u00eda de Educaci\u00f3n, M\u00aa Luisa Ochoa. El acto tambi\u00e9n cont\u00f3 en una primera parte con la participaci\u00f3n del Jefe de la Oficina de Extranjer\u00eda en Huelva, Ra\u00fal Barba, as\u00ed como la inspectora de educaci\u00f3n, Juana Mu\u00f1oz.&nbsp;<\/p>\n<p>En la primera parte se trataron temas relacionados con la gesti\u00f3n de documentaci\u00f3n en la Oficina de Extranjer\u00eda as\u00ed como otros temas igualmente importantes, entre los que destaca el seguro m\u00e9dico del auxiliar y la auxiliar. La presentaci\u00f3n de esta primera parte est\u00e1 disponible en <a href=\"https:\/\/blogsaverroes.juntadeandalucia.es\/plurilinguismodelegacionhuelva\/files\/2018\/10\/Jornadas-Acogida-Aux_2018_19.pdf\">este enlace<\/a>.&nbsp;<\/p>\n<p>Durante la segunda parte, los auxiliares y las auxiliares tuvieron la oportunidad de escuchar la experiencia en primera persona de una auxiliar que permanece un segundo a\u00f1o en nuestra provincia. Escucharon adem\u00e1s los consejos pr\u00e1cticos para la integraci\u00f3n en el centro de la mano de dos coordinadores en ense\u00f1anza biling\u00fce con experiencia, Eusebio Anes y Jos\u00e9 Antonio Alcalde. Por \u00faltimo, la directora de la Escuela Oficial de Idiomas de Huelva, Maite Sub\u00edas habl\u00f3 a los auxiliares y las auxiliares de integraci\u00f3n cultural en nuestra comunidad.<\/p>\n<p>Para ver la noticia de las jornadas en prensa,&nbsp; puede pinchar&nbsp;<a href=\"http:\/\/huelva24.com\/not\/117977\/los-centros-bilingues-de-la-provincia-ya-cuentan-con-105-auxiliares-de-conversacion\">aqu\u00ed.<\/a><\/p>\n","protected":false},"excerpt":{"rendered":"<p>El pasado 3 de octubre, en el Sal\u00f3n de actos de la Delegaci\u00f3n Territorial de Educaci\u00f3n en Huelva se celebraron las Jornadas de Acogida de Auxiliares de Conversaci\u00f3n 2018\/2019 con la presencia de aproximadamente&#46;&#46;&#46;<\/p>\n","protected":false},"author":6025,"featured_media":0,"parent":0,"menu_order":0,"comment_status":"closed","ping_status":"closed","template":"","meta":{"ngg_post_thumbnail":0,"footnotes":"","_mc_calendar":[]},"aioseo_notices":[],"_links":{"self":[{"href":"https:\/\/blogsaverroes.juntadeandalucia.es\/plurilinguismodelegacionhuelva\/wp-json\/wp\/v2\/pages\/2784"}],"collection":[{"href":"https:\/\/blogsaverroes.juntadeandalucia.es\/plurilinguismodelegacionhuelva\/wp-json\/wp\/v2\/pages"}],"about":[{"href":"https:\/\/blogsaverroes.juntadeandalucia.es\/plurilinguismodelegacionhuelva\/wp-json\/wp\/v2\/types\/page"}],"author":[{"embeddable":true,"href":"https:\/\/blogsaverroes.juntadeandalucia.es\/plurilinguismodelegacionhuelva\/wp-json\/wp\/v2\/users\/6025"}],"replies":[{"embeddable":true,"href":"https:\/\/blogsaverroes.juntadeandalucia.es\/plurilinguismodelegacionhuelva\/wp-json\/wp\/v2\/comments?post=2784"}],"version-history":[{"count":5,"href":"https:\/\/blogsaverroes.juntadeandalucia.es\/plurilinguismodelegacionhuelva\/wp-json\/wp\/v2\/pages\/2784\/revisions"}],"predecessor-version":[{"id":2792,"href":"https:\/\/blogsaverroes.juntadeandalucia.es\/plurilinguismodelegacionhuelva\/wp-json\/wp\/v2\/pages\/2784\/revisions\/2792"}],"wp:attachment":[{"href":"https:\/\/blogsaverroes.juntadeandalucia.es\/plurilinguismodelegacionhuelva\/wp-json\/wp\/v2\/media?parent=2784"}],"curies":[{"name":"wp","href":"https:\/\/api.w.org\/{rel}","templated":true}]}}

Jornadas de Acogida de Auxiliares de Conversación 2018/2019

<p><a href="https://blogsaverroes.juntadeandalucia.es/plurilinguismodelegacionhuelva/files/2018/10/Jornadas-de-acogida.png"><img loading="lazy" decoding="async" class="alignleft wp-image-2787" src="https://blogsaverroes.juntadeandalucia.es/plurilinguismodelegacionhuelva/files/2018/10/Jornadas-de-acogida-1024x594.png" alt="" width="326" height="189" srcset="https://blogsaverroes.juntadeandalucia.es/plurilinguismodelegacionhuelva/files/2018/10/Jornadas-de-acogida-1024x594.png 1024w, https://blogsaverroes.juntadeandalucia.es/plurilinguismodelegacionhuelva/files/2018/10/Jornadas-de-acogida-300x174.png 300w, https://blogsaverroes.juntadeandalucia.es/plurilinguismodelegacionhuelva/files/2018/10/Jornadas-de-acogida-768x445.png 768w, https://blogsaverroes.juntadeandalucia.es/plurilinguismodelegacionhuelva/files/2018/10/Jornadas-de-acogida-700x406.png 700w, https://blogsaverroes.juntadeandalucia.es/plurilinguismodelegacionhuelva/files/2018/10/Jornadas-de-acogida-332x193.png 332w, https://blogsaverroes.juntadeandalucia.es/plurilinguismodelegacionhuelva/files/2018/10/Jornadas-de-acogida-24x14.png 24w, https://blogsaverroes.juntadeandalucia.es/plurilinguismodelegacionhuelva/files/2018/10/Jornadas-de-acogida-36x21.png 36w, https://blogsaverroes.juntadeandalucia.es/plurilinguismodelegacionhuelva/files/2018/10/Jornadas-de-acogida-48x28.png 48w, https://blogsaverroes.juntadeandalucia.es/plurilinguismodelegacionhuelva/files/2018/10/Jornadas-de-acogida.png 1295w" sizes="(max-width: 326px) 100vw, 326px" /></a>El pasado 3 de octubre, en el Salón de actos de la Delegación Territorial de Educación en Huelva se celebraron las Jornadas de Acogida de Auxiliares de Conversación 2018/2019 con la presencia de aproximadamente 105 auxiliares de conversación y los coordinadores y coordinadores de los centros educativos con enseñanza bilingüe.&nbsp;</p>
<p>El Delegado provincial de Educación en Huelva, Vicente Zarza abrió el acto, junto con la Jefa del Servicio de Ordenación Educativa, Mª Paz Martos y la Jefa del Servicio de Programas Educativos Internacionales de la Consejería de Educación, Mª Luisa Ochoa. El acto también contó en una primera parte con la participación del Jefe de la Oficina de Extranjería en Huelva, Raúl Barba, así como la inspectora de educación, Juana Muñoz.&nbsp;</p>
<p>En la primera parte se trataron temas relacionados con la gestión de documentación en la Oficina de Extranjería así como otros temas igualmente importantes, entre los que destaca el seguro médico del auxiliar y la auxiliar. La presentación de esta primera parte está disponible en <a href="https://blogsaverroes.juntadeandalucia.es/plurilinguismodelegacionhuelva/files/2018/10/Jornadas-Acogida-Aux_2018_19.pdf">este enlace</a>.&nbsp;</p>
<p>Durante la segunda parte, los auxiliares y las auxiliares tuvieron la oportunidad de escuchar la experiencia en primera persona de una auxiliar que permanece un segundo año en nuestra provincia. Escucharon además los consejos prácticos para la integración en el centro de la mano de dos coordinadores en enseñanza bilingüe con experiencia, Eusebio Anes y José Antonio Alcalde. Por último, la directora de la Escuela Oficial de Idiomas de Huelva, Maite Subías habló a los auxiliares y las auxiliares de integración cultural en nuestra comunidad.</p>
<p>Para ver la noticia de las jornadas en prensa,&nbsp; puede pinchar&nbsp;<a href="http://huelva24.com/not/117977/los-centros-bilingues-de-la-provincia-ya-cuentan-con-105-auxiliares-de-conversacion">aquí.</a></p>

<p>El pasado 3 de octubre, en el Salón de actos de la Delegación Territorial de Educación en Huelva se celebraron las Jornadas de Acogida de Auxiliares de Conversación 2018/2019 con la presencia de aproximadamente&#46;&#46;&#46;</p>
